{"id":225,"date":"2020-06-24T23:15:21","date_gmt":"2020-06-24T21:15:21","guid":{"rendered":"https:\/\/ikasougou.com\/adiasdressing\/?post_type=product&#038;p=225"},"modified":"2020-06-25T14:59:21","modified_gmt":"2020-06-25T12:59:21","slug":"robe-black-love-melange-crepe-coton-et-bogolan","status":"publish","type":"product","link":"https:\/\/ikasougou.com\/adiasdressing\/produit\/robe-black-love-melange-crepe-coton-et-bogolan\/","title":{"rendered":"Robe Black Love M\u00e9lange Cr\u00eape Coton et Bogolan"},"content":{"rendered":"<h1>Sublimez avec cette longue robe noir de la collection love en tissu cr\u00eape coton m\u00e9lang\u00e9 avec du bogolan tr\u00e8s confortable peut \u00eatre port\u00e9e partout (soir\u00e9e, boulot, restaurant..).<\/h1>\n<p><img loading=\"lazy\" decoding=\"async\" class=\"alignnone size-medium wp-image-226\" src=\"https:\/\/ikasougou.com\/adiasdressing\/wp-content\/uploads\/sites\/73\/2020\/06\/IMG_4076-286x400.jpg\" alt=\"\" width=\"286\" height=\"400\" srcset=\"https:\/\/ikasougou.com\/adiasdressing\/wp-content\/uploads\/sites\/73\/2020\/06\/IMG_4076-286x400.jpg 286w, https:\/\/ikasougou.com\/adiasdressing\/wp-content\/uploads\/sites\/73\/2020\/06\/IMG_4076-571x800.jpg 571w, https:\/\/ikasougou.com\/adiasdressing\/wp-content\/uploads\/sites\/73\/2020\/06\/IMG_4076-768x1075.jpg 768w, https:\/\/ikasougou.com\/adiasdressing\/wp-content\/uploads\/sites\/73\/2020\/06\/IMG_4076-510x714.jpg 510w, https:\/\/ikasougou.com\/adiasdressing\/wp-content\/uploads\/sites\/73\/2020\/06\/IMG_4076.jpg 1080w\" sizes=\"auto, (max-width: 286px) 100vw, 286px\" \/> <img loading=\"lazy\" decoding=\"async\" class=\"alignnone size-medium wp-image-227\" src=\"https:\/\/ikasougou.com\/adiasdressing\/wp-content\/uploads\/sites\/73\/2020\/06\/IMG_4085-286x400.jpg\" alt=\"\" width=\"286\" height=\"400\" srcset=\"https:\/\/ikasougou.com\/adiasdressing\/wp-content\/uploads\/sites\/73\/2020\/06\/IMG_4085-286x400.jpg 286w, https:\/\/ikasougou.com\/adiasdressing\/wp-content\/uploads\/sites\/73\/2020\/06\/IMG_4085-571x800.jpg 571w, https:\/\/ikasougou.com\/adiasdressing\/wp-content\/uploads\/sites\/73\/2020\/06\/IMG_4085-768x1075.jpg 768w, https:\/\/ikasougou.com\/adiasdressing\/wp-content\/uploads\/sites\/73\/2020\/06\/IMG_4085-510x714.jpg 510w, https:\/\/ikasougou.com\/adiasdressing\/wp-content\/uploads\/sites\/73\/2020\/06\/IMG_4085.jpg 1080w\" sizes=\"auto, (max-width: 286px) 100vw, 286px\" \/><\/p>\n<div style=\"display:flex; gap:10px;justify-content:center\" class=\"wps-pgfw-pdf-generate-icon__wrapper-frontend\">\n\t\t<a  href=\"https:\/\/ikasougou.com\/adiasdressing\/wp-json\/wp\/v2\/product\/225?action=genpdf&amp;id=225\" class=\"pgfw-single-pdf-download-button\" ><img src=\"https:\/\/ikasougou.com\/adiasdressing\/wp-content\/plugins\/pdf-generator-for-wp\/admin\/src\/images\/PDF_Tray.svg\" title=\"G\u00e9n\u00e9rer un PDF\" style=\"width:auto; height:45px;\"><\/a>\n\t\t<\/div>","protected":false},"excerpt":{"rendered":"<p>Sublimez avec cette longue robe noir de la collection love en tissu cr\u00eape coton m\u00e9lang\u00e9 avec du bogolan tr\u00e8s confortable peut \u00eatre port\u00e9e partout (soir\u00e9e, boulot, restaurant..).<\/p>\n","protected":false},"featured_media":260,"comment_status":"open","ping_status":"closed","template":"","meta":[],"product_brand":[],"product_cat":[27,17],"product_tag":[],"class_list":{"0":"post-225","1":"product","2":"type-product","3":"status-publish","4":"has-post-thumbnail","6":"product_cat-robe","7":"product_cat-vetements-femme","9":"first","10":"instock","11":"sale","12":"shipping-taxable","13":"purchasable","14":"product-type-simple"},"ams_default_variation_id":0,"ams_product_points_reward":[],"ams_product_discount_percentage":16.67,"ams_price_to_display":25000,"aioseo_notices":[],"ams_acf":[],"jetpack_sharing_enabled":true,"jetpack_likes_enabled":true,"_links":{"self":[{"href":"https:\/\/ikasougou.com\/adiasdressing\/wp-json\/wp\/v2\/product\/225","targetHints":{"allow":["GET"]}}],"collection":[{"href":"https:\/\/ikasougou.com\/adiasdressing\/wp-json\/wp\/v2\/product"}],"about":[{"href":"https:\/\/ikasougou.com\/adiasdressing\/wp-json\/wp\/v2\/types\/product"}],"replies":[{"embeddable":true,"href":"https:\/\/ikasougou.com\/adiasdressing\/wp-json\/wp\/v2\/comments?post=225"}],"wp:featuredmedia":[{"embeddable":true,"href":"https:\/\/ikasougou.com\/adiasdressing\/wp-json\/wp\/v2\/media\/260"}],"wp:attachment":[{"href":"https:\/\/ikasougou.com\/adiasdressing\/wp-json\/wp\/v2\/media?parent=225"}],"wp:term":[{"taxonomy":"product_brand","embeddable":true,"href":"https:\/\/ikasougou.com\/adiasdressing\/wp-json\/wp\/v2\/product_brand?post=225"},{"taxonomy":"product_cat","embeddable":true,"href":"https:\/\/ikasougou.com\/adiasdressing\/wp-json\/wp\/v2\/product_cat?post=225"},{"taxonomy":"product_tag","embeddable":true,"href":"https:\/\/ikasougou.com\/adiasdressing\/wp-json\/wp\/v2\/product_tag?post=225"}],"curies":[{"name":"wp","href":"https:\/\/api.w.org\/{rel}","templated":true}]}}