{"id":486,"date":"2019-01-18T10:54:07","date_gmt":"2019-01-18T09:54:07","guid":{"rendered":"https:\/\/ikasougou.com\/akamservices\/?post_type=product&#038;p=486"},"modified":"2019-01-18T10:59:50","modified_gmt":"2019-01-18T09:59:50","slug":"etui-en-cuir-pour-airpods","status":"publish","type":"product","link":"https:\/\/ikasougou.com\/akamservices\/produit\/etui-en-cuir-pour-airpods\/","title":{"rendered":"\u00c9tui en Cuir pour Airpods"},"content":{"rendered":"<p><b>Housse en cuir v\u00e9ritable Housse Perfect Fit avec Porte-cl\u00e9s pour Apple AirPods \u00e9couteurs<\/b><br \/>\n<b>Sp\u00e9cification:<\/b><br \/>\n&#8211;Martial: Premium en cuir v\u00e9ritable<br \/>\n&#8211; Taille: 7 * 48 * 34<br \/>\n&#8211;Poids: 43 avec emballage (N.W: 24g)<br \/>\n<b>Entretien:<\/b><br \/>\n.Pour \u00e9viter d&#8217;\u00eatre corrod\u00e9, veuillez garder vos articles en cuir \u00e0 l&#8217;abri de l&#8217;eau, de l&#8217;huile ou du vinaigre;<br \/>\n2.Veuillez nettoyer les articles en cuir avec un chiffon doux et propre si vous vous mouillez ou salez;<br \/>\n3.Please garder les articles en cuir \u00e0 l&#8217;abri de la haute temp\u00e9rature ou le soleil ardent de longue date, ou il enrouler acc\u00e9l\u00e9rer le vieillissement et r\u00e9sultant de la d\u00e9coloration, la peau cass\u00e9e.<br \/>\n4. Trop de gommage ou des objets pointus, tels que les cl\u00e9s, vont rayer les produits en cuir.<\/p>\n<div style=\"display:flex; gap:10px;justify-content:center\" class=\"wps-pgfw-pdf-generate-icon__wrapper-frontend\">\n\t\t<a  href=\"https:\/\/ikasougou.com\/akamservices\/wp-json\/wp\/v2\/product\/486?action=genpdf&amp;id=486\" class=\"pgfw-single-pdf-download-button\" ><img src=\"https:\/\/ikasougou.com\/akamservices\/wp-content\/plugins\/pdf-generator-for-wp\/admin\/src\/images\/PDF_Tray.svg\" title=\"G\u00e9n\u00e9rer un PDF\" style=\"width:auto; height:45px;\"><\/a>\n\t\t<\/div>","protected":false},"excerpt":{"rendered":"<p>Housse en cuir v\u00e9ritable Housse Perfect Fit avec Porte-cl\u00e9s pour Apple AirPods \u00e9couteurs Sp\u00e9cification: &#8211;Martial: Premium en cuir v\u00e9ritable &#8211; Taille: 7 * 48 * 34 &#8211;Poids: 43 avec emballage (N.W: 24g) Entretien: .Pour \u00e9viter d&#8217;\u00eatre corrod\u00e9, veuillez garder vos articles en cuir \u00e0 l&#8217;abri de l&#8217;eau, de l&#8217;huile ou du vinaigre; 2.Veuillez nettoyer les [&#8230;]\n","protected":false},"featured_media":487,"comment_status":"open","ping_status":"closed","template":"","meta":{"jetpack_post_was_ever_published":false,"jetpack_publicize_message":"","jetpack_publicize_feature_enabled":true,"jetpack_social_post_already_shared":true,"jetpack_social_options":{"image_generator_settings":{"template":"highway","default_image_id":0,"font":"","enabled":false},"version":2}},"product_brand":[],"product_cat":[28],"product_tag":[],"class_list":{"0":"post-486","1":"product","2":"type-product","3":"status-publish","4":"has-post-thumbnail","6":"product_cat-high-tech","8":"first","9":"instock","10":"shipping-taxable","11":"purchasable","12":"product-type-simple"},"ams_default_variation_id":0,"ams_product_points_reward":[],"ams_product_discount_percentage":0,"ams_price_to_display":10000,"aioseo_notices":[],"ams_acf":[],"jetpack_publicize_connections":[],"jetpack_sharing_enabled":true,"jetpack_likes_enabled":true,"_links":{"self":[{"href":"https:\/\/ikasougou.com\/akamservices\/wp-json\/wp\/v2\/product\/486","targetHints":{"allow":["GET"]}}],"collection":[{"href":"https:\/\/ikasougou.com\/akamservices\/wp-json\/wp\/v2\/product"}],"about":[{"href":"https:\/\/ikasougou.com\/akamservices\/wp-json\/wp\/v2\/types\/product"}],"replies":[{"embeddable":true,"href":"https:\/\/ikasougou.com\/akamservices\/wp-json\/wp\/v2\/comments?post=486"}],"wp:featuredmedia":[{"embeddable":true,"href":"https:\/\/ikasougou.com\/akamservices\/wp-json\/wp\/v2\/media\/487"}],"wp:attachment":[{"href":"https:\/\/ikasougou.com\/akamservices\/wp-json\/wp\/v2\/media?parent=486"}],"wp:term":[{"taxonomy":"product_brand","embeddable":true,"href":"https:\/\/ikasougou.com\/akamservices\/wp-json\/wp\/v2\/product_brand?post=486"},{"taxonomy":"product_cat","embeddable":true,"href":"https:\/\/ikasougou.com\/akamservices\/wp-json\/wp\/v2\/product_cat?post=486"},{"taxonomy":"product_tag","embeddable":true,"href":"https:\/\/ikasougou.com\/akamservices\/wp-json\/wp\/v2\/product_tag?post=486"}],"curies":[{"name":"wp","href":"https:\/\/api.w.org\/{rel}","templated":true}]}}