{"id":536,"date":"2019-02-06T22:07:35","date_gmt":"2019-02-06T21:07:35","guid":{"rendered":"https:\/\/ikasougou.com\/akamservices\/?post_type=product&#038;p=536"},"modified":"2019-02-06T22:07:40","modified_gmt":"2019-02-06T21:07:40","slug":"enceintes-portables-jbl-boombox","status":"publish","type":"product","link":"https:\/\/ikasougou.com\/akamservices\/produit\/enceintes-portables-jbl-boombox\/","title":{"rendered":"Enceintes portables JBL Boombox"},"content":{"rendered":"<div class=\"row specs\" aria-multiselectable=\"true\">\n<div class=\"col-sm-6 eachSpec\">\n<div id=\"heading-CaractristiquesGnrales\" class=\"heading\">\n<div class=\"col-xs-12 feature-leftcontentWithImg\" data-modulelayer=\"feature 1.0\">\n<div id=\"heading-DiffusionsansfilBluetoothhautequalit\" class=\"feature-heading col-xs-4 floated-left-content\"><span class=\"feature-icon\"> <img decoding=\"async\" class=\" lazyloaded\" src=\"https:\/\/fr.jbl.com\/on\/demandware.static\/-\/Sites-masterCatalog_Harman\/default\/dw95a849f6\/pdp\/Bluetooth_connectivity_70x70px_black.png\" data-src=\"\/on\/demandware.static\/-\/Sites-masterCatalog_Harman\/default\/dw95a849f6\/pdp\/Bluetooth_connectivity_70x70px_black.png\" \/> <\/span><\/p>\n<h4 class=\"feature-title\">Diffusion sans fil Bluetooth haute qualit\u00e9<\/h4>\n<p>Reliez jusqu&#8217;\u00e0 2\u00a0smartphones ou tablettes \u00e0 votre enceinte via une connexion sans fil et diffusez un son st\u00e9r\u00e9o impressionnant.<\/p>\n<div class=\"feature-dash\"><\/div>\n<\/div>\n<div id=\"DiffusionsansfilBluetoothhautequalit\" class=\"feature-description col-xs-8 floated-right-image\" aria-labelledby=\"heading-DiffusionsansfilBluetoothhautequalit\">\n<div class=\"feature-body \"><img class=\"img-responsive lazyloaded\" srcset=\"\/on\/demandware.static\/-\/Sites-masterCatalog_Harman\/default\/dwfa1c4c31\/pdp\/JBL_Boombox_Wireless-Bluetooth_Feature01.jpg 1024w, \/on\/demandware.static\/-\/Sites-masterCatalog_Harman\/default\/dwfa1c4c31\/pdp\/JBL_Boombox_Wireless-Bluetooth_Feature01.jpg 991w, data:image\/gif;base64,R0lGODlhAQABAIAAAAAAAP\/\/\/yH5BAEAAAAALAAAAAABAAEAAAIBRAA7 600w\" data-srcset=\"\/on\/demandware.static\/-\/Sites-masterCatalog_Harman\/default\/dwfa1c4c31\/pdp\/JBL_Boombox_Wireless-Bluetooth_Feature01.jpg 1024w, \/on\/demandware.static\/-\/Sites-masterCatalog_Harman\/default\/dwfa1c4c31\/pdp\/JBL_Boombox_Wireless-Bluetooth_Feature01.jpg 991w, data:image\/gif;base64,R0lGODlhAQABAIAAAAAAAP\/\/\/yH5BAEAAAAALAAAAAABAAEAAAIBRAA7 600w\" \/><\/div>\n<\/div>\n<\/div>\n<div class=\"col-xs-12 \" data-modulelayer=\"feature 2.0\">\n<div id=\"Batterierechargeablede20000mAhhautecapacit\" class=\"feature-description col-xs-8 floated-left-image\" aria-labelledby=\"heading-Batterierechargeablede20000mAhhautecapacit\">\n<div class=\"feature-body \"><img class=\"img-responsive lazyloaded\" srcset=\"\/on\/demandware.static\/-\/Sites-masterCatalog_Harman\/default\/dw2148b7f8\/pdp\/JBL_Boombox_Rechargeable_Feature02.jpg.jpg 1024w, \/on\/demandware.static\/-\/Sites-masterCatalog_Harman\/default\/dw2148b7f8\/pdp\/JBL_Boombox_Rechargeable_Feature02.jpg.jpg 991w, data:image\/gif;base64,R0lGODlhAQABAIAAAAAAAP\/\/\/yH5BAEAAAAALAAAAAABAAEAAAIBRAA7 600w\" data-srcset=\"\/on\/demandware.static\/-\/Sites-masterCatalog_Harman\/default\/dw2148b7f8\/pdp\/JBL_Boombox_Rechargeable_Feature02.jpg.jpg 1024w, \/on\/demandware.static\/-\/Sites-masterCatalog_Harman\/default\/dw2148b7f8\/pdp\/JBL_Boombox_Rechargeable_Feature02.jpg.jpg 991w, data:image\/gif;base64,R0lGODlhAQABAIAAAAAAAP\/\/\/yH5BAEAAAAALAAAAAABAAEAAAIBRAA7 600w\" \/><\/div>\n<\/div>\n<div id=\"heading-Batterierechargeablede20000mAhhautecapacit\" class=\"feature-heading col-xs-4 floated-right-content\"><span class=\"feature-icon\"> <img decoding=\"async\" class=\" lazyloaded\" src=\"https:\/\/fr.jbl.com\/on\/demandware.static\/-\/Sites-masterCatalog_Harman\/default\/dw089eadbb\/pdp\/JBL_Battery-Life_24-Icon.png\" data-src=\"\/on\/demandware.static\/-\/Sites-masterCatalog_Harman\/default\/dw089eadbb\/pdp\/JBL_Battery-Life_24-Icon.png\" \/> <\/span><\/p>\n<h4 class=\"feature-title\">Batterie rechargeable de 20\u00a0000\u00a0mAh \u00e0 haute capacit\u00e9<\/h4>\n<p>La batterie rechargeable Li-ion int\u00e9gr\u00e9e offre jusqu\u2019\u00e0 24\u00a0h d\u2019autonomie et peut recharger tablettes, smartphones ou autre appareil externe via deux ports USB.<\/p>\n<div class=\"feature-dash\"><\/div>\n<\/div>\n<\/div>\n<div class=\"col-xs-12 feature-leftcontentWithImg\" data-modulelayer=\"feature 3.0\" data-gtm-vis-first-on-screen-7462654_60=\"13502\" data-gtm-vis-total-visible-time-7462654_60=\"800\">\n<div id=\"heading-tanchitIPX7\" class=\"feature-heading col-xs-4 floated-left-content\"><span class=\"feature-icon\"> <img decoding=\"async\" class=\" lazyloaded\" src=\"https:\/\/fr.jbl.com\/on\/demandware.static\/-\/Sites-masterCatalog_Harman\/default\/dwd6ebcae4\/pdp\/IPX7-icon.png\" data-src=\"\/on\/demandware.static\/-\/Sites-masterCatalog_Harman\/default\/dwd6ebcae4\/pdp\/IPX7-icon.png\" \/> <\/span><\/p>\n<h4 class=\"feature-title\">\u00c9tanch\u00e9it\u00e9 IPX7<\/h4>\n<p>Emportez votre Boombox \u00e0 la plage ou \u00e0 la piscine sans craindre la pluie, les verres renvers\u00e9s ou les chutes dans l\u2019eau.<\/p>\n<div class=\"feature-dash\"><\/div>\n<\/div>\n<div id=\"tanchitIPX7\" class=\"feature-description col-xs-8 floated-right-image\" aria-labelledby=\"heading-tanchitIPX7\">\n<div class=\"feature-body \"><\/div>\n<\/div>\n<\/div>\n<div class=\"col-xs-12 hidden-xs\"><\/div>\n<div id=\"features_tab\" class=\"features-tab functionTab\" aria-labelledby=\"features-heading\">\n<div class=\"support-features row hidden-xs\">\n<div class=\"col-xs-12 hidden-xs\"><\/div>\n<\/div>\n<\/div>\n<div class=\"content-asset-pdp\" data-modulelayer=\"banner above video\"><\/div>\n<div id=\"videos_tab\" class=\"row functionTab\">\n<div class=\"col-xs-12 long-description-parent\">\n<div class=\"longDescriptionTitle col-lg-offset-1 col-sm-12 col-md-4 col-lg-3 col-md-offset-1\"><span class=\"FR_videoTitle\">Un son \u00e9pique. Tout au long de la journ\u00e9e.<\/span><\/div>\n<div class=\"long-description col-sm-12 col-md-5 col-lg-6 col-lg-offset-1  col-md-offset-1\">\n<p>Con\u00e7ue pour \u00eatre l\u2019enceinte Bluetooth portable la plus puissante qui existe, la Boombox\u00a0JBL\u00a0offre un son grandiose aux basses les plus percutantes. Profitez de 24\u00a0h de musique sans en perdre une note. Imaginez-vous profiter de vos sons pr\u00e9f\u00e9r\u00e9s d\u2019un lever de soleil \u00e0 l\u2019autre, en une seule recharge. Utilisez l\u2019incroyable batterie de 20\u00a0000\u00a0mAh et les deux ports USB pour recharger vos dispositifs externes \u00e0 tout moment, tout en continuant \u00e0 envoyer la musique. Suffisamment solide pour supporter vos soir\u00e9es les plus intenses, la Boombox JBL\u00a0est \u00e9galement \u00e9tanche, conform\u00e9ment \u00e0 la norme IPX7. Elle peut donc r\u00e9sister \u00e0 toutes les intemp\u00e9ries et m\u00eame aux Pool Parties les plus folles. Passez du mode int\u00e9rieur au mode ext\u00e9rieur pour optimiser le son en fonction du lieu o\u00f9 se d\u00e9roulent les festivit\u00e9s. De plus, si vous avez besoin d\u2019intensifier la musique encore davantage, vous pouvez connecter plus de 100\u00a0enceintes dot\u00e9es de la technologie Connect+ JBL dans la zone de port\u00e9e Bluetooth, d&#8217;un simple toucher de bouton.<\/p>\n<\/div>\n<\/div>\n<div id=\"video_containor_pdp\" class=\"col-xs-12\" data-modulelayer=\"video player\" data-gtm-vis-recent-on-screen-7462654_63=\"22066\" data-gtm-vis-first-on-screen-7462654_63=\"22066\" data-gtm-vis-total-visible-time-7462654_63=\"2000\" data-gtm-vis-has-fired-7462654_63=\"1\">\n<div id=\"thumbnails-video\" class=\"product-thumbnails col-sm-2 hidden-xs\">\n<h4 class=\"sr-only\">Autres vues<\/h4>\n<\/div>\n<\/div>\n<\/div>\n<div class=\"module-video-slides col-sm-9 col-sm-offset-1\">\n<div class=\"content pdp-video-container clearfix\"><\/div>\n<\/div>\n<div id=\"videos_tab\" class=\"row functionTab\">\n<div id=\"video_containor_pdp\" class=\"col-xs-12\" data-modulelayer=\"video player\" data-gtm-vis-recent-on-screen-7462654_63=\"22066\" data-gtm-vis-first-on-screen-7462654_63=\"22066\" data-gtm-vis-total-visible-time-7462654_63=\"2000\" data-gtm-vis-has-fired-7462654_63=\"1\">\n<div class=\"module-video-slides col-sm-9 col-sm-offset-1\">\n<div class=\"content pdp-video-container clearfix\"><\/div>\n<\/div>\n<\/div>\n<\/div>\n<div class=\"content-asset-pdp\" data-modulelayer=\"banner below video\"><\/div>\n<h4 class=\"title\">Caract\u00e9ristiques G\u00e9n\u00e9rales<\/h4>\n<\/div>\n<div id=\"CaractristiquesGnrales\" class=\"\" aria-labelledby=\"heading-CaractristiquesGnrales\">\n<div class=\"body\">\n<div class=\"row eachLineItem\"><span class=\"col-xs-6\">Puissance (W)<\/span> <span class=\"col-xs-5 col-xs-offset-1 rightAlignedItem\">2 x 30<\/span><\/div>\n<div class=\"row eachLineItem\"><span class=\"col-xs-6\">Autonomie (hrs)<\/span> <span class=\"col-xs-5 col-xs-offset-1 rightAlignedItem\">24<\/span><\/div>\n<\/div>\n<\/div>\n<\/div>\n<div class=\"col-sm-6 eachSpec\">\n<div id=\"heading-Dimensions\" class=\"heading\">\n<h4 class=\"title\">Dimensions<\/h4>\n<\/div>\n<div id=\"Dimensions\" class=\"\" aria-labelledby=\"heading-Dimensions\">\n<div class=\"body\">\n<div class=\"row eachLineItem\"><span class=\"col-xs-6\">Dimensions (inch)<\/span> <span class=\"col-xs-5 col-xs-offset-1 rightAlignedItem\">10.01 x 19.48 x 7.69<\/span><\/div>\n<div class=\"row eachLineItem\"><span class=\"col-xs-6\">Dimensions (cm)<\/span> <span class=\"col-xs-5 col-xs-offset-1 rightAlignedItem\">25.45 x 49.5 x 19.55<\/span><\/div>\n<div class=\"row eachLineItem\"><span class=\"col-xs-6\">Poids (kg)<\/span> <span class=\"col-xs-5 col-xs-offset-1 rightAlignedItem\">5.25<\/span><\/div>\n<div class=\"row eachLineItem\"><span class=\"col-xs-6\">Poids (lbs)<\/span> <span class=\"col-xs-5 col-xs-offset-1 rightAlignedItem\">11.57<\/span><\/div>\n<\/div>\n<\/div>\n<\/div>\n<div class=\"col-sm-6 eachSpec\">\n<div id=\"heading-ControlandConnectionSpecifications\" class=\"heading\">\n<h4 class=\"title\">Control and Connection Specifications<\/h4>\n<\/div>\n<div id=\"ControlandConnectionSpecifications\" class=\"\" aria-labelledby=\"heading-ControlandConnectionSpecifications\">\n<div class=\"body\">\n<div class=\"row eachLineItem\"><span class=\"col-xs-6\">Version Bluetooth<\/span> <span class=\"col-xs-5 col-xs-offset-1 rightAlignedItem\">4.2<\/span><\/div>\n<\/div>\n<\/div>\n<\/div>\n<div class=\"col-sm-6 eachSpec\">\n<div id=\"heading-Battery\" class=\"heading\">\n<h4 class=\"title\">Battery<\/h4>\n<\/div>\n<div id=\"Battery\" class=\"\" aria-labelledby=\"heading-Battery\">\n<div class=\"body\">\n<div class=\"row eachLineItem\"><span class=\"col-xs-6\">Capacit\u00e9 de la Batterie (mAh)<\/span> <span class=\"col-xs-5 col-xs-offset-1 rightAlignedItem\">20,000<\/span><\/div>\n<div class=\"row eachLineItem\"><span class=\"col-xs-6\">Temps de Charge (hrs)<\/span> <span class=\"col-xs-5 col-xs-offset-1 rightAlignedItem\">6.5<\/span><\/div>\n<\/div>\n<\/div>\n<\/div>\n<div class=\"col-sm-6 eachSpec\">\n<div id=\"heading-Features\" class=\"heading\">\n<h4 class=\"title\">Features<\/h4>\n<\/div>\n<div id=\"Features\" class=\"\" aria-labelledby=\"heading-Features\">\n<div class=\"body\">\n<div class=\"row eachLineItem\"><span class=\"col-xs-6\">\u00c9tanche<\/span> <span class=\"col-xs-5 col-xs-offset-1 rightAlignedItem\">Oui<\/span><\/div>\n<div class=\"row eachLineItem\"><span class=\"col-xs-6\">Powerbank<\/span> <span class=\"col-xs-5 col-xs-offset-1 rightAlignedItem\">Oui<\/span><\/div>\n<div class=\"row eachLineItem\"><span class=\"col-xs-6\">Assistant vocal<\/span> <span class=\"col-xs-5 col-xs-offset-1 rightAlignedItem\">Oui<\/span><\/div>\n<div class=\"row eachLineItem\"><span class=\"col-xs-6\">JBL Connect+<\/span> <span class=\"col-xs-5 col-xs-offset-1 rightAlignedItem\">Oui<\/span><\/div>\n<div class=\"row eachLineItem\"><span class=\"col-xs-6\">Kit mains-libres<\/span> <span class=\"col-xs-5 col-xs-offset-1 rightAlignedItem\">Oui<\/span><\/div>\n<div class=\"row eachLineItem\"><span class=\"col-xs-6\">Bluetooth<\/span> <span class=\"col-xs-5 col-xs-offset-1 rightAlignedItem\">Oui<\/span><\/div>\n<div class=\"row eachLineItem\"><span class=\"col-xs-6\">Entr\u00e9e jack 3,5mm<\/span> <span class=\"col-xs-5 col-xs-offset-1 rightAlignedItem\">Oui<\/span><\/div>\n<div class=\"row eachLineItem\"><span class=\"col-xs-6\">Arr\u00eat automatique<\/span> <span class=\"col-xs-5 col-xs-offset-1 rightAlignedItem\">Oui<\/span><\/div>\n<\/div>\n<\/div>\n<\/div>\n<\/div>\n<div style=\"display:flex; gap:10px;justify-content:center\" class=\"wps-pgfw-pdf-generate-icon__wrapper-frontend\">\n\t\t<a  href=\"https:\/\/ikasougou.com\/akamservices\/wp-json\/wp\/v2\/product\/536?action=genpdf&amp;id=536\" class=\"pgfw-single-pdf-download-button\" ><img src=\"https:\/\/ikasougou.com\/akamservices\/wp-content\/plugins\/pdf-generator-for-wp\/admin\/src\/images\/PDF_Tray.svg\" title=\"G\u00e9n\u00e9rer un PDF\" style=\"width:auto; height:45px;\"><\/a>\n\t\t<\/div>","protected":false},"excerpt":{"rendered":"<p>Diffusion sans fil Bluetooth haute qualit\u00e9 Reliez jusqu&#8217;\u00e0 2\u00a0smartphones ou tablettes \u00e0 votre enceinte via une connexion sans fil et diffusez un son st\u00e9r\u00e9o impressionnant. Batterie rechargeable de 20\u00a0000\u00a0mAh \u00e0 haute capacit\u00e9 La batterie rechargeable Li-ion int\u00e9gr\u00e9e offre jusqu\u2019\u00e0 24\u00a0h d\u2019autonomie et peut recharger tablettes, smartphones ou autre appareil externe via deux ports USB. \u00c9tanch\u00e9it\u00e9 [&#8230;]\n","protected":false},"featured_media":537,"comment_status":"open","ping_status":"closed","template":"","meta":{"jetpack_post_was_ever_published":false,"jetpack_publicize_message":"","jetpack_publicize_feature_enabled":true,"jetpack_social_post_already_shared":true,"jetpack_social_options":{"image_generator_settings":{"template":"highway","default_image_id":0,"font":"","enabled":false},"version":2}},"product_brand":[],"product_cat":[18,19],"product_tag":[],"class_list":{"0":"post-536","1":"product","2":"type-product","3":"status-publish","4":"has-post-thumbnail","6":"product_cat-hightech","7":"product_cat-multimedia-audio-videos","9":"first","10":"instock","11":"shipping-taxable","12":"purchasable","13":"product-type-simple"},"ams_default_variation_id":0,"ams_product_points_reward":[],"ams_product_discount_percentage":0,"ams_price_to_display":350000,"aioseo_notices":[],"ams_acf":[],"jetpack_publicize_connections":[],"jetpack_sharing_enabled":true,"jetpack_likes_enabled":true,"_links":{"self":[{"href":"https:\/\/ikasougou.com\/akamservices\/wp-json\/wp\/v2\/product\/536","targetHints":{"allow":["GET"]}}],"collection":[{"href":"https:\/\/ikasougou.com\/akamservices\/wp-json\/wp\/v2\/product"}],"about":[{"href":"https:\/\/ikasougou.com\/akamservices\/wp-json\/wp\/v2\/types\/product"}],"replies":[{"embeddable":true,"href":"https:\/\/ikasougou.com\/akamservices\/wp-json\/wp\/v2\/comments?post=536"}],"wp:featuredmedia":[{"embeddable":true,"href":"https:\/\/ikasougou.com\/akamservices\/wp-json\/wp\/v2\/media\/537"}],"wp:attachment":[{"href":"https:\/\/ikasougou.com\/akamservices\/wp-json\/wp\/v2\/media?parent=536"}],"wp:term":[{"taxonomy":"product_brand","embeddable":true,"href":"https:\/\/ikasougou.com\/akamservices\/wp-json\/wp\/v2\/product_brand?post=536"},{"taxonomy":"product_cat","embeddable":true,"href":"https:\/\/ikasougou.com\/akamservices\/wp-json\/wp\/v2\/product_cat?post=536"},{"taxonomy":"product_tag","embeddable":true,"href":"https:\/\/ikasougou.com\/akamservices\/wp-json\/wp\/v2\/product_tag?post=536"}],"curies":[{"name":"wp","href":"https:\/\/api.w.org\/{rel}","templated":true}]}}