{"id":6208,"date":"2020-08-06T23:22:28","date_gmt":"2020-08-06T21:22:28","guid":{"rendered":"https:\/\/ikasougou.com\/akamservices\/?post_type=product&#038;p=6208"},"modified":"2020-08-06T23:33:48","modified_gmt":"2020-08-06T21:33:48","slug":"jbl-flip-5","status":"publish","type":"product","link":"https:\/\/ikasougou.com\/akamservices\/produit\/jbl-flip-5\/","title":{"rendered":"JBL FLIP 5"},"content":{"rendered":"<div class=\"col-xs-12 feature-leftcontentWithImg\" data-modulelayer=\"feature 1.0\" data-gtm-vis-first-on-screen-7462654_60=\"8923\" data-gtm-vis-total-visible-time-7462654_60=\"1700\" data-gtm-vis-has-fired-7462654_60=\"1\">\n<div id=\"heading-Unsonpurmeilleurquejamais\" class=\"feature-heading col-xs-4 floated-left-content\">\n<p><span class=\"feature-icon\"> <img decoding=\"async\" class=\" lazyloaded\" src=\"https:\/\/fr.jbl.com\/on\/demandware.static\/-\/Sites-masterCatalog_Harman\/default\/dw3874325c\/pdp\/icon_JBL_Signature_Sound.png\" alt=\"feature Unsonpurmeilleurquejamais\" data-src=\"\/on\/demandware.static\/-\/Sites-masterCatalog_Harman\/default\/dw3874325c\/pdp\/icon_JBL_Signature_Sound.png\" \/><\/span>Un son pur, meilleur que jamaisRessens le son. Le tout nouveau haut-parleur en forme de piste de course du Flip 5 offre des performances in\u00e9gal\u00e9es. Appr\u00e9cie ses basses ultimes, dans un ensemble compact.<\/p>\n<p><img loading=\"lazy\" decoding=\"async\" class=\"alignnone size-full wp-image-6209\" src=\"https:\/\/ikasougou.com\/akamservices\/wp-content\/uploads\/sites\/30\/2020\/08\/Capture.jpg\" alt=\"\" width=\"484\" height=\"343\" \/><\/p>\n<div class=\"feature-dash\"><\/div>\n<\/div>\n<\/div>\n<div class=\"col-xs-12 \" data-modulelayer=\"feature 2.0\">\n<div id=\"12heuresdautonomie\" class=\"feature-description col-xs-8 floated-left-image\">\n<div class=\"feature-body \"><\/div>\n<\/div>\n<div id=\"heading-12heuresdautonomie\" class=\"feature-heading col-xs-4 floated-right-content\">\n<p><span class=\"feature-icon\"> <img decoding=\"async\" class=\" lazyloaded\" src=\"https:\/\/fr.jbl.com\/on\/demandware.static\/-\/Sites-masterCatalog_Harman\/default\/dw7ca58520\/pdp\/icon_JBL_Battery_Life_12H.png\" alt=\"12 heures d\u2019autonomie\" data-src=\"\/on\/demandware.static\/-\/Sites-masterCatalog_Harman\/default\/dw7ca58520\/pdp\/icon_JBL_Battery_Life_12H.png\" \/><\/span>12 heures d\u2019autonomieNe te pr\u00e9occupe plus des d\u00e9tails, comme le temps de charge par exemple. L&#8217;enceinte Flip 5 t&#8217;offre plus de 12\u00a0heures de lecture non-stop. Fais durer le plaisir plus longtemps et plus fort, gr\u00e2ce au son unique de JBL.<\/p>\n<p><img loading=\"lazy\" decoding=\"async\" class=\"alignnone size-medium wp-image-6210\" src=\"https:\/\/ikasougou.com\/akamservices\/wp-content\/uploads\/sites\/30\/2020\/08\/JBL-FLIP5.jpg\" alt=\"\" width=\"564\" height=\"329\" srcset=\"https:\/\/ikasougou.com\/akamservices\/wp-content\/uploads\/sites\/30\/2020\/08\/JBL-FLIP5.jpg 564w, https:\/\/ikasougou.com\/akamservices\/wp-content\/uploads\/sites\/30\/2020\/08\/JBL-FLIP5-510x298.jpg 510w\" sizes=\"auto, (max-width: 564px) 100vw, 564px\" \/><\/p>\n<\/div>\n<\/div>\n<div class=\"col-xs-12 feature-leftcontentWithImg\" data-modulelayer=\"feature 3.0\" data-gtm-vis-first-on-screen-7462654_60=\"10133\" data-gtm-vis-total-visible-time-7462654_60=\"2000\" data-gtm-vis-recent-on-screen-7462654_60=\"23608\" data-gtm-vis-has-fired-7462654_60=\"1\">\n<div id=\"heading-NaiepaspeurdeleauavecsontanchitIPX7\" class=\"feature-heading col-xs-4 floated-left-content\">\n<p><span class=\"feature-icon\"> <img decoding=\"async\" class=\" lazyloaded\" src=\"https:\/\/fr.jbl.com\/on\/demandware.static\/-\/Sites-masterCatalog_Harman\/default\/dw09176c84\/pdp\/IPX7-icon.png\" alt=\"feature NaiepaspeurdeleauavecsontanchitIPX7\" data-src=\"\/on\/demandware.static\/-\/Sites-masterCatalog_Harman\/default\/dw09176c84\/pdp\/IPX7-icon.png\" \/><\/span>N&#8217;aie pas peur de l&#8217;eau avec son \u00e9tanch\u00e9it\u00e9 IPX7Am\u00e8ne ton enceinte n&#8217;importe o\u00f9. Une f\u00eate \u00e0 la piscine ? Sans probl\u00e8me. Une averse impr\u00e9vue ? Tu es couvert. Une f\u00eate sur la plage ? Gr\u00e2ce \u00e0 son rev\u00eatement IPX7, la Flip 5 est imperm\u00e9able et \u00e9tanche jusqu&#8217;\u00e0 un m\u00e8tre de profondeur, pour un plaisir sans contrainte en ext\u00e9rieur.<\/p>\n<div class=\"feature-dash\"><\/div>\n<\/div>\n<div id=\"NaiepaspeurdeleauavecsontanchitIPX7\" class=\"feature-description col-xs-8 floated-right-image\">\n<div class=\"feature-body \"><\/div>\n<\/div>\n<\/div>\n<div class=\"col-xs-12 hidden-xs\">\n<div class=\"feature-dash\"><img loading=\"lazy\" decoding=\"async\" class=\"alignnone size-medium wp-image-6211\" src=\"https:\/\/ikasougou.com\/akamservices\/wp-content\/uploads\/sites\/30\/2020\/08\/JBL-FLIP501.jpg\" alt=\"\" width=\"484\" height=\"356\" \/><\/div>\n<\/div>\n<div id=\"features_tab\" class=\"features-tab functionTab\">\n<div class=\"support-features row hidden-xs\"><\/div>\n<\/div>\n<div class=\"content-asset-pdp\" data-modulelayer=\"banner above video\"><\/div>\n<div id=\"videos_tab\" class=\"row functionTab\">\n<div class=\"col-xs-12 long-description-parent\">\n<div class=\"longDescriptionTitle col-lg-offset-1 col-sm-12 col-md-4 col-lg-3 col-md-offset-1\">\n<h3 class=\"FR_videoTitle\">Un son audacieux pour chaque aventure<\/h3>\n<\/div>\n<div class=\"long-description col-sm-12 col-md-5 col-lg-6 col-lg-offset-1 col-md-offset-1\">\n<p>Emportez vos sons pr\u00e9f\u00e9r\u00e9s partout avec vous gr\u00e2ce \u00e0 la Flip 5 JBL. Notre enceinte Bluetooth compacte vous accompagnera partout. Le beau temps n&#8217;est pas au rendez-vous\u00a0? Ne vous inqui\u00e9tez pas. Gr\u00e2ce \u00e0 sa conception \u00e9tanche, vous pourrez profiter de notre son signature quelle que soit la m\u00e9t\u00e9o. Ne vous arr\u00eatez pas de danser\u00a0! Appairez deux enceintes JBL compatibles avec le mode PartyBoost pour obtenir un son st\u00e9r\u00e9o ou connectez plusieurs enceintes JBL compatibles pour d&#8217;encore plus grosses soir\u00e9es. Profitez de plus de 12\u00a0heures d&#8217;autonomie pour \u00e9couter vos morceaux favoris. L&#8217;enceinte tient en position verticale ou horizontale et est disponible en 11 couleurs vives.<\/p>\n<\/div>\n<\/div>\n<div id=\"video_containor_pdp\" class=\"col-xs-12\" data-modulelayer=\"video player\" data-gtm-vis-first-on-screen-7462654_63=\"26734\" data-gtm-vis-total-visible-time-7462654_63=\"2000\" data-gtm-vis-recent-on-screen-7462654_63=\"65415\" data-gtm-vis-has-fired-7462654_63=\"1\">\n<div id=\"thumbnails-video\" class=\"product-thumbnails col-sm-2 hidden-xs\">\n<h4 class=\"sr-only\"><img loading=\"lazy\" decoding=\"async\" class=\"alignnone size-medium wp-image-6212\" src=\"https:\/\/ikasougou.com\/akamservices\/wp-content\/uploads\/sites\/30\/2020\/08\/BLANC-179x400.jpg\" alt=\"\" width=\"179\" height=\"400\" srcset=\"https:\/\/ikasougou.com\/akamservices\/wp-content\/uploads\/sites\/30\/2020\/08\/BLANC-179x400.jpg 179w, https:\/\/ikasougou.com\/akamservices\/wp-content\/uploads\/sites\/30\/2020\/08\/BLANC.jpg 221w\" sizes=\"auto, (max-width: 179px) 100vw, 179px\" \/><\/h4>\n<div class=\"row specs\" aria-multiselectable=\"true\">\n<div class=\"col-sm-6 eachSpec\">\n<div id=\"heading-CaractristiquesGnrales\" class=\"heading\">\n<h4 class=\"title\">Caract\u00e9ristiques G\u00e9n\u00e9rales<\/h4>\n<\/div>\n<div id=\"CaractristiquesGnrales\" class=\"\">\n<div class=\"body\">\n<div class=\"row eachLineItem\"><span class=\"col-xs-6\">Autonomie (hrs)<\/span> <span class=\"col-xs-5 col-xs-offset-1 rightAlignedItem\">12<\/span><\/div>\n<div class=\"row eachLineItem\"><span class=\"col-xs-6\">Puissance (W)<\/span> <span class=\"col-xs-5 col-xs-offset-1 rightAlignedItem\">20W RMS<\/span><\/div>\n<\/div>\n<\/div>\n<\/div>\n<div class=\"col-sm-6 eachSpec\">\n<div id=\"heading-Dimensions\" class=\"heading\">\n<h4 class=\"title\">Dimensions<\/h4>\n<\/div>\n<div id=\"Dimensions\" class=\"\">\n<div class=\"body\">\n<div class=\"row eachLineItem\"><span class=\"col-xs-6\">Dimensions (cm)<\/span> <span class=\"col-xs-5 col-xs-offset-1 rightAlignedItem\">18.1 x 6.9 x 7.4<\/span><\/div>\n<div class=\"row eachLineItem\"><span class=\"col-xs-6\">Dimensions (inch)<\/span> <span class=\"col-xs-5 col-xs-offset-1 rightAlignedItem\">7.1 x 2.7 x 2.9<\/span><\/div>\n<div class=\"row eachLineItem\"><span class=\"col-xs-6\">Poids (kg)<\/span> <span class=\"col-xs-5 col-xs-offset-1 rightAlignedItem\">0.54<\/span><\/div>\n<div class=\"row eachLineItem\"><span class=\"col-xs-6\">Poids (lbs)<\/span> <span class=\"col-xs-5 col-xs-offset-1 rightAlignedItem\">1.19<\/span><\/p>\n<h4 class=\"sr-only\"><img loading=\"lazy\" decoding=\"async\" class=\"alignnone size-medium wp-image-6213\" src=\"https:\/\/ikasougou.com\/akamservices\/wp-content\/uploads\/sites\/30\/2020\/08\/GRIS-176x400.jpg\" alt=\"\" width=\"176\" height=\"400\" srcset=\"https:\/\/ikasougou.com\/akamservices\/wp-content\/uploads\/sites\/30\/2020\/08\/GRIS-176x400.jpg 176w, https:\/\/ikasougou.com\/akamservices\/wp-content\/uploads\/sites\/30\/2020\/08\/GRIS.jpg 212w\" sizes=\"auto, (max-width: 176px) 100vw, 176px\" \/><\/h4>\n<\/div>\n<\/div>\n<\/div>\n<\/div>\n<div class=\"col-sm-6 eachSpec\">\n<div id=\"heading-CaractristiquesdeConnexionetCommandes\" class=\"heading\">\n<h4 class=\"title\">Caract\u00e9ristiques de Connexion et Commandes<\/h4>\n<\/div>\n<div id=\"CaractristiquesdeConnexionetCommandes\" class=\"\">\n<div class=\"body\">\n<div class=\"row eachLineItem\"><span class=\"col-xs-6\">Version Bluetooth<\/span> <span class=\"col-xs-5 col-xs-offset-1 rightAlignedItem\">4.2<\/span><\/div>\n<\/div>\n<\/div>\n<\/div>\n<div class=\"col-sm-6 eachSpec\">\n<div id=\"heading-Batterie\" class=\"heading\">\n<h4 class=\"title\">Batterie<\/h4>\n<\/div>\n<div id=\"Batterie\" class=\"\">\n<div class=\"body\">\n<div class=\"row eachLineItem\"><span class=\"col-xs-6\">Capacit\u00e9 de la Batterie (mAh)<\/span> <span class=\"col-xs-5 col-xs-offset-1 rightAlignedItem\">4,800<\/span><\/div>\n<div class=\"row eachLineItem\"><span class=\"col-xs-6\">Temps de Charge (hrs)<\/span> <span class=\"col-xs-5 col-xs-offset-1 rightAlignedItem\">2.5<\/span><\/div>\n<div>\n<h4 class=\"sr-only\"><img loading=\"lazy\" decoding=\"async\" class=\"alignnone size-medium wp-image-6214\" src=\"https:\/\/ikasougou.com\/akamservices\/wp-content\/uploads\/sites\/30\/2020\/08\/JAUNE-203x400.jpg\" alt=\"\" width=\"203\" height=\"400\" srcset=\"https:\/\/ikasougou.com\/akamservices\/wp-content\/uploads\/sites\/30\/2020\/08\/JAUNE-203x400.jpg 203w, https:\/\/ikasougou.com\/akamservices\/wp-content\/uploads\/sites\/30\/2020\/08\/JAUNE.jpg 249w\" sizes=\"auto, (max-width: 203px) 100vw, 203px\" \/><\/h4>\n<\/div>\n<\/div>\n<\/div>\n<\/div>\n<div class=\"col-sm-6 eachSpec\">\n<div id=\"heading-Fonctionnalits\" class=\"heading\">\n<h4 class=\"title\">Fonctionnalit\u00e9s<\/h4>\n<\/div>\n<div id=\"Fonctionnalits\" class=\"\">\n<div class=\"body\">\n<div class=\"row eachLineItem\"><span class=\"col-xs-6\">Entr\u00e9e jack 3,5mm<\/span> <span class=\"col-xs-5 col-xs-offset-1 rightAlignedItem\">Non<\/span><\/div>\n<div class=\"row eachLineItem\"><span class=\"col-xs-6\">Arr\u00eat automatique<\/span> <span class=\"col-xs-5 col-xs-offset-1 rightAlignedItem\">Oui<\/span><\/div>\n<div class=\"row eachLineItem\"><span class=\"col-xs-6\">Bluetooth<\/span> <span class=\"col-xs-5 col-xs-offset-1 rightAlignedItem\">Oui<\/span><\/div>\n<div class=\"row eachLineItem\"><span class=\"col-xs-6\">Kit mains-libres<\/span> <span class=\"col-xs-5 col-xs-offset-1 rightAlignedItem\">Non<\/span><\/div>\n<div class=\"row eachLineItem\"><span class=\"col-xs-6\">Assistant vocal<\/span> <span class=\"col-xs-5 col-xs-offset-1 rightAlignedItem\">Non<\/span><\/div>\n<div class=\"row eachLineItem\"><span class=\"col-xs-6\">\u00c9tanche<\/span> <span class=\"col-xs-5 col-xs-offset-1 rightAlignedItem\">Oui<\/span><\/div>\n<\/div>\n<\/div>\n<\/div>\n<\/div>\n<h4 class=\"sr-only\"><img loading=\"lazy\" decoding=\"async\" class=\"alignnone size-medium wp-image-6215\" src=\"https:\/\/ikasougou.com\/akamservices\/wp-content\/uploads\/sites\/30\/2020\/08\/JBL-FLIP504.jpg\" alt=\"\" width=\"731\" height=\"399\" srcset=\"https:\/\/ikasougou.com\/akamservices\/wp-content\/uploads\/sites\/30\/2020\/08\/JBL-FLIP504.jpg 731w, https:\/\/ikasougou.com\/akamservices\/wp-content\/uploads\/sites\/30\/2020\/08\/JBL-FLIP504-510x278.jpg 510w\" sizes=\"auto, (max-width: 731px) 100vw, 731px\" \/><\/h4>\n<div class=\"col-sm-4\">\n<ul class=\"bullet whatsInBox\">\n<li>1 x JBL Flip 5<\/li>\n<li>1 x Type C USB cable<\/li>\n<li>1 x Quick Start Guide<\/li>\n<li>1 x Warranty Card<\/li>\n<li>1 x Safety Sheet<\/li>\n<\/ul>\n<\/div>\n<h4 class=\"sr-only\"><img loading=\"lazy\" decoding=\"async\" class=\"alignnone size-medium wp-image-6217\" src=\"https:\/\/ikasougou.com\/akamservices\/wp-content\/uploads\/sites\/30\/2020\/08\/JBL-FLIP507-376x400.jpg\" alt=\"\" width=\"376\" height=\"400\" srcset=\"https:\/\/ikasougou.com\/akamservices\/wp-content\/uploads\/sites\/30\/2020\/08\/JBL-FLIP507-376x400.jpg 376w, https:\/\/ikasougou.com\/akamservices\/wp-content\/uploads\/sites\/30\/2020\/08\/JBL-FLIP507-510x543.jpg 510w, https:\/\/ikasougou.com\/akamservices\/wp-content\/uploads\/sites\/30\/2020\/08\/JBL-FLIP507.jpg 583w\" sizes=\"auto, (max-width: 376px) 100vw, 376px\" \/> <img loading=\"lazy\" decoding=\"async\" class=\"alignnone size-medium wp-image-6218\" src=\"https:\/\/ikasougou.com\/akamservices\/wp-content\/uploads\/sites\/30\/2020\/08\/KAKI-189x400.jpg\" alt=\"\" width=\"189\" height=\"400\" srcset=\"https:\/\/ikasougou.com\/akamservices\/wp-content\/uploads\/sites\/30\/2020\/08\/KAKI-189x400.jpg 189w, https:\/\/ikasougou.com\/akamservices\/wp-content\/uploads\/sites\/30\/2020\/08\/KAKI.jpg 231w\" sizes=\"auto, (max-width: 189px) 100vw, 189px\" \/> <img loading=\"lazy\" decoding=\"async\" class=\"alignnone size-medium wp-image-6219\" src=\"https:\/\/ikasougou.com\/akamservices\/wp-content\/uploads\/sites\/30\/2020\/08\/SOLDAT-192x400.jpg\" alt=\"\" width=\"192\" height=\"400\" srcset=\"https:\/\/ikasougou.com\/akamservices\/wp-content\/uploads\/sites\/30\/2020\/08\/SOLDAT-192x400.jpg 192w, https:\/\/ikasougou.com\/akamservices\/wp-content\/uploads\/sites\/30\/2020\/08\/SOLDAT.jpg 259w\" sizes=\"auto, (max-width: 192px) 100vw, 192px\" \/><\/h4>\n<\/div>\n<\/div>\n<\/div>\n<div class=\"module-video-slides col-sm-9 col-sm-offset-1\">\n<div class=\"content pdp-video-container clearfix\"><\/div>\n<\/div>\n<div id=\"video_containor_pdp\" class=\"col-xs-12\" data-modulelayer=\"video player\" data-gtm-vis-first-on-screen-7462654_63=\"26734\" data-gtm-vis-total-visible-time-7462654_63=\"2000\" data-gtm-vis-recent-on-screen-7462654_63=\"65415\" data-gtm-vis-has-fired-7462654_63=\"1\">\n<div class=\"module-video-slides col-sm-9 col-sm-offset-1\">\n<div class=\"content pdp-video-container clearfix\"><\/div>\n<\/div>\n<\/div>\n<div style=\"display:flex; gap:10px;justify-content:center\" class=\"wps-pgfw-pdf-generate-icon__wrapper-frontend\">\n\t\t<a  href=\"https:\/\/ikasougou.com\/akamservices\/wp-json\/wp\/v2\/product\/6208?action=genpdf&amp;id=6208\" class=\"pgfw-single-pdf-download-button\" ><img src=\"https:\/\/ikasougou.com\/akamservices\/wp-content\/plugins\/pdf-generator-for-wp\/admin\/src\/images\/PDF_Tray.svg\" title=\"G\u00e9n\u00e9rer un PDF\" style=\"width:auto; height:45px;\"><\/a>\n\t\t<\/div>","protected":false},"excerpt":{"rendered":"<p>https:\/\/youtu.be\/FnuRbfRGZ0Q<\/p>\n","protected":false},"featured_media":6222,"comment_status":"open","ping_status":"closed","template":"","meta":{"jetpack_post_was_ever_published":false,"jetpack_publicize_message":"","jetpack_publicize_feature_enabled":true,"jetpack_social_post_already_shared":true,"jetpack_social_options":{"image_generator_settings":{"template":"highway","default_image_id":0,"font":"","enabled":false},"version":2}},"product_brand":[],"product_cat":[18,19],"product_tag":[40],"class_list":{"0":"post-6208","1":"product","2":"type-product","3":"status-publish","4":"has-post-thumbnail","6":"product_cat-hightech","7":"product_cat-multimedia-audio-videos","8":"product_tag-jbl-flip-5","10":"first","11":"instock","12":"sale","13":"shipping-taxable","14":"purchasable","15":"product-type-simple"},"ams_default_variation_id":0,"ams_product_points_reward":[],"ams_product_discount_percentage":13.04,"ams_price_to_display":100000,"aioseo_notices":[],"ams_acf":[],"jetpack_publicize_connections":[],"jetpack_sharing_enabled":true,"jetpack_likes_enabled":true,"_links":{"self":[{"href":"https:\/\/ikasougou.com\/akamservices\/wp-json\/wp\/v2\/product\/6208","targetHints":{"allow":["GET"]}}],"collection":[{"href":"https:\/\/ikasougou.com\/akamservices\/wp-json\/wp\/v2\/product"}],"about":[{"href":"https:\/\/ikasougou.com\/akamservices\/wp-json\/wp\/v2\/types\/product"}],"replies":[{"embeddable":true,"href":"https:\/\/ikasougou.com\/akamservices\/wp-json\/wp\/v2\/comments?post=6208"}],"wp:featuredmedia":[{"embeddable":true,"href":"https:\/\/ikasougou.com\/akamservices\/wp-json\/wp\/v2\/media\/6222"}],"wp:attachment":[{"href":"https:\/\/ikasougou.com\/akamservices\/wp-json\/wp\/v2\/media?parent=6208"}],"wp:term":[{"taxonomy":"product_brand","embeddable":true,"href":"https:\/\/ikasougou.com\/akamservices\/wp-json\/wp\/v2\/product_brand?post=6208"},{"taxonomy":"product_cat","embeddable":true,"href":"https:\/\/ikasougou.com\/akamservices\/wp-json\/wp\/v2\/product_cat?post=6208"},{"taxonomy":"product_tag","embeddable":true,"href":"https:\/\/ikasougou.com\/akamservices\/wp-json\/wp\/v2\/product_tag?post=6208"}],"curies":[{"name":"wp","href":"https:\/\/api.w.org\/{rel}","templated":true}]}}