{"id":6768,"date":"2022-01-10T17:44:36","date_gmt":"2022-01-10T16:44:36","guid":{"rendered":"https:\/\/ikasougou.com\/akamservices\/?post_type=product&#038;p=6768"},"modified":"2022-01-10T17:44:36","modified_gmt":"2022-01-10T16:44:36","slug":"jbl-xtreme-3-2","status":"publish","type":"product","link":"https:\/\/ikasougou.com\/akamservices\/produit\/jbl-xtreme-3-2\/","title":{"rendered":"Jbl Xtreme 3"},"content":{"rendered":"<section class=\"pdp-features in-view\" data-section=\"features\" data-headline=\"Caract\u00e9ristiques\">\n<div class=\"expanded-features\">\n<div class=\"expanded-feature -lifestyle not-in-view\">\n<div class=\"imagery\"><img decoding=\"async\" src=\"https:\/\/fr.jbl.com\/on\/demandware.static\/-\/Sites-masterCatalog_Harman\/default\/dwd91143cf\/pdp\/JBL_XTREME_3_LIFESTYLE_01_904x560px.png\" alt=\"Son puissant JBL Original Pro\" data-src=\"\/on\/demandware.static\/-\/Sites-masterCatalog_Harman\/default\/dwd91143cf\/pdp\/JBL_XTREME_3_LIFESTYLE_01_904x560px.png\" \/><\/div>\n<div class=\"copy\">\n<h3>Son puissant JBL Original Pro<\/h3>\n<p>Ses quatre haut-parleurs et ses deux radiateurs de graves JBL diffusent un son immersif dynamique avec des basses profondes et de nombreux d\u00e9tails. Vous plongez dans la musique partout o\u00f9 vous allez.<\/p>\n<\/div>\n<\/div>\n<div class=\"expanded-feature -lifestyle not-in-view\">\n<div class=\"imagery\"><img decoding=\"async\" src=\"https:\/\/fr.jbl.com\/on\/demandware.static\/-\/Sites-masterCatalog_Harman\/default\/dw966f4e54\/pdp\/JBL_XTREME_3_LIFESTYLE_02_904x560px.png\" alt=\"Quinze\u00a0heures d\u2019autonomie\" data-src=\"\/on\/demandware.static\/-\/Sites-masterCatalog_Harman\/default\/dw966f4e54\/pdp\/JBL_XTREME_3_LIFESTYLE_02_904x560px.png\" \/><\/div>\n<div class=\"copy\">\n<h3>Quinze\u00a0heures d\u2019autonomie<\/h3>\n<p>Amusez-vous et oubliez l\u2019heure qui tourne. Avec son incroyable autonomie de 15\u00a0heures, la Xtreme\u00a03 JBL met l\u2019ambiance dans vos soir\u00e9es du matin jusqu\u2019au bout de la nuit.<\/p>\n<\/div>\n<\/div>\n<div class=\"expanded-feature -lifestyle in-view\">\n<div class=\"imagery\"><img decoding=\"async\" src=\"https:\/\/fr.jbl.com\/on\/demandware.static\/-\/Sites-masterCatalog_Harman\/default\/dwc2f14c1e\/pdp\/JBL_XTREME_3_LIFESTYLE_03_904x560px.png\" alt=\"\u00c9tanche \u00e0 l\u2019eau et \u00e0 la poussi\u00e8re conform\u00e9ment \u00e0 la norme\u00a0IP67\" data-src=\"\/on\/demandware.static\/-\/Sites-masterCatalog_Harman\/default\/dwc2f14c1e\/pdp\/JBL_XTREME_3_LIFESTYLE_03_904x560px.png\" \/><\/div>\n<div class=\"copy\">\n<h3>\u00c9tanche \u00e0 l\u2019eau et \u00e0 la poussi\u00e8re conform\u00e9ment \u00e0 la norme\u00a0IP67<\/h3>\n<p>Au bord de la piscine. Au parc. La Xtreme 3 JBL est \u00e9tanche \u00e0 l\u2019eau et \u00e0 la poussi\u00e8re, conform\u00e9ment \u00e0 la norme IP67, ce qui vous permet de l\u2019emmener partout.<\/p>\n<p><img decoding=\"async\" class=\"alignleft\" style=\"color: #333333; font-size: 14.4px;\" src=\"https:\/\/fr.jbl.com\/dw\/image\/v2\/AAUJ_PRD\/on\/demandware.static\/-\/Sites-masterCatalog_Harman\/default\/dwcc7b7c97\/pdp\/icon_JBL_Partyboost.png?sw=55&amp;sfrm=png\" alt=\"Plus on est de fous, plus on rit avec PartyBoost\u00a0!\" data-src=\"https:\/\/fr.jbl.com\/dw\/image\/v2\/AAUJ_PRD\/on\/demandware.static\/-\/Sites-masterCatalog_Harman\/default\/dwcc7b7c97\/pdp\/icon_JBL_Partyboost.png?sw=55&amp;sfrm=png\" \/><\/p>\n<\/div>\n<\/div>\n<\/div>\n<div class=\"feature-slider slick-initialized slick-slider slick-dotted\">\n<div class=\"slick-list draggable\">\n<div class=\"slick-track\">\n<div class=\"feature-slide slick-slide slick-cloned\" tabindex=\"-1\" data-slick-index=\"-3\" aria-hidden=\"true\">\n<h3>Plus on est de fous, plus on rit avec PartyBoost\u00a0!<\/h3>\n<p>Le mode PartyBoost vous permet d\u2019appairer deux enceintes compatibles pour obtenir un son st\u00e9r\u00e9o ou de connecter plusieurs enceintes compatibles pour rendre vos soir\u00e9es encore plus inoubliables.<\/p>\n<\/div>\n<div class=\"feature-slide slick-slide slick-cloned\" tabindex=\"-1\" data-slick-index=\"-2\" aria-hidden=\"true\">\n<p><span class=\"imagery\"><img decoding=\"async\" class=\"alignleft\" src=\"https:\/\/fr.jbl.com\/dw\/image\/v2\/AAUJ_PRD\/on\/demandware.static\/-\/Sites-masterCatalog_Harman\/default\/dwa61140cd\/pdp\/icon_JBL_Check.png?sw=55&amp;sfrm=png\" alt=\"Emportez-la partout o\u00f9 vous allez\" data-src=\"https:\/\/fr.jbl.com\/dw\/image\/v2\/AAUJ_PRD\/on\/demandware.static\/-\/Sites-masterCatalog_Harman\/default\/dwa61140cd\/pdp\/icon_JBL_Check.png?sw=55&amp;sfrm=png\" \/><\/span><\/p>\n<h3>Emportez-la partout o\u00f9 vous allez<\/h3>\n<p>La sangle de transport incluse avec d\u00e9capsuleur int\u00e9gr\u00e9 vous permet d\u2019emporter votre enceinte partout o\u00f9 vous allez.<\/p>\n<\/div>\n<div class=\"feature-slide slick-slide slick-cloned\" tabindex=\"-1\" data-slick-index=\"-1\" aria-hidden=\"true\">\n<p><span class=\"imagery\"><img decoding=\"async\" class=\"alignleft\" src=\"https:\/\/fr.jbl.com\/dw\/image\/v2\/AAUJ_PRD\/on\/demandware.static\/-\/Sites-masterCatalog_Harman\/default\/dw29a123f5\/pdp\/icon_JBL_Powerbank.png?sw=55&amp;sfrm=png\" alt=\"Chargez vos appareils gr\u00e2ce au chargeur int\u00e9gr\u00e9\" data-src=\"https:\/\/fr.jbl.com\/dw\/image\/v2\/AAUJ_PRD\/on\/demandware.static\/-\/Sites-masterCatalog_Harman\/default\/dw29a123f5\/pdp\/icon_JBL_Powerbank.png?sw=55&amp;sfrm=png\" \/><\/span><\/p>\n<h3>Chargez vos appareils gr\u00e2ce au chargeur int\u00e9gr\u00e9<\/h3>\n<p>Votre musique en continue, toute la soir\u00e9e. Un chargeur portable int\u00e9gr\u00e9 vous permet de charger vos appareils sans arr\u00eater la musique.<\/p>\n<\/div>\n<div id=\"slick-slide10\" class=\"feature-slide slick-slide slick-current slick-active\" tabindex=\"0\" role=\"tabpanel\" data-slick-index=\"0\" aria-hidden=\"false\">\n<p><span class=\"imagery\"><img decoding=\"async\" class=\"alignleft\" src=\"https:\/\/fr.jbl.com\/dw\/image\/v2\/AAUJ_PRD\/on\/demandware.static\/-\/Sites-masterCatalog_Harman\/default\/dw7b048826\/pdp\/icon_JBL_Bluetooth_v3.png?sw=55&amp;sfrm=png\" alt=\"Diffusion sans fil Bluetooth\" data-src=\"https:\/\/fr.jbl.com\/dw\/image\/v2\/AAUJ_PRD\/on\/demandware.static\/-\/Sites-masterCatalog_Harman\/default\/dw7b048826\/pdp\/icon_JBL_Bluetooth_v3.png?sw=55&amp;sfrm=png\" \/><\/span><\/p>\n<h3>Diffusion sans fil Bluetooth<\/h3>\n<p>Connectez jusqu\u2019\u00e0 deux smartphones ou tablettes simultan\u00e9ment \u00e0 votre enceinte via une connexion sans fil et profitez du son JBL Pro.<\/p>\n<\/div>\n<div id=\"slick-slide11\" class=\"feature-slide slick-slide slick-active\" tabindex=\"0\" role=\"tabpanel\" data-slick-index=\"1\" aria-hidden=\"false\">\n<p><span class=\"imagery\"><img decoding=\"async\" class=\"alignleft\" src=\"https:\/\/fr.jbl.com\/dw\/image\/v2\/AAUJ_PRD\/on\/demandware.static\/-\/Sites-masterCatalog_Harman\/default\/dwcc7b7c97\/pdp\/icon_JBL_Partyboost.png?sw=55&amp;sfrm=png\" alt=\"Plus on est de fous, plus on rit avec PartyBoost\u00a0!\" data-src=\"https:\/\/fr.jbl.com\/dw\/image\/v2\/AAUJ_PRD\/on\/demandware.static\/-\/Sites-masterCatalog_Harman\/default\/dwcc7b7c97\/pdp\/icon_JBL_Partyboost.png?sw=55&amp;sfrm=png\" \/><\/span><\/p>\n<h3>Plus on est de fous, plus on rit avec PartyBoost\u00a0!<\/h3>\n<p>Le mode PartyBoost vous permet d\u2019appairer deux enceintes compatibles pour obtenir un son st\u00e9r\u00e9o ou de connecter plusieurs enceintes compatibles pour rendre vos soir\u00e9es encore plus inoubliables.<\/p>\n<\/div>\n<div id=\"slick-slide12\" class=\"feature-slide slick-slide slick-active\" tabindex=\"0\" role=\"tabpanel\" data-slick-index=\"2\" aria-hidden=\"false\"><\/div>\n<\/div>\n<\/div>\n<\/div>\n<\/section>\n<div style=\"display:flex; gap:10px;justify-content:center\" class=\"wps-pgfw-pdf-generate-icon__wrapper-frontend\">\n\t\t<a  href=\"https:\/\/ikasougou.com\/akamservices\/wp-json\/wp\/v2\/product\/6768?action=genpdf&amp;id=6768\" class=\"pgfw-single-pdf-download-button\" ><img src=\"https:\/\/ikasougou.com\/akamservices\/wp-content\/plugins\/pdf-generator-for-wp\/admin\/src\/images\/PDF_Tray.svg\" title=\"G\u00e9n\u00e9rer un PDF\" style=\"width:auto; height:45px;\"><\/a>\n\t\t<\/div>","protected":false},"excerpt":{"rendered":"<p>Son puissant JBL Original Pro Ses quatre haut-parleurs et ses deux radiateurs de graves JBL diffusent un son immersif dynamique avec des basses profondes et de nombreux d\u00e9tails. Vous plongez dans la musique partout o\u00f9 vous allez. Quinze\u00a0heures d\u2019autonomie Amusez-vous et oubliez l\u2019heure qui tourne. Avec son incroyable autonomie de 15\u00a0heures, la Xtreme\u00a03 JBL met [&#8230;]\n","protected":false},"featured_media":6774,"comment_status":"open","ping_status":"closed","template":"","meta":{"jetpack_post_was_ever_published":false,"jetpack_publicize_message":"","jetpack_publicize_feature_enabled":true,"jetpack_social_post_already_shared":true,"jetpack_social_options":{"image_generator_settings":{"template":"highway","default_image_id":0,"font":"","enabled":false},"version":2}},"product_brand":[],"product_cat":[18,19],"product_tag":[62,119],"class_list":{"0":"post-6768","1":"product","2":"type-product","3":"status-publish","4":"has-post-thumbnail","6":"product_cat-hightech","7":"product_cat-multimedia-audio-videos","8":"product_tag-jbl","9":"product_tag-xtrem3","11":"first","12":"instock","13":"shipping-taxable","14":"purchasable","15":"product-type-simple"},"ams_default_variation_id":0,"ams_product_points_reward":[],"ams_product_discount_percentage":0,"ams_price_to_display":17500,"aioseo_notices":[],"ams_acf":[],"jetpack_publicize_connections":[],"jetpack_sharing_enabled":true,"jetpack_likes_enabled":true,"_links":{"self":[{"href":"https:\/\/ikasougou.com\/akamservices\/wp-json\/wp\/v2\/product\/6768","targetHints":{"allow":["GET"]}}],"collection":[{"href":"https:\/\/ikasougou.com\/akamservices\/wp-json\/wp\/v2\/product"}],"about":[{"href":"https:\/\/ikasougou.com\/akamservices\/wp-json\/wp\/v2\/types\/product"}],"replies":[{"embeddable":true,"href":"https:\/\/ikasougou.com\/akamservices\/wp-json\/wp\/v2\/comments?post=6768"}],"wp:featuredmedia":[{"embeddable":true,"href":"https:\/\/ikasougou.com\/akamservices\/wp-json\/wp\/v2\/media\/6774"}],"wp:attachment":[{"href":"https:\/\/ikasougou.com\/akamservices\/wp-json\/wp\/v2\/media?parent=6768"}],"wp:term":[{"taxonomy":"product_brand","embeddable":true,"href":"https:\/\/ikasougou.com\/akamservices\/wp-json\/wp\/v2\/product_brand?post=6768"},{"taxonomy":"product_cat","embeddable":true,"href":"https:\/\/ikasougou.com\/akamservices\/wp-json\/wp\/v2\/product_cat?post=6768"},{"taxonomy":"product_tag","embeddable":true,"href":"https:\/\/ikasougou.com\/akamservices\/wp-json\/wp\/v2\/product_tag?post=6768"}],"curies":[{"name":"wp","href":"https:\/\/api.w.org\/{rel}","templated":true}]}}