{"id":6976,"date":"2022-07-25T15:03:30","date_gmt":"2022-07-25T13:03:30","guid":{"rendered":"https:\/\/ikasougou.com\/akamservices\/?post_type=product&#038;p=6976"},"modified":"2022-07-25T15:03:30","modified_gmt":"2022-07-25T13:03:30","slug":"sony-ecouteurs-a-reduction-de-bruit-sans-fil-wf-1000xm4-autonomie-24-heures","status":"publish","type":"product","link":"https:\/\/ikasougou.com\/akamservices\/produit\/sony-ecouteurs-a-reduction-de-bruit-sans-fil-wf-1000xm4-autonomie-24-heures\/","title":{"rendered":"Sony \u00c9couteurs \u00e0 r\u00e9duction de bruit sans fil WF-1000XM4 autonomie  24 heures"},"content":{"rendered":"<ul>\n<li><span class=\"a-list-item\"> Dimensions: 3 x 2 x 2,3 cm <\/span><\/li>\n<li><span class=\"a-list-item\"> LA MEILLEURE R\u00c9DUCTION DE BRUIT DU MARCH\u00c9* : Les \u00e9couteurs WF-1000XM4 int\u00e8grent de nouveaux composants plus performants comme le processeur de r\u00e9duction de bruit V1, un haut-parleur, des micros ainsi que des embouts isolants <\/span><\/li>\n<li><span class=\"a-list-item\"> UN SON DYNAMIQUE ET RICHE : Les WF-1000XM4 supportent le Hi-Res Audio Wireless gr\u00e2ce au LDAC. Les haut-parleurs de 6mm, le diaphragme haute r\u00e9solution et le processeur V1 produisent un son dynamique et riche. Notre technologie DSEE Extreme am\u00e9liore les fichiers compress\u00e9s <\/span><\/li>\n<li><span class=\"a-list-item\"> SPEAK-TO-CHAT : Le mode \u00ab Speak-to-Chat \u00bb vous permet de mettre en pause automatiquement votre musique ainsi que la r\u00e9duction de bruit lorsque vous parlez \u00e0 quelqu&#8217;un &#8211; pratique notamment si vos mains sont prises ! <\/span><\/li>\n<li><span class=\"a-list-item\"> APPELS MAINS LIBRES : La technologie Precise Voice Pickup permet aux WF-1000XM4 de capter votre voix de mani\u00e8re claire et pr\u00e9cise durant les appels mains libres. Enfin la r\u00e9duction de bruit permet d&#8217;entendre l&#8217;interlocuteur plus clairement, m\u00eame en milieu bruyant <\/span><\/li>\n<li><span class=\"a-list-item\"> AUTONOMIE ET CHARGE RAPIDE : L&#8217;autonomie de 8 heures de vos \u00e9couteurs sans fil et les 16 heures additionnelles avec le bo\u00eetier de charge vous offrent 24 heures*2 d&#8217;\u00e9coute. Une charge rapide de 5 minutes vous offre 60 minutes. La technologie Qi charge sans fil vos \u00e9couteurs.*3 <\/span><\/li>\n<li><span class=\"a-list-item\"> ESSAI GRATUIT 360 REALITY AUDIO : 3 mois d&#8217;essai offert pour exp\u00e9rimenter la technologie incroyable qu&#8217;est 360 Reality Audio. Valable sur l&#8217;achat d&#8217;un WF1000XM4. Voir conditions sur sony.fr\/electronics\/360-reality-audio <\/span><\/li>\n<\/ul>\n<div style=\"display:flex; gap:10px;justify-content:center\" class=\"wps-pgfw-pdf-generate-icon__wrapper-frontend\">\n\t\t<a  href=\"https:\/\/ikasougou.com\/akamservices\/wp-json\/wp\/v2\/product\/6976?action=genpdf&amp;id=6976\" class=\"pgfw-single-pdf-download-button\" ><img src=\"https:\/\/ikasougou.com\/akamservices\/wp-content\/plugins\/pdf-generator-for-wp\/admin\/src\/images\/PDF_Tray.svg\" title=\"G\u00e9n\u00e9rer un PDF\" style=\"width:auto; height:45px;\"><\/a>\n\t\t<\/div>","protected":false},"excerpt":{"rendered":"<p>Dimensions: 3 x 2 x 2,3 cm LA MEILLEURE R\u00c9DUCTION DE BRUIT DU MARCH\u00c9* : Les \u00e9couteurs WF-1000XM4 int\u00e8grent de nouveaux composants plus performants comme le processeur de r\u00e9duction de bruit V1, un haut-parleur, des micros ainsi que des embouts isolants UN SON DYNAMIQUE ET RICHE : Les WF-1000XM4 supportent le Hi-Res Audio Wireless gr\u00e2ce [&#8230;]\n","protected":false},"featured_media":6977,"comment_status":"open","ping_status":"closed","template":"","meta":{"jetpack_post_was_ever_published":false,"jetpack_publicize_message":"","jetpack_publicize_feature_enabled":true,"jetpack_social_post_already_shared":true,"jetpack_social_options":{"image_generator_settings":{"template":"highway","default_image_id":0,"font":"","enabled":false},"version":2}},"product_brand":[],"product_cat":[18,19],"product_tag":[],"class_list":{"0":"post-6976","1":"product","2":"type-product","3":"status-publish","4":"has-post-thumbnail","6":"product_cat-hightech","7":"product_cat-multimedia-audio-videos","9":"first","10":"instock","11":"shipping-taxable","12":"purchasable","13":"product-type-simple"},"ams_default_variation_id":0,"ams_product_points_reward":[],"ams_product_discount_percentage":0,"ams_price_to_display":200000,"aioseo_notices":[],"ams_acf":[],"jetpack_publicize_connections":[],"jetpack_sharing_enabled":true,"jetpack_likes_enabled":true,"_links":{"self":[{"href":"https:\/\/ikasougou.com\/akamservices\/wp-json\/wp\/v2\/product\/6976","targetHints":{"allow":["GET"]}}],"collection":[{"href":"https:\/\/ikasougou.com\/akamservices\/wp-json\/wp\/v2\/product"}],"about":[{"href":"https:\/\/ikasougou.com\/akamservices\/wp-json\/wp\/v2\/types\/product"}],"replies":[{"embeddable":true,"href":"https:\/\/ikasougou.com\/akamservices\/wp-json\/wp\/v2\/comments?post=6976"}],"wp:featuredmedia":[{"embeddable":true,"href":"https:\/\/ikasougou.com\/akamservices\/wp-json\/wp\/v2\/media\/6977"}],"wp:attachment":[{"href":"https:\/\/ikasougou.com\/akamservices\/wp-json\/wp\/v2\/media?parent=6976"}],"wp:term":[{"taxonomy":"product_brand","embeddable":true,"href":"https:\/\/ikasougou.com\/akamservices\/wp-json\/wp\/v2\/product_brand?post=6976"},{"taxonomy":"product_cat","embeddable":true,"href":"https:\/\/ikasougou.com\/akamservices\/wp-json\/wp\/v2\/product_cat?post=6976"},{"taxonomy":"product_tag","embeddable":true,"href":"https:\/\/ikasougou.com\/akamservices\/wp-json\/wp\/v2\/product_tag?post=6976"}],"curies":[{"name":"wp","href":"https:\/\/api.w.org\/{rel}","templated":true}]}}