{"id":7010,"date":"2022-07-25T16:57:37","date_gmt":"2022-07-25T14:57:37","guid":{"rendered":"https:\/\/ikasougou.com\/akamservices\/?post_type=product&#038;p=7010"},"modified":"2022-07-25T16:57:38","modified_gmt":"2022-07-25T14:57:38","slug":"webcam-de-jeu-haute-definition-1080p","status":"publish","type":"product","link":"https:\/\/ikasougou.com\/akamservices\/produit\/webcam-de-jeu-haute-definition-1080p\/","title":{"rendered":"Webcam de jeu (haute d\u00e9finition) 1080P"},"content":{"rendered":"<p><span>Webcam Porodo Gaming Avec haute d\u00e9finition (1080P)<\/span><br \/>\n<span>Montrez comment vaincre vos ennemis, diffusez et partagez vos jeux avec d&#8217;autres et d\u00e9fiez-les avec une r\u00e9solution 1080P et un gameplay antibruit.\u00a0amusez-vous \u00e0 jouer et partagez-le avec les autres.\u00a0La webcam haute d\u00e9finition Porodo Gaming est livr\u00e9e avec une r\u00e9solution Full HD 1080P.<\/span><br \/>\n<span>Vous pouvez le connecter \u00e0 votre ordinateur ou ordinateur portable via le port USB, brancher et jouer.\u00a0Il y a un micro antibruit dans ce produit qui vous aide \u00e0 transf\u00e9rer l&#8217;audio aussi clairement que possible.\u00a0D\u00e9couvrez une vid\u00e9o fluide avec une image de qualit\u00e9 claire.\u00a0Il convient aux ordinateurs de bureau, PC et ordinateurs portables.<\/span><br \/>\n<span>Fonctions automatiques int\u00e9gr\u00e9es telles que la mise au point automatique, l&#8217;exposition automatique et la balance des blancs automatique.\u00a0Ce n&#8217;est pas seulement pour les joueurs, d&#8217;autre part, vous pouvez l&#8217;utiliser pour votre conf\u00e9rence Ou assister aux cours en ligne, ou avoir une r\u00e9union en ligne avec vos coll\u00e8gues, c&#8217;est le meilleur choix pour toutes ces actions.<\/span><br \/>\n<span>Avec le microphone antibruit, vous pouvez transf\u00e9rer votre voix aussi clairement que possible.\u00a0De nombreuses fonctionnalit\u00e9s ont \u00e9t\u00e9 con\u00e7ues dans ce produit, telles que l&#8217;exposition automatique, la balance des blancs automatique et le microphone antibruit.\u00a0La connectivit\u00e9 de ce produit est de type USB, tout ce dont vous avez besoin est simplement plug and play.<\/span><\/p>\n<div style=\"display:flex; gap:10px;justify-content:center\" class=\"wps-pgfw-pdf-generate-icon__wrapper-frontend\">\n\t\t<a  href=\"https:\/\/ikasougou.com\/akamservices\/wp-json\/wp\/v2\/product\/7010?action=genpdf&amp;id=7010\" class=\"pgfw-single-pdf-download-button\" ><img src=\"https:\/\/ikasougou.com\/akamservices\/wp-content\/plugins\/pdf-generator-for-wp\/admin\/src\/images\/PDF_Tray.svg\" title=\"G\u00e9n\u00e9rer un PDF\" style=\"width:auto; height:45px;\"><\/a>\n\t\t<\/div>","protected":false},"excerpt":{"rendered":"<p>Webcam Porodo Gaming Avec haute d\u00e9finition (1080P) Montrez comment vaincre vos ennemis, diffusez et partagez vos jeux avec d&#8217;autres et d\u00e9fiez-les avec une r\u00e9solution 1080P et un gameplay antibruit.\u00a0amusez-vous \u00e0 jouer et partagez-le avec les autres.\u00a0La webcam haute d\u00e9finition Porodo Gaming est livr\u00e9e avec une r\u00e9solution Full HD 1080P. Vous pouvez le connecter \u00e0 votre [&#8230;]\n","protected":false},"featured_media":7014,"comment_status":"open","ping_status":"closed","template":"","meta":{"jetpack_post_was_ever_published":false,"jetpack_publicize_message":"","jetpack_publicize_feature_enabled":true,"jetpack_social_post_already_shared":true,"jetpack_social_options":{"image_generator_settings":{"template":"highway","default_image_id":0,"font":"","enabled":false},"version":2}},"product_brand":[],"product_cat":[18],"product_tag":[],"class_list":{"0":"post-7010","1":"product","2":"type-product","3":"status-publish","4":"has-post-thumbnail","6":"product_cat-hightech","8":"first","9":"instock","10":"shipping-taxable","11":"purchasable","12":"product-type-simple"},"ams_default_variation_id":0,"ams_product_points_reward":[],"ams_product_discount_percentage":0,"ams_price_to_display":27500,"aioseo_notices":[],"ams_acf":[],"jetpack_publicize_connections":[],"jetpack_sharing_enabled":true,"jetpack_likes_enabled":true,"_links":{"self":[{"href":"https:\/\/ikasougou.com\/akamservices\/wp-json\/wp\/v2\/product\/7010","targetHints":{"allow":["GET"]}}],"collection":[{"href":"https:\/\/ikasougou.com\/akamservices\/wp-json\/wp\/v2\/product"}],"about":[{"href":"https:\/\/ikasougou.com\/akamservices\/wp-json\/wp\/v2\/types\/product"}],"replies":[{"embeddable":true,"href":"https:\/\/ikasougou.com\/akamservices\/wp-json\/wp\/v2\/comments?post=7010"}],"wp:featuredmedia":[{"embeddable":true,"href":"https:\/\/ikasougou.com\/akamservices\/wp-json\/wp\/v2\/media\/7014"}],"wp:attachment":[{"href":"https:\/\/ikasougou.com\/akamservices\/wp-json\/wp\/v2\/media?parent=7010"}],"wp:term":[{"taxonomy":"product_brand","embeddable":true,"href":"https:\/\/ikasougou.com\/akamservices\/wp-json\/wp\/v2\/product_brand?post=7010"},{"taxonomy":"product_cat","embeddable":true,"href":"https:\/\/ikasougou.com\/akamservices\/wp-json\/wp\/v2\/product_cat?post=7010"},{"taxonomy":"product_tag","embeddable":true,"href":"https:\/\/ikasougou.com\/akamservices\/wp-json\/wp\/v2\/product_tag?post=7010"}],"curies":[{"name":"wp","href":"https:\/\/api.w.org\/{rel}","templated":true}]}}