{"id":3127,"date":"2022-08-22T10:17:31","date_gmt":"2022-08-22T10:17:31","guid":{"rendered":"https:\/\/ikasougou.com\/bintaservice\/?post_type=product&#038;p=3127"},"modified":"2022-09-28T15:08:37","modified_gmt":"2022-09-28T15:08:37","slug":"lot-de-3-valise-grise","status":"publish","type":"product","link":"https:\/\/ikasougou.com\/bintaservice\/produit\/lot-de-3-valise-grise\/","title":{"rendered":"Lot de 3 Valise Grise"},"content":{"rendered":"<p>Lot de 3 Valise de taille diff\u00e9rente ultra-l\u00e9g\u00e8re au design recherch\u00e9 sera un parfait compagnon de voyage disponible \u00e0 75 000 FCFA .<\/p>\n<p>Une valise de qualit\u00e9 ne doit pas manquer chez vous, pour vos belles vacances ou pour les jeunes mari\u00e9s!<br \/>\nLe forfait comprend une grande valise, une valise moyenne et une petite valise. En cas de voyage, vous avez une valise disponible pour les trajets courts, moyens et longs.<\/p>\n<p>Gr\u00e2ce au mat\u00e9riau durable (ABS avec film polycarbonate), les bo\u00eetiers peuvent subir des coups. La serrure \u00e0 combinaison solide prot\u00e8ge les caisses contre le vol. Autre avantage: les valises sont \u00e9quip\u00e9es de 4 roues doubles rotatives, ce qui garantit un confort d&#8217;utilisation \u00e0 100%!<\/p>\n<p><img loading=\"lazy\" decoding=\"async\" class=\"alignnone size-medium wp-image-3128\" src=\"https:\/\/ikasougou.com\/bintaservice\/wp-content\/uploads\/sites\/3\/2022\/08\/Valise-grise-3-en-1-01-300x400.png\" alt=\"\" width=\"300\" height=\"400\" srcset=\"https:\/\/ikasougou.com\/bintaservice\/wp-content\/uploads\/sites\/3\/2022\/08\/Valise-grise-3-en-1-01-300x400.png 300w, https:\/\/ikasougou.com\/bintaservice\/wp-content\/uploads\/sites\/3\/2022\/08\/Valise-grise-3-en-1-01-600x800.png 600w, https:\/\/ikasougou.com\/bintaservice\/wp-content\/uploads\/sites\/3\/2022\/08\/Valise-grise-3-en-1-01-768x1024.png 768w, https:\/\/ikasougou.com\/bintaservice\/wp-content\/uploads\/sites\/3\/2022\/08\/Valise-grise-3-en-1-01-510x680.png 510w, https:\/\/ikasougou.com\/bintaservice\/wp-content\/uploads\/sites\/3\/2022\/08\/Valise-grise-3-en-1-01.png 960w\" sizes=\"auto, (max-width: 300px) 100vw, 300px\" \/> <img loading=\"lazy\" decoding=\"async\" class=\"alignnone size-medium wp-image-3129\" src=\"https:\/\/ikasougou.com\/bintaservice\/wp-content\/uploads\/sites\/3\/2022\/08\/Valise-Gris-cote\u0301-01-300x400.png\" alt=\"\" width=\"300\" height=\"400\" srcset=\"https:\/\/ikasougou.com\/bintaservice\/wp-content\/uploads\/sites\/3\/2022\/08\/Valise-Gris-cote\u0301-01-300x400.png 300w, https:\/\/ikasougou.com\/bintaservice\/wp-content\/uploads\/sites\/3\/2022\/08\/Valise-Gris-cote\u0301-01-600x800.png 600w, https:\/\/ikasougou.com\/bintaservice\/wp-content\/uploads\/sites\/3\/2022\/08\/Valise-Gris-cote\u0301-01-768x1024.png 768w, https:\/\/ikasougou.com\/bintaservice\/wp-content\/uploads\/sites\/3\/2022\/08\/Valise-Gris-cote\u0301-01-510x680.png 510w, https:\/\/ikasougou.com\/bintaservice\/wp-content\/uploads\/sites\/3\/2022\/08\/Valise-Gris-cote\u0301-01.png 960w\" sizes=\"auto, (max-width: 300px) 100vw, 300px\" \/> <img loading=\"lazy\" decoding=\"async\" class=\"alignnone size-medium wp-image-3130\" src=\"https:\/\/ikasougou.com\/bintaservice\/wp-content\/uploads\/sites\/3\/2022\/08\/Valise-Grise-3-en-1-02-300x400.png\" alt=\"\" width=\"300\" height=\"400\" srcset=\"https:\/\/ikasougou.com\/bintaservice\/wp-content\/uploads\/sites\/3\/2022\/08\/Valise-Grise-3-en-1-02-300x400.png 300w, https:\/\/ikasougou.com\/bintaservice\/wp-content\/uploads\/sites\/3\/2022\/08\/Valise-Grise-3-en-1-02-600x800.png 600w, https:\/\/ikasougou.com\/bintaservice\/wp-content\/uploads\/sites\/3\/2022\/08\/Valise-Grise-3-en-1-02-768x1024.png 768w, https:\/\/ikasougou.com\/bintaservice\/wp-content\/uploads\/sites\/3\/2022\/08\/Valise-Grise-3-en-1-02-510x680.png 510w, https:\/\/ikasougou.com\/bintaservice\/wp-content\/uploads\/sites\/3\/2022\/08\/Valise-Grise-3-en-1-02.png 960w\" sizes=\"auto, (max-width: 300px) 100vw, 300px\" \/><\/p>\n<div class=\"wps-pgfw-pdf-generate-icon__wrapper-frontend pgfw-icon-display pgfw-icon-display--default\" style=\"--pgfw-icon-justify:center;\"><a href=\"https:\/\/ikasougou.com\/bintaservice\/wp-json\/wp\/v2\/product\/3127?action=genpdf&#038;id=3127\" class=\"pgfw-single-pdf-download-button pgfw-single-pdf-download-button--default pgfw-single-pdf-download-button--icon-only\" title=\"G\u00e9n\u00e9rer un PDF\" style=\"--pgfw-icon-width:25px;--pgfw-icon-height:45px;\" aria-label=\"Download PDF\"><span class=\"pgfw-single-pdf-download-button__media\" aria-hidden=\"true\"><img src=\"https:\/\/ikasougou.com\/bintaservice\/wp-content\/plugins\/pdf-generator-for-wp\/admin\/src\/images\/PDF_Tray.svg\" alt=\"\" decoding=\"async\"><\/span><\/a><\/div>","protected":false},"excerpt":{"rendered":"<p>Lot de 3 Valise de taille diff\u00e9rente ultra-l\u00e9g\u00e8re au design recherch\u00e9 sera un parfait compagnon de voyage disponible \u00e0 75 000 FCFA . Une valise de qualit\u00e9 ne doit pas manquer chez vous, pour vos belles vacances ou pour les jeunes mari\u00e9s! Le forfait comprend une grande valise, une valise moyenne et une petite valise. [&#8230;]\n","protected":false},"featured_media":3128,"comment_status":"open","ping_status":"closed","template":"","meta":{"jetpack_publicize_message":"","jetpack_publicize_feature_enabled":true,"jetpack_social_post_already_shared":true,"jetpack_social_options":{"image_generator_settings":{"template":"highway","default_image_id":0,"font":"","enabled":false},"version":2}},"product_brand":[],"product_cat":[33],"product_tag":[57,56],"class_list":{"0":"post-3127","1":"product","2":"type-product","3":"status-publish","4":"has-post-thumbnail","6":"product_cat-textile-bijoux","7":"product_tag-bamako","8":"product_tag-mali","10":"first","11":"outofstock","12":"sale","13":"shipping-taxable","14":"purchasable","15":"product-type-simple"},"ams_default_variation_id":0,"ams_product_points_reward":[],"ams_product_discount_percentage":16.67,"ams_price_to_display":75000,"aioseo_notices":[],"ams_acf":[],"jetpack_publicize_connections":[],"jetpack_sharing_enabled":true,"jetpack_likes_enabled":true,"jetpack-related-posts":[],"_links":{"self":[{"href":"https:\/\/ikasougou.com\/bintaservice\/wp-json\/wp\/v2\/product\/3127","targetHints":{"allow":["GET"]}}],"collection":[{"href":"https:\/\/ikasougou.com\/bintaservice\/wp-json\/wp\/v2\/product"}],"about":[{"href":"https:\/\/ikasougou.com\/bintaservice\/wp-json\/wp\/v2\/types\/product"}],"replies":[{"embeddable":true,"href":"https:\/\/ikasougou.com\/bintaservice\/wp-json\/wp\/v2\/comments?post=3127"}],"wp:featuredmedia":[{"embeddable":true,"href":"https:\/\/ikasougou.com\/bintaservice\/wp-json\/wp\/v2\/media\/3128"}],"wp:attachment":[{"href":"https:\/\/ikasougou.com\/bintaservice\/wp-json\/wp\/v2\/media?parent=3127"}],"wp:term":[{"taxonomy":"product_brand","embeddable":true,"href":"https:\/\/ikasougou.com\/bintaservice\/wp-json\/wp\/v2\/product_brand?post=3127"},{"taxonomy":"product_cat","embeddable":true,"href":"https:\/\/ikasougou.com\/bintaservice\/wp-json\/wp\/v2\/product_cat?post=3127"},{"taxonomy":"product_tag","embeddable":true,"href":"https:\/\/ikasougou.com\/bintaservice\/wp-json\/wp\/v2\/product_tag?post=3127"}],"curies":[{"name":"wp","href":"https:\/\/api.w.org\/{rel}","templated":true}]}}