{"id":321,"date":"2019-04-08T13:56:27","date_gmt":"2019-04-08T11:56:27","guid":{"rendered":"https:\/\/ikasougou.com\/cicg\/?post_type=product&#038;p=321"},"modified":"2019-04-08T14:02:30","modified_gmt":"2019-04-08T12:02:30","slug":"boitier-externe-pour-disque-dur-sata-western-digital","status":"publish","type":"product","link":"https:\/\/ikasougou.com\/cicg\/produit\/boitier-externe-pour-disque-dur-sata-western-digital\/","title":{"rendered":"Bo\u00eetier externe pour Disque Dur SATA WESTERN DIGITAL"},"content":{"rendered":"<p>&nbsp;<\/p>\n<ul>\n<li><span class=\"a-list-item\">Montage rapide et facile pour disque dur SATA 2.5<br \/>\n<\/span><\/li>\n<li><span class=\"a-list-item\"> Boitier disque dur en mat\u00e9riel et fabrication de haute gamme <\/span><\/li>\n<li><span class=\"a-list-item\"> Pratique, portable, auto-aliment\u00e9, faite vos back-up \u00e0 tout moment <\/span><\/li>\n<li><span class=\"a-list-item\"> Connecteur usb 3.0 conforme aux derni\u00e8res normes, taux de transfert th\u00e9orique de 5Gbp\/s <\/span><\/li>\n<li><span class=\"a-list-item\"> Syst\u00e8mes compatibles: Windows98\/Windows Me\/Windows2000\/XP Vista\/7\/8\/10; Mac 9.1\/10.2 ou sup\u00e9rieur <\/span><\/li>\n<li><img loading=\"lazy\" decoding=\"async\" class=\"alignnone size-medium wp-image-322\" src=\"https:\/\/ikasougou.com\/cicg\/wp-content\/uploads\/sites\/45\/2019\/04\/DSC00876-208x300.jpg\" alt=\"\" width=\"208\" height=\"300\" srcset=\"https:\/\/ikasougou.com\/cicg\/wp-content\/uploads\/sites\/45\/2019\/04\/DSC00876-208x300.jpg 208w, https:\/\/ikasougou.com\/cicg\/wp-content\/uploads\/sites\/45\/2019\/04\/DSC00876-768x1107.jpg 768w, https:\/\/ikasougou.com\/cicg\/wp-content\/uploads\/sites\/45\/2019\/04\/DSC00876-711x1024.jpg 711w, https:\/\/ikasougou.com\/cicg\/wp-content\/uploads\/sites\/45\/2019\/04\/DSC00876-510x735.jpg 510w, https:\/\/ikasougou.com\/cicg\/wp-content\/uploads\/sites\/45\/2019\/04\/DSC00876.jpg 1971w\" sizes=\"auto, (max-width: 208px) 100vw, 208px\" \/><\/li>\n<li><img loading=\"lazy\" decoding=\"async\" class=\"alignnone size-medium wp-image-324\" src=\"https:\/\/ikasougou.com\/cicg\/wp-content\/uploads\/sites\/45\/2019\/04\/DSC00882-264x300.jpg\" alt=\"\" width=\"264\" height=\"300\" srcset=\"https:\/\/ikasougou.com\/cicg\/wp-content\/uploads\/sites\/45\/2019\/04\/DSC00882-264x300.jpg 264w, https:\/\/ikasougou.com\/cicg\/wp-content\/uploads\/sites\/45\/2019\/04\/DSC00882-768x874.jpg 768w, https:\/\/ikasougou.com\/cicg\/wp-content\/uploads\/sites\/45\/2019\/04\/DSC00882-900x1024.jpg 900w, https:\/\/ikasougou.com\/cicg\/wp-content\/uploads\/sites\/45\/2019\/04\/DSC00882-510x580.jpg 510w, https:\/\/ikasougou.com\/cicg\/wp-content\/uploads\/sites\/45\/2019\/04\/DSC00882.jpg 1737w\" sizes=\"auto, (max-width: 264px) 100vw, 264px\" \/><\/li>\n<li><span class=\"a-text-bold\">Pr\u00e9sentation<\/span><br \/>\nCe boitier est destin\u00e9 aux disques durs SATA\/ HDD de 2.5 pouces dont l&#8217;\u00e9paisseur inf\u00e9rieur de 9,5mm.<span class=\"a-text-bold\">Ouverture simple<\/span><br \/>\nUne seule pouss\u00e9e ouvre facilement le bo\u00eetier, installer votre disque dur sans vis dans une minute.<\/li>\n<li><img loading=\"lazy\" decoding=\"async\" class=\"alignnone size-medium wp-image-325\" src=\"https:\/\/ikasougou.com\/cicg\/wp-content\/uploads\/sites\/45\/2019\/04\/DSC00880-300x225.jpg\" alt=\"\" width=\"300\" height=\"225\" srcset=\"https:\/\/ikasougou.com\/cicg\/wp-content\/uploads\/sites\/45\/2019\/04\/DSC00880-300x225.jpg 300w, https:\/\/ikasougou.com\/cicg\/wp-content\/uploads\/sites\/45\/2019\/04\/DSC00880-768x576.jpg 768w, https:\/\/ikasougou.com\/cicg\/wp-content\/uploads\/sites\/45\/2019\/04\/DSC00880-1024x768.jpg 1024w, https:\/\/ikasougou.com\/cicg\/wp-content\/uploads\/sites\/45\/2019\/04\/DSC00880-510x383.jpg 510w\" sizes=\"auto, (max-width: 300px) 100vw, 300px\" \/> <img loading=\"lazy\" decoding=\"async\" class=\"alignnone size-medium wp-image-326\" src=\"https:\/\/ikasougou.com\/cicg\/wp-content\/uploads\/sites\/45\/2019\/04\/DSC00881-300x233.jpg\" alt=\"\" width=\"300\" height=\"233\" srcset=\"https:\/\/ikasougou.com\/cicg\/wp-content\/uploads\/sites\/45\/2019\/04\/DSC00881-300x233.jpg 300w, https:\/\/ikasougou.com\/cicg\/wp-content\/uploads\/sites\/45\/2019\/04\/DSC00881-768x598.jpg 768w, https:\/\/ikasougou.com\/cicg\/wp-content\/uploads\/sites\/45\/2019\/04\/DSC00881-1024x797.jpg 1024w, https:\/\/ikasougou.com\/cicg\/wp-content\/uploads\/sites\/45\/2019\/04\/DSC00881-510x397.jpg 510w\" sizes=\"auto, (max-width: 300px) 100vw, 300px\" \/><span class=\"a-text-bold\">caract\u00e8re<\/span><br \/>\n&#8211; Mode veille: passe en mode veille s&#8217;il n&#8217;y a pas de transfert durant plus de 10 minutes<br \/>\n<span class=\"a-text-bold\">&#8211; Syst\u00e8me d&#8217;exploitation: Win98\/Win Me\/Win2000\/WinXP \/Vista\/Win7\/Win8\/Win 10; Mac 9.1\/10.2 ou sup\u00e9rieur<\/span><br \/>\n&#8211; Interface: USB micro- B 3.0<\/li>\n<li><img loading=\"lazy\" decoding=\"async\" class=\"alignnone size-medium wp-image-323\" src=\"https:\/\/ikasougou.com\/cicg\/wp-content\/uploads\/sites\/45\/2019\/04\/DSC00878-105x300.jpg\" alt=\"\" width=\"105\" height=\"300\" srcset=\"https:\/\/ikasougou.com\/cicg\/wp-content\/uploads\/sites\/45\/2019\/04\/DSC00878-105x300.jpg 105w, https:\/\/ikasougou.com\/cicg\/wp-content\/uploads\/sites\/45\/2019\/04\/DSC00878-768x2202.jpg 768w, https:\/\/ikasougou.com\/cicg\/wp-content\/uploads\/sites\/45\/2019\/04\/DSC00878-357x1024.jpg 357w, https:\/\/ikasougou.com\/cicg\/wp-content\/uploads\/sites\/45\/2019\/04\/DSC00878-510x1462.jpg 510w, https:\/\/ikasougou.com\/cicg\/wp-content\/uploads\/sites\/45\/2019\/04\/DSC00878.jpg 1108w\" sizes=\"auto, (max-width: 105px) 100vw, 105px\" \/><\/li>\n<li>&nbsp;\n<p><span class=\"a-text-bold\">Package<\/span><br \/>\nUn Western Digital Bo\u00eetier usb 3.0 pour disque dur<br \/>\nUn c\u00e2ble de donn\u00e9es USB 3.0;<\/li>\n<\/ul>\n<p><img loading=\"lazy\" decoding=\"async\" class=\"alignnone size-medium wp-image-327\" src=\"https:\/\/ikasougou.com\/cicg\/wp-content\/uploads\/sites\/45\/2019\/04\/DSC00877-213x300.jpg\" alt=\"\" width=\"213\" height=\"300\" srcset=\"https:\/\/ikasougou.com\/cicg\/wp-content\/uploads\/sites\/45\/2019\/04\/DSC00877-213x300.jpg 213w, https:\/\/ikasougou.com\/cicg\/wp-content\/uploads\/sites\/45\/2019\/04\/DSC00877-768x1083.jpg 768w, https:\/\/ikasougou.com\/cicg\/wp-content\/uploads\/sites\/45\/2019\/04\/DSC00877-726x1024.jpg 726w, https:\/\/ikasougou.com\/cicg\/wp-content\/uploads\/sites\/45\/2019\/04\/DSC00877-510x719.jpg 510w\" sizes=\"auto, (max-width: 213px) 100vw, 213px\" \/><\/p>\n<div style=\"display:flex; gap:10px;justify-content:center\" class=\"wps-pgfw-pdf-generate-icon__wrapper-frontend\">\n\t\t<a  href=\"https:\/\/ikasougou.com\/cicg\/wp-json\/wp\/v2\/product\/321?action=genpdf&amp;id=321\" class=\"pgfw-single-pdf-download-button\" ><img src=\"https:\/\/ikasougou.com\/cicg\/wp-content\/plugins\/pdf-generator-for-wp\/admin\/src\/images\/PDF_Tray.svg\" title=\"G\u00e9n\u00e9rer un PDF\" style=\"width:auto; height:45px;\"><\/a>\n\t\t<\/div>","protected":false},"excerpt":{"rendered":"<p>&nbsp; Montage rapide et facile pour disque dur SATA 2.5 Boitier disque dur en mat\u00e9riel et fabrication de haute gamme Pratique, portable, auto-aliment\u00e9, faite vos back-up \u00e0 tout moment Connecteur usb 3.0 conforme aux derni\u00e8res normes, taux de transfert th\u00e9orique de 5Gbp\/s Syst\u00e8mes compatibles: Windows98\/Windows Me\/Windows2000\/XP Vista\/7\/8\/10; Mac 9.1\/10.2 ou sup\u00e9rieur Pr\u00e9sentation Ce boitier est [&#8230;]\n","protected":false},"featured_media":322,"comment_status":"open","ping_status":"closed","template":"","meta":{"jetpack_post_was_ever_published":false,"jetpack_publicize_message":"","jetpack_publicize_feature_enabled":true,"jetpack_social_post_already_shared":false,"jetpack_social_options":{"image_generator_settings":{"template":"highway","default_image_id":0,"font":"","enabled":false},"version":2}},"product_brand":[],"product_cat":[16],"product_tag":[],"class_list":{"0":"post-321","1":"product","2":"type-product","3":"status-publish","4":"has-post-thumbnail","6":"product_cat-high-tech","8":"first","9":"instock","10":"sale","11":"shipping-taxable","12":"purchasable","13":"product-type-simple"},"ams_default_variation_id":0,"ams_product_points_reward":[],"ams_product_discount_percentage":20,"ams_price_to_display":6000,"aioseo_notices":[],"ams_acf":[],"jetpack_publicize_connections":[],"jetpack_sharing_enabled":true,"jetpack_likes_enabled":true,"_links":{"self":[{"href":"https:\/\/ikasougou.com\/cicg\/wp-json\/wp\/v2\/product\/321","targetHints":{"allow":["GET"]}}],"collection":[{"href":"https:\/\/ikasougou.com\/cicg\/wp-json\/wp\/v2\/product"}],"about":[{"href":"https:\/\/ikasougou.com\/cicg\/wp-json\/wp\/v2\/types\/product"}],"replies":[{"embeddable":true,"href":"https:\/\/ikasougou.com\/cicg\/wp-json\/wp\/v2\/comments?post=321"}],"wp:featuredmedia":[{"embeddable":true,"href":"https:\/\/ikasougou.com\/cicg\/wp-json\/wp\/v2\/media\/322"}],"wp:attachment":[{"href":"https:\/\/ikasougou.com\/cicg\/wp-json\/wp\/v2\/media?parent=321"}],"wp:term":[{"taxonomy":"product_brand","embeddable":true,"href":"https:\/\/ikasougou.com\/cicg\/wp-json\/wp\/v2\/product_brand?post=321"},{"taxonomy":"product_cat","embeddable":true,"href":"https:\/\/ikasougou.com\/cicg\/wp-json\/wp\/v2\/product_cat?post=321"},{"taxonomy":"product_tag","embeddable":true,"href":"https:\/\/ikasougou.com\/cicg\/wp-json\/wp\/v2\/product_tag?post=321"}],"curies":[{"name":"wp","href":"https:\/\/api.w.org\/{rel}","templated":true}]}}