{"id":4481,"date":"2020-08-29T03:15:36","date_gmt":"2020-08-29T01:15:36","guid":{"rendered":"https:\/\/ikasougou.com\/cicg\/?post_type=product&#038;p=4481"},"modified":"2020-08-29T03:15:36","modified_gmt":"2020-08-29T01:15:36","slug":"detecteur-de-tuyaux-et-cables-electriques-mei-kc-098-y","status":"publish","type":"product","link":"https:\/\/ikasougou.com\/cicg\/produit\/detecteur-de-tuyaux-et-cables-electriques-mei-kc-098-y\/","title":{"rendered":"D\u00e9tecteur de Tuyaux et c\u00e2bles \u00e9lectriques Mei KC-098-Y"},"content":{"rendered":"<p><strong>Mei KC-098-Y D\u00e9tecteur de tuyaux et cables electriques <\/strong><\/p>\n<ul>\n<li>D\u00e9tecte les tuyaux m\u00e9talliques<\/li>\n<li>D\u00e9tecte bois<\/li>\n<li>D\u00e9tecte courant \u00e9lectrique<\/li>\n<\/ul>\n<p><img loading=\"lazy\" decoding=\"async\" class=\"alignnone size-medium wp-image-4483\" src=\"https:\/\/ikasougou.com\/cicg\/wp-content\/uploads\/sites\/45\/2020\/08\/51olr9L3OL._AC_SL1000_-153x300.jpg\" alt=\"\" width=\"153\" height=\"300\" srcset=\"https:\/\/ikasougou.com\/cicg\/wp-content\/uploads\/sites\/45\/2020\/08\/51olr9L3OL._AC_SL1000_-153x300.jpg 153w, https:\/\/ikasougou.com\/cicg\/wp-content\/uploads\/sites\/45\/2020\/08\/51olr9L3OL._AC_SL1000_.jpg 510w\" sizes=\"auto, (max-width: 153px) 100vw, 153px\" \/> <img loading=\"lazy\" decoding=\"async\" class=\"alignnone size-medium wp-image-4484\" src=\"https:\/\/ikasougou.com\/cicg\/wp-content\/uploads\/sites\/45\/2020\/08\/71wLCB2kVBL._AC_SL1500_-203x300.jpg\" alt=\"\" width=\"203\" height=\"300\" srcset=\"https:\/\/ikasougou.com\/cicg\/wp-content\/uploads\/sites\/45\/2020\/08\/71wLCB2kVBL._AC_SL1500_-203x300.jpg 203w, https:\/\/ikasougou.com\/cicg\/wp-content\/uploads\/sites\/45\/2020\/08\/71wLCB2kVBL._AC_SL1500_-691x1024.jpg 691w, https:\/\/ikasougou.com\/cicg\/wp-content\/uploads\/sites\/45\/2020\/08\/71wLCB2kVBL._AC_SL1500_-768x1138.jpg 768w, https:\/\/ikasougou.com\/cicg\/wp-content\/uploads\/sites\/45\/2020\/08\/71wLCB2kVBL._AC_SL1500_-510x755.jpg 510w, https:\/\/ikasougou.com\/cicg\/wp-content\/uploads\/sites\/45\/2020\/08\/71wLCB2kVBL._AC_SL1500_.jpg 829w\" sizes=\"auto, (max-width: 203px) 100vw, 203px\" \/><\/p>\n<table>\n<tbody>\n<tr>\n<td><strong>Fabricant <\/strong><\/td>\n<td>Manometr\u00eda e Instrumentaci\u00f3n<\/td>\n<\/tr>\n<tr>\n<td><strong>Dimensions du produit (L x l x h) <\/strong><\/td>\n<td>26 x 17 x 5 cm; 270 grammes<\/td>\n<\/tr>\n<tr>\n<td><strong>R\u00e9f\u00e9rence <\/strong><\/td>\n<td>KC-098-Y<\/td>\n<\/tr>\n<tr>\n<td><strong>Type d&#8217;alimentation <\/strong><\/td>\n<td>Bater\u00eda<\/td>\n<\/tr>\n<tr>\n<td><strong>Quantit\u00e9 d&#8217;articles <\/strong><\/td>\n<td>1<\/td>\n<\/tr>\n<tr>\n<td><strong>Nombre de pi\u00e8ces <\/strong><\/td>\n<td>1<\/td>\n<\/tr>\n<tr>\n<td><strong>Syst\u00e8me de mesure <\/strong><\/td>\n<td>Metric<\/td>\n<\/tr>\n<tr>\n<td><strong>Batterie(s) \/ Pile(s) incluse(s) <\/strong><\/td>\n<td>Oui<\/td>\n<\/tr>\n<tr>\n<td><strong>Batterie(s) \/ Pile(s) requise(s) <\/strong><\/td>\n<td>Oui<\/td>\n<\/tr>\n<tr>\n<td><strong>Type de batterie \/ pile <\/strong><\/td>\n<td>Alcaline<\/td>\n<\/tr>\n<tr>\n<td><strong>Poids <\/strong><\/td>\n<td>0.27 Kilogrammes<\/td>\n<\/tr>\n<\/tbody>\n<\/table>\n<p>&nbsp;<\/p>\n<div style=\"display:flex; gap:10px;justify-content:center\" class=\"wps-pgfw-pdf-generate-icon__wrapper-frontend\">\n\t\t<a  href=\"https:\/\/ikasougou.com\/cicg\/wp-json\/wp\/v2\/product\/4481?action=genpdf&amp;id=4481\" class=\"pgfw-single-pdf-download-button\" ><img src=\"https:\/\/ikasougou.com\/cicg\/wp-content\/plugins\/pdf-generator-for-wp\/admin\/src\/images\/PDF_Tray.svg\" title=\"G\u00e9n\u00e9rer un PDF\" style=\"width:auto; height:45px;\"><\/a>\n\t\t<\/div>","protected":false},"excerpt":{"rendered":"<p>Mei KC-098-Y D\u00e9tecteur de tuyaux et cables electriques D\u00e9tecte les tuyaux m\u00e9talliques D\u00e9tecte bois D\u00e9tecte courant \u00e9lectrique Fabricant Manometr\u00eda e Instrumentaci\u00f3n Dimensions du produit (L x l x h) 26 x 17 x 5 cm; 270 grammes R\u00e9f\u00e9rence KC-098-Y Type d&#8217;alimentation Bater\u00eda Quantit\u00e9 d&#8217;articles 1 Nombre de pi\u00e8ces 1 Syst\u00e8me de mesure Metric Batterie(s) \/ [&#8230;]\n","protected":false},"featured_media":4485,"comment_status":"open","ping_status":"closed","template":"","meta":{"jetpack_post_was_ever_published":false,"jetpack_publicize_message":"","jetpack_publicize_feature_enabled":true,"jetpack_social_post_already_shared":true,"jetpack_social_options":{"image_generator_settings":{"template":"highway","default_image_id":0,"font":"","enabled":false},"version":2}},"product_brand":[],"product_cat":[16],"product_tag":[],"class_list":{"0":"post-4481","1":"product","2":"type-product","3":"status-publish","4":"has-post-thumbnail","6":"product_cat-high-tech","8":"first","9":"instock","10":"shipping-taxable","11":"product-type-simple"},"ams_default_variation_id":0,"ams_product_points_reward":[],"ams_product_discount_percentage":0,"ams_price_to_display":0,"aioseo_notices":[],"ams_acf":[],"jetpack_publicize_connections":[],"jetpack_sharing_enabled":true,"jetpack_likes_enabled":true,"_links":{"self":[{"href":"https:\/\/ikasougou.com\/cicg\/wp-json\/wp\/v2\/product\/4481","targetHints":{"allow":["GET"]}}],"collection":[{"href":"https:\/\/ikasougou.com\/cicg\/wp-json\/wp\/v2\/product"}],"about":[{"href":"https:\/\/ikasougou.com\/cicg\/wp-json\/wp\/v2\/types\/product"}],"replies":[{"embeddable":true,"href":"https:\/\/ikasougou.com\/cicg\/wp-json\/wp\/v2\/comments?post=4481"}],"wp:featuredmedia":[{"embeddable":true,"href":"https:\/\/ikasougou.com\/cicg\/wp-json\/wp\/v2\/media\/4485"}],"wp:attachment":[{"href":"https:\/\/ikasougou.com\/cicg\/wp-json\/wp\/v2\/media?parent=4481"}],"wp:term":[{"taxonomy":"product_brand","embeddable":true,"href":"https:\/\/ikasougou.com\/cicg\/wp-json\/wp\/v2\/product_brand?post=4481"},{"taxonomy":"product_cat","embeddable":true,"href":"https:\/\/ikasougou.com\/cicg\/wp-json\/wp\/v2\/product_cat?post=4481"},{"taxonomy":"product_tag","embeddable":true,"href":"https:\/\/ikasougou.com\/cicg\/wp-json\/wp\/v2\/product_tag?post=4481"}],"curies":[{"name":"wp","href":"https:\/\/api.w.org\/{rel}","templated":true}]}}