{"id":4550,"date":"2021-07-13T13:19:43","date_gmt":"2021-07-13T11:19:43","guid":{"rendered":"https:\/\/ikasougou.com\/cicg\/?post_type=product&#038;p=4550"},"modified":"2021-07-13T13:24:58","modified_gmt":"2021-07-13T11:24:58","slug":"memoire-datotek-4g-et-8g-ddr4-2666-pour-pc-portable","status":"publish","type":"product","link":"https:\/\/ikasougou.com\/cicg\/produit\/memoire-datotek-4g-et-8g-ddr4-2666-pour-pc-portable\/","title":{"rendered":"MEMOIRE Datotek 4G et 8G DDR4 2666 POUR PC PORTABLE"},"content":{"rendered":"<ul>\n<li>Barrette M\u00e9moire DATO TEK\u00a0 Pour PC Portable &#8211; Capacit\u00e9 de M\u00e9moire: 8 Go &#8211; Type de m\u00e9moire: DDR4 &#8211; Fr\u00e9quence M\u00e9moire: 2666 MHz &#8211; Facteur de forme: SO-DIMM 260 broches &#8211; Garantie: 1 an<\/li>\n<\/ul>\n<div style=\"display:flex; gap:10px;justify-content:center\" class=\"wps-pgfw-pdf-generate-icon__wrapper-frontend\">\n\t\t<a  href=\"https:\/\/ikasougou.com\/cicg\/wp-json\/wp\/v2\/product\/4550?action=genpdf&amp;id=4550\" class=\"pgfw-single-pdf-download-button\" ><img src=\"https:\/\/ikasougou.com\/cicg\/wp-content\/plugins\/pdf-generator-for-wp\/admin\/src\/images\/PDF_Tray.svg\" title=\"G\u00e9n\u00e9rer un PDF\" style=\"width:auto; height:45px;\"><\/a>\n\t\t<\/div>","protected":false},"excerpt":{"rendered":"<div id=\"product-description-short-821\" class=\"product-description-short\">\n<ul>\n<li>Barrette M\u00e9moire DATO TEK\u00a0 Pour PC Portable &#8211; Capacit\u00e9 de M\u00e9moire: 8 Go &#8211; Type de m\u00e9moire: DDR4 &#8211; Fr\u00e9quence M\u00e9moire: 2666 MHz &#8211; Facteur de forme: SO-DIMM 260 broches &#8211; Garantie: 1 an<\/li>\n<\/ul>\n<\/div>\n<div class=\"product-actions\">\n<form id=\"add-to-cart-or-refresh\" action=\"https:\/\/www.microtn.com\/panier\" method=\"post\">\n<div class=\"product-variants\"><\/div>\n<section class=\"product-discounts\"><\/section>\n<div class=\"product-add-to-cart\">\n<div class=\"product-quantity clearfix\">\n<div class=\"qty\">\n<div class=\"input-group bootstrap-touchspin\"><\/div>\n<\/div>\n<\/div>\n<\/div>\n<\/form>\n<\/div>\n","protected":false},"featured_media":4551,"comment_status":"open","ping_status":"closed","template":"","meta":{"jetpack_post_was_ever_published":false,"jetpack_publicize_message":"","jetpack_publicize_feature_enabled":true,"jetpack_social_post_already_shared":true,"jetpack_social_options":{"image_generator_settings":{"template":"highway","default_image_id":0,"font":"","enabled":false},"version":2}},"product_brand":[],"product_cat":[16,17],"product_tag":[40,38,39],"class_list":{"0":"post-4550","1":"product","2":"type-product","3":"status-publish","4":"has-post-thumbnail","6":"product_cat-high-tech","7":"product_cat-ordinateur-bureautique","8":"product_tag-ddr4","9":"product_tag-memoire","10":"product_tag-pc-portable","12":"first","13":"instock","14":"shipping-taxable","15":"purchasable","16":"product-type-variable","17":"has-default-attributes"},"ams_default_variation_id":4557,"ams_product_points_reward":[],"ams_product_discount_percentage":0,"ams_price_to_display":16000,"aioseo_notices":[],"ams_acf":[],"jetpack_publicize_connections":[],"jetpack_sharing_enabled":true,"jetpack_likes_enabled":true,"_links":{"self":[{"href":"https:\/\/ikasougou.com\/cicg\/wp-json\/wp\/v2\/product\/4550","targetHints":{"allow":["GET"]}}],"collection":[{"href":"https:\/\/ikasougou.com\/cicg\/wp-json\/wp\/v2\/product"}],"about":[{"href":"https:\/\/ikasougou.com\/cicg\/wp-json\/wp\/v2\/types\/product"}],"replies":[{"embeddable":true,"href":"https:\/\/ikasougou.com\/cicg\/wp-json\/wp\/v2\/comments?post=4550"}],"wp:featuredmedia":[{"embeddable":true,"href":"https:\/\/ikasougou.com\/cicg\/wp-json\/wp\/v2\/media\/4551"}],"wp:attachment":[{"href":"https:\/\/ikasougou.com\/cicg\/wp-json\/wp\/v2\/media?parent=4550"}],"wp:term":[{"taxonomy":"product_brand","embeddable":true,"href":"https:\/\/ikasougou.com\/cicg\/wp-json\/wp\/v2\/product_brand?post=4550"},{"taxonomy":"product_cat","embeddable":true,"href":"https:\/\/ikasougou.com\/cicg\/wp-json\/wp\/v2\/product_cat?post=4550"},{"taxonomy":"product_tag","embeddable":true,"href":"https:\/\/ikasougou.com\/cicg\/wp-json\/wp\/v2\/product_tag?post=4550"}],"curies":[{"name":"wp","href":"https:\/\/api.w.org\/{rel}","templated":true}]}}