{"id":118,"date":"2022-08-24T15:30:17","date_gmt":"2022-08-24T13:30:17","guid":{"rendered":"https:\/\/ikasougou.com\/fleurdefemme\/?post_type=product&#038;p=118"},"modified":"2022-09-05T14:31:52","modified_gmt":"2022-09-05T12:31:52","slug":"woussoulan-horon-2","status":"publish","type":"product","link":"https:\/\/ikasougou.com\/fleurdefemme\/produit\/woussoulan-horon-2\/","title":{"rendered":"Woussoulan Horon 1er M"},"content":{"rendered":"<p>Parfumez vos maisons avec cet encens, fabrication 100 pour 100 malienne, nomm\u00e9 Horon 1er, dont le principal ingr\u00e9dient est le \u00ab\u00a0Magnonkiss\u00e8 Horon\u00a0\u00bb. Il est fait \u00e0 base d\u2019ingr\u00e9dients de qualit\u00e9 et est \u00e9galement utilis\u00e9 pour embaumer les v\u00eatements. Cet encens vous apporte une senteur agr\u00e9able tout au long de la journ\u00e9e.<\/p>\n<div style=\"display:flex; gap:10px;justify-content:center\" class=\"wps-pgfw-pdf-generate-icon__wrapper-frontend\">\n\t\t<a  href=\"https:\/\/ikasougou.com\/fleurdefemme\/wp-json\/wp\/v2\/product\/118?action=genpdf&amp;id=118\" class=\"pgfw-single-pdf-download-button\" ><img src=\"https:\/\/ikasougou.com\/fleurdefemme\/wp-content\/plugins\/pdf-generator-for-wp\/admin\/src\/images\/PDF_Tray.svg\" title=\"G\u00e9n\u00e9rer un PDF\" style=\"width:auto; height:45px;\"><\/a>\n\t\t<\/div>","protected":false},"excerpt":{"rendered":"<p>Parfumez vos maisons avec cet encens, fabrication 100 pour 100 malienne, nomm\u00e9 Horon 1er, dont le principal ingr\u00e9dient est le \u00ab\u00a0Magnonkiss\u00e8 Horon\u00a0\u00bb. Il est fait \u00e0 base d\u2019ingr\u00e9dients de qualit\u00e9 et est \u00e9galement utilis\u00e9 pour embaumer les v\u00eatements. Cet encens vous apporte une senteur agr\u00e9able tout au long de la journ\u00e9e.<\/p>\n","protected":false},"featured_media":113,"comment_status":"open","ping_status":"closed","template":"","meta":[],"product_brand":[],"product_cat":[23],"product_tag":[],"class_list":{"0":"post-118","1":"product","2":"type-product","3":"status-publish","4":"has-post-thumbnail","6":"product_cat-encens-woussoulan","8":"first","9":"instock","10":"shipping-taxable","11":"purchasable","12":"product-type-simple"},"ams_default_variation_id":0,"ams_product_points_reward":[],"ams_product_discount_percentage":0,"ams_price_to_display":10000,"aioseo_notices":[],"ams_acf":[],"_links":{"self":[{"href":"https:\/\/ikasougou.com\/fleurdefemme\/wp-json\/wp\/v2\/product\/118","targetHints":{"allow":["GET"]}}],"collection":[{"href":"https:\/\/ikasougou.com\/fleurdefemme\/wp-json\/wp\/v2\/product"}],"about":[{"href":"https:\/\/ikasougou.com\/fleurdefemme\/wp-json\/wp\/v2\/types\/product"}],"replies":[{"embeddable":true,"href":"https:\/\/ikasougou.com\/fleurdefemme\/wp-json\/wp\/v2\/comments?post=118"}],"wp:featuredmedia":[{"embeddable":true,"href":"https:\/\/ikasougou.com\/fleurdefemme\/wp-json\/wp\/v2\/media\/113"}],"wp:attachment":[{"href":"https:\/\/ikasougou.com\/fleurdefemme\/wp-json\/wp\/v2\/media?parent=118"}],"wp:term":[{"taxonomy":"product_brand","embeddable":true,"href":"https:\/\/ikasougou.com\/fleurdefemme\/wp-json\/wp\/v2\/product_brand?post=118"},{"taxonomy":"product_cat","embeddable":true,"href":"https:\/\/ikasougou.com\/fleurdefemme\/wp-json\/wp\/v2\/product_cat?post=118"},{"taxonomy":"product_tag","embeddable":true,"href":"https:\/\/ikasougou.com\/fleurdefemme\/wp-json\/wp\/v2\/product_tag?post=118"}],"curies":[{"name":"wp","href":"https:\/\/api.w.org\/{rel}","templated":true}]}}