{"id":137,"date":"2022-09-02T14:18:06","date_gmt":"2022-09-02T12:18:06","guid":{"rendered":"https:\/\/ikasougou.com\/fleurdefemme\/?post_type=product&#038;p=137"},"modified":"2022-09-05T14:31:50","modified_gmt":"2022-09-05T12:31:50","slug":"eau-de-parfum","status":"publish","type":"product","link":"https:\/\/ikasougou.com\/fleurdefemme\/produit\/eau-de-parfum\/","title":{"rendered":"Eau de Parfum"},"content":{"rendered":"<p>D\u00e9couvrez cette eau de parfum , d\u2019une senteur fra\u00eeche et agr\u00e9able. Le parfum est de longue dur\u00e9e et vous sentez bon tout au long de la journ\u00e9e. Elle peut \u00eatre aussi utilis\u00e9e dans vos pr\u00e9parations d\u2019encens.<\/p>\n<div style=\"display:flex; gap:10px;justify-content:center\" class=\"wps-pgfw-pdf-generate-icon__wrapper-frontend\">\n\t\t<a  href=\"https:\/\/ikasougou.com\/fleurdefemme\/wp-json\/wp\/v2\/product\/137?action=genpdf&amp;id=137\" class=\"pgfw-single-pdf-download-button\" ><img src=\"https:\/\/ikasougou.com\/fleurdefemme\/wp-content\/plugins\/pdf-generator-for-wp\/admin\/src\/images\/PDF_Tray.svg\" title=\"G\u00e9n\u00e9rer un PDF\" style=\"width:auto; height:45px;\"><\/a>\n\t\t<\/div>","protected":false},"excerpt":{"rendered":"<p>D\u00e9couvrez cette eau de parfum , d\u2019une senteur fra\u00eeche et agr\u00e9able. Le parfum est de longue dur\u00e9e et vous sentez bon tout au long de la journ\u00e9e. Elle peut \u00eatre aussi utilis\u00e9e dans vos pr\u00e9parations d\u2019encens.<\/p>\n","protected":false},"featured_media":138,"comment_status":"open","ping_status":"closed","template":"","meta":[],"product_brand":[],"product_cat":[16],"product_tag":[],"class_list":{"0":"post-137","1":"product","2":"type-product","3":"status-publish","4":"has-post-thumbnail","6":"product_cat-parfum","8":"first","9":"instock","10":"shipping-taxable","11":"purchasable","12":"product-type-simple"},"ams_default_variation_id":0,"ams_product_points_reward":[],"ams_product_discount_percentage":0,"ams_price_to_display":3000,"aioseo_notices":[],"ams_acf":[],"_links":{"self":[{"href":"https:\/\/ikasougou.com\/fleurdefemme\/wp-json\/wp\/v2\/product\/137","targetHints":{"allow":["GET"]}}],"collection":[{"href":"https:\/\/ikasougou.com\/fleurdefemme\/wp-json\/wp\/v2\/product"}],"about":[{"href":"https:\/\/ikasougou.com\/fleurdefemme\/wp-json\/wp\/v2\/types\/product"}],"replies":[{"embeddable":true,"href":"https:\/\/ikasougou.com\/fleurdefemme\/wp-json\/wp\/v2\/comments?post=137"}],"wp:featuredmedia":[{"embeddable":true,"href":"https:\/\/ikasougou.com\/fleurdefemme\/wp-json\/wp\/v2\/media\/138"}],"wp:attachment":[{"href":"https:\/\/ikasougou.com\/fleurdefemme\/wp-json\/wp\/v2\/media?parent=137"}],"wp:term":[{"taxonomy":"product_brand","embeddable":true,"href":"https:\/\/ikasougou.com\/fleurdefemme\/wp-json\/wp\/v2\/product_brand?post=137"},{"taxonomy":"product_cat","embeddable":true,"href":"https:\/\/ikasougou.com\/fleurdefemme\/wp-json\/wp\/v2\/product_cat?post=137"},{"taxonomy":"product_tag","embeddable":true,"href":"https:\/\/ikasougou.com\/fleurdefemme\/wp-json\/wp\/v2\/product_tag?post=137"}],"curies":[{"name":"wp","href":"https:\/\/api.w.org\/{rel}","templated":true}]}}