{"id":697,"date":"2022-09-13T11:39:10","date_gmt":"2022-09-13T09:39:10","guid":{"rendered":"https:\/\/ikasougou.com\/ikaecoleta\/?post_type=product&#038;p=697"},"modified":"2022-09-13T11:42:11","modified_gmt":"2022-09-13T09:42:11","slug":"sac-basket-ball-3-pieces","status":"publish","type":"product","link":"https:\/\/ikasougou.com\/ikaecoleta\/produit\/sac-basket-ball-3-pieces\/","title":{"rendered":"Sac Basket Ball 3 pi\u00e8ces"},"content":{"rendered":"<table width=\"472\">\n<tbody>\n<tr>\n<td width=\"472\">Ensemble de 3 pi\u00e8ces de sacs d\u2019\u00e9cole. Sac d&#8217;\u00e9cole avec un sac \u00e0 go\u00fbter et une trousse stylo. Des bretelles ajustables rembourr\u00e9es, confortables, permettent de transporter facilement le sac. Poches multiples internes et externes pour une bonne organisation des fournitures et un acc\u00e8s rapide. Dans la sacoche \u00e0 go\u00fbter, vous pourrez y loger l&#8217;essentiel du go\u00fbter de votre enfant.<\/td>\n<\/tr>\n<\/tbody>\n<\/table>\n<div style=\"display:flex; gap:10px;justify-content:center\" class=\"wps-pgfw-pdf-generate-icon__wrapper-frontend\">\n\t\t<a  href=\"https:\/\/ikasougou.com\/ikaecoleta\/wp-json\/wp\/v2\/product\/697?action=genpdf&amp;id=697\" class=\"pgfw-single-pdf-download-button\" ><img src=\"https:\/\/ikasougou.com\/ikaecoleta\/wp-content\/plugins\/pdf-generator-for-wp\/admin\/src\/images\/PDF_Tray.svg\" title=\"G\u00e9n\u00e9rer un PDF\" style=\"width:auto; height:45px;\"><\/a>\n\t\t<\/div>","protected":false},"excerpt":{"rendered":"<p>Ensemble de 3 pi\u00e8ces de sacs d\u2019\u00e9cole. Sac d&#8217;\u00e9cole avec un sac \u00e0 go\u00fbter et une trousse stylo. Des bretelles ajustables rembourr\u00e9es, confortables, permettent de transporter facilement le sac. Poches multiples internes et externes pour une bonne organisation des fournitures et un acc\u00e8s rapide. Dans la sacoche \u00e0 go\u00fbter, vous pourrez y loger l&#8217;essentiel du [&#8230;]\n","protected":false},"featured_media":722,"comment_status":"open","ping_status":"closed","template":"","meta":{"jetpack_post_was_ever_published":false,"jetpack_publicize_message":"","jetpack_publicize_feature_enabled":true,"jetpack_social_post_already_shared":true,"jetpack_social_options":{"image_generator_settings":{"template":"highway","default_image_id":0,"font":"","enabled":false},"version":2}},"product_brand":[],"product_cat":[43,42],"product_tag":[],"class_list":{"0":"post-697","1":"product","2":"type-product","3":"status-publish","4":"has-post-thumbnail","6":"product_cat-fourniture-scolaire","7":"product_cat-home","9":"first","10":"instock","11":"shipping-taxable","12":"purchasable","13":"product-type-simple"},"ams_default_variation_id":0,"ams_product_points_reward":[],"ams_product_discount_percentage":0,"ams_price_to_display":10000,"aioseo_notices":[],"ams_acf":[],"jetpack_publicize_connections":[],"jetpack_sharing_enabled":true,"jetpack_likes_enabled":true,"_links":{"self":[{"href":"https:\/\/ikasougou.com\/ikaecoleta\/wp-json\/wp\/v2\/product\/697","targetHints":{"allow":["GET"]}}],"collection":[{"href":"https:\/\/ikasougou.com\/ikaecoleta\/wp-json\/wp\/v2\/product"}],"about":[{"href":"https:\/\/ikasougou.com\/ikaecoleta\/wp-json\/wp\/v2\/types\/product"}],"replies":[{"embeddable":true,"href":"https:\/\/ikasougou.com\/ikaecoleta\/wp-json\/wp\/v2\/comments?post=697"}],"wp:featuredmedia":[{"embeddable":true,"href":"https:\/\/ikasougou.com\/ikaecoleta\/wp-json\/wp\/v2\/media\/722"}],"wp:attachment":[{"href":"https:\/\/ikasougou.com\/ikaecoleta\/wp-json\/wp\/v2\/media?parent=697"}],"wp:term":[{"taxonomy":"product_brand","embeddable":true,"href":"https:\/\/ikasougou.com\/ikaecoleta\/wp-json\/wp\/v2\/product_brand?post=697"},{"taxonomy":"product_cat","embeddable":true,"href":"https:\/\/ikasougou.com\/ikaecoleta\/wp-json\/wp\/v2\/product_cat?post=697"},{"taxonomy":"product_tag","embeddable":true,"href":"https:\/\/ikasougou.com\/ikaecoleta\/wp-json\/wp\/v2\/product_tag?post=697"}],"curies":[{"name":"wp","href":"https:\/\/api.w.org\/{rel}","templated":true}]}}