{"id":1152,"date":"2023-12-25T15:04:24","date_gmt":"2023-12-25T14:04:24","guid":{"rendered":"https:\/\/ikasougou.com\/ikanoel\/produit\/buches-de-noel-foret-foret-noire\/"},"modified":"2023-12-25T15:04:24","modified_gmt":"2023-12-25T14:04:24","slug":"buches-de-noel-foret-foret-noire","status":"publish","type":"product","link":"https:\/\/ikasougou.com\/ikanoel\/produit\/buches-de-noel-foret-foret-noire\/","title":{"rendered":"Buches de Noel Foret  Noire"},"content":{"rendered":"<p data-sourcepos=\"5:1-5:120\"><strong>Pour un No\u00ebl gourmand et traditionnel, laissez-vous tenter par la b\u00fbche de No\u00ebl D\u00e9lices For\u00eat Noire de Mamy D\u00e9lices.<\/strong><\/p>\n<p data-sourcepos=\"7:1-7:114\">Cette b\u00fbche all\u00e9chante associe trois saveurs incontournables : la cr\u00e8me vanille, les fruits mixtes et le chocolat.<\/p>\n<p data-sourcepos=\"9:1-9:225\">La cr\u00e8me vanille est onctueuse et savoureuse, avec une note subtile de vanille. Les fruits mixtes apportent une touche de fra\u00eecheur et de gourmandise. Le chocolat, quant \u00e0 lui, apporte une note de gourmandise et de r\u00e9confort.<\/p>\n<p data-sourcepos=\"11:1-11:160\"><strong>Cette b\u00fbche est parfaite pour terminer un repas de No\u00ebl en beaut\u00e9. Elle ravira les petits comme les grands, avec son go\u00fbt classique et ses textures vari\u00e9es.<\/strong><\/p>\n<p data-sourcepos=\"13:1-13:86\"><strong>Commandez d\u00e8s aujourd&#8217;hui votre b\u00fbche de No\u00ebl D\u00e9lices For\u00eat Noire sur Ika Sougou !<\/strong><\/p>\n<p data-sourcepos=\"15:1-15:256\"><strong>En plus des saveurs vari\u00e9es, les b\u00fbches de No\u00ebl Mamy D\u00e9lices sont fabriqu\u00e9es artisanalement, avec des produits de qualit\u00e9. Les p\u00e2tissiers de Mamy D\u00e9lices utilisent des ingr\u00e9dients frais et de saison, pour vous garantir un dessert savoureux et gourmand.<\/strong><\/p>\n<p data-sourcepos=\"17:1-17:241\"><strong>Les b\u00fbches de No\u00ebl Mamy D\u00e9lices sont disponibles en pr\u00e9commande sur le site Ika Sougou. Vous pouvez choisir la taille et la quantit\u00e9 de b\u00fbches que vous souhaitez. Les b\u00fbches seront livr\u00e9es directement chez vous, \u00e0 la date de votre choix.<\/strong><\/p>\n<p data-sourcepos=\"19:1-19:118\"><strong>Voici quelques points suppl\u00e9mentaires que vous pouvez ajouter \u00e0 votre description pour la rendre plus persuasive :<\/strong><\/p>\n<ul data-sourcepos=\"21:1-24:0\">\n<li data-sourcepos=\"21:1-21:179\"><strong>Mettez en avant les b\u00e9n\u00e9fices de la b\u00fbche pour le consommateur.<\/strong> Par exemple, vous pouvez mentionner qu&#8217;elle est &#8220;gourmande&#8221;, &#8220;traditionnelle&#8221; ou &#8220;convient \u00e0 tous les go\u00fbts&#8221;.<\/li>\n<li data-sourcepos=\"22:1-22:155\"><strong>Utilisez un langage positif et engageant.<\/strong> Par exemple, vous pouvez utiliser des verbes d&#8217;action comme &#8220;laissez-vous tenter&#8221;, &#8220;ravira&#8221; ou &#8220;commandez&#8221;.<\/li>\n<li data-sourcepos=\"23:1-24:0\"><strong>Ajoutez une touche d&#8217;originalit\u00e9.<\/strong> Par exemple, vous pouvez raconter une anecdote ou faire une comparaison int\u00e9ressante.<\/li>\n<\/ul>\n<p data-sourcepos=\"25:1-25:79\">\n<div style=\"display:flex; gap:10px;justify-content:center\" class=\"wps-pgfw-pdf-generate-icon__wrapper-frontend\">\n\t\t<a  href=\"https:\/\/ikasougou.com\/ikanoel\/wp-json\/wp\/v2\/product\/1152?action=genpdf&amp;id=1152\" class=\"pgfw-single-pdf-download-button\" ><img src=\"https:\/\/ikasougou.com\/ikanoel\/wp-content\/plugins\/pdf-generator-for-wp\/admin\/src\/images\/PDF_Tray.svg\" title=\"G\u00e9n\u00e9rer un PDF\" style=\"width:auto; height:45px;\"><\/a>\n\t\t<\/div>","protected":false},"excerpt":{"rendered":"<p>Pour un No\u00ebl gourmand et traditionnel, laissez-vous tenter par la b\u00fbche de No\u00ebl D\u00e9lices For\u00eat Noire de Mamy D\u00e9lices. Cette b\u00fbche all\u00e9chante associe trois saveurs incontournables : la cr\u00e8me vanille, les fruits mixtes et le chocolat. La cr\u00e8me vanille est onctueuse et savoureuse, avec une note subtile de vanille. Les fruits mixtes apportent une touche [&#8230;]\n","protected":false},"featured_media":1153,"comment_status":"open","ping_status":"closed","template":"","meta":[],"product_brand":[],"product_cat":[92],"product_tag":[],"class_list":{"0":"post-1152","1":"product","2":"type-product","3":"status-publish","4":"has-post-thumbnail","6":"product_cat-gateaux","8":"first","9":"outofstock","10":"shipping-taxable","11":"purchasable","12":"product-type-variable"},"ams_default_variation_id":0,"ams_product_points_reward":[],"ams_product_discount_percentage":0,"ams_price_to_display":25000,"aioseo_notices":[],"ams_acf":[],"_links":{"self":[{"href":"https:\/\/ikasougou.com\/ikanoel\/wp-json\/wp\/v2\/product\/1152","targetHints":{"allow":["GET"]}}],"collection":[{"href":"https:\/\/ikasougou.com\/ikanoel\/wp-json\/wp\/v2\/product"}],"about":[{"href":"https:\/\/ikasougou.com\/ikanoel\/wp-json\/wp\/v2\/types\/product"}],"replies":[{"embeddable":true,"href":"https:\/\/ikasougou.com\/ikanoel\/wp-json\/wp\/v2\/comments?post=1152"}],"wp:featuredmedia":[{"embeddable":true,"href":"https:\/\/ikasougou.com\/ikanoel\/wp-json\/wp\/v2\/media\/1153"}],"wp:attachment":[{"href":"https:\/\/ikasougou.com\/ikanoel\/wp-json\/wp\/v2\/media?parent=1152"}],"wp:term":[{"taxonomy":"product_brand","embeddable":true,"href":"https:\/\/ikasougou.com\/ikanoel\/wp-json\/wp\/v2\/product_brand?post=1152"},{"taxonomy":"product_cat","embeddable":true,"href":"https:\/\/ikasougou.com\/ikanoel\/wp-json\/wp\/v2\/product_cat?post=1152"},{"taxonomy":"product_tag","embeddable":true,"href":"https:\/\/ikasougou.com\/ikanoel\/wp-json\/wp\/v2\/product_tag?post=1152"}],"curies":[{"name":"wp","href":"https:\/\/api.w.org\/{rel}","templated":true}]}}