{"id":119,"date":"2021-12-20T16:12:10","date_gmt":"2021-12-20T15:12:10","guid":{"rendered":"https:\/\/ikasougou.com\/ikanoel\/?post_type=product&#038;p=119"},"modified":"2021-12-20T16:12:10","modified_gmt":"2021-12-20T15:12:10","slug":"raisins-sec-sun-maid","status":"publish","type":"product","link":"https:\/\/ikasougou.com\/ikanoel\/produit\/raisins-sec-sun-maid\/","title":{"rendered":"Raisins Sec Sun-Maid"},"content":{"rendered":"<pre id=\"tw-target-text\" class=\"tw-data-text tw-text-large tw-ta\" dir=\"ltr\" data-placeholder=\"Traduction\"><span class=\"Y2IQFc\" lang=\"fr\">\r\n\r\nLes raisins secs Sun-Maid sont ce que leur nom sugg\u00e8re - ils sont fabriqu\u00e9s au soleil ! Les raisins secs sont produits \u00e0 partir d'un processus de s\u00e9chage d'une vari\u00e9t\u00e9 de raisins au soleil. Cette technique de s\u00e9chage au soleil utilis\u00e9e pour faire des raisins secs existe depuis des si\u00e8cles, depuis l'Antiquit\u00e9. En fait, les \u00e9crits \u00e9gyptiens antiques donnent des preuves sugg\u00e9rant que les raisins secs \u00e9taient consomm\u00e9s dans les cultures \u00e9gyptiennes antiques. Les raisins secs ont un go\u00fbt semblable au raisin; Cependant, le processus de s\u00e9chage au soleil permet au sucre des raisins secs de devenir beaucoup plus concentr\u00e9 par rapport aux raisins, ce qui donne aux raisins secs un go\u00fbt beaucoup plus sucr\u00e9 que vos pommes de terre. La plupart des raisins utilis\u00e9s pour faire des raisins secs aux \u00c9tats-Unis sont cultiv\u00e9s sous le soleil de Californie, car la r\u00e9gion b\u00e9n\u00e9ficie d'un climat et d'un terrain id\u00e9aux pour la culture du raisin. Il faut plus de quatre livres de raisins frais pour faire une livre de raisins secs frais.\r\n\r\nAlors que les raisins secs Sun-Maid sont produits \u00e0 partir d'un processus \u00e9prouv\u00e9 pour cr\u00e9er des raisins secs de haute qualit\u00e9, il est probable que les premiers processus de fabrication des raisins secs aient \u00e9t\u00e9 d\u00e9couverts accidentellement. De nombreux historiens imaginent que le processus de s\u00e9chage au soleil utilis\u00e9 pour cr\u00e9er des raisins secs aurait pu \u00eatre d\u00e9couvert par nos anc\u00eatres lorsqu'ils ont trouv\u00e9 des fruits tomb\u00e9s qui avaient \u00e9t\u00e9 s\u00e9ch\u00e9s au soleil. Ils ont probablement consomm\u00e9 le fruit et l'ont trouv\u00e9 beaucoup plus sucr\u00e9 apr\u00e8s avoir \u00e9t\u00e9 s\u00e9ch\u00e9 au soleil.\r\n\r\nAvantages des raisins secs\r\n\r\nLes raisins secs au soleil offrent un certain nombre d'avantages pour la sant\u00e9 gr\u00e2ce en partie \u00e0 leurs quantit\u00e9s \u00e9lev\u00e9es de fibres et d'antioxydants. Les grandes quantit\u00e9s de fibres dans les raisins secs bio Sun-Maid vous permettent d'avoir un syst\u00e8me digestif plus sain et de mieux r\u00e9guler vos selles. Les antioxydants contenus dans ces raisins secs vous soulagent \u00e9galement des radicaux libres et du stress oxydatif. Les radicaux libres sont des compos\u00e9s chimiques nocifs qui augmentent le risque de cancer, tandis que le stress oxydatif peut conduire au d\u00e9veloppement d'une maladie chronique. Les raisins secs agissent \u00e9galement comme conservateurs naturels pour de nombreux aliments.<\/span><\/pre>\n<div style=\"display:flex; gap:10px;justify-content:center\" class=\"wps-pgfw-pdf-generate-icon__wrapper-frontend\">\n\t\t<a  href=\"https:\/\/ikasougou.com\/ikanoel\/wp-json\/wp\/v2\/product\/119?action=genpdf&amp;id=119\" class=\"pgfw-single-pdf-download-button\" ><img src=\"https:\/\/ikasougou.com\/ikanoel\/wp-content\/plugins\/pdf-generator-for-wp\/admin\/src\/images\/PDF_Tray.svg\" title=\"G\u00e9n\u00e9rer un PDF\" style=\"width:auto; height:45px;\"><\/a>\n\t\t<\/div>","protected":false},"excerpt":{"rendered":"<p>Les raisins secs Sun-Maid sont ce que leur nom sugg\u00e8re &#8211; ils sont fabriqu\u00e9s au soleil ! Les raisins secs sont produits \u00e0 partir d&#8217;un processus de s\u00e9chage d&#8217;une vari\u00e9t\u00e9 de raisins au soleil. Cette technique de s\u00e9chage au soleil utilis\u00e9e pour faire des raisins secs existe depuis des si\u00e8cles, depuis l&#8217;Antiquit\u00e9. En fait, les [&#8230;]\n","protected":false},"featured_media":122,"comment_status":"open","ping_status":"closed","template":"","meta":[],"product_brand":[],"product_cat":[16],"product_tag":[19,20,81,82,83],"class_list":{"0":"post-119","1":"product","2":"type-product","3":"status-publish","4":"has-post-thumbnail","6":"product_cat-alimentaires","7":"product_tag-bamako","8":"product_tag-mali","9":"product_tag-raisins-sec","10":"product_tag-raisins-sec-sun-maid","11":"product_tag-repas-de-noel","13":"first","14":"instock","15":"shipping-taxable","16":"purchasable","17":"product-type-simple"},"ams_default_variation_id":0,"ams_product_points_reward":[],"ams_product_discount_percentage":0,"ams_price_to_display":6000,"aioseo_notices":[],"ams_acf":[],"_links":{"self":[{"href":"https:\/\/ikasougou.com\/ikanoel\/wp-json\/wp\/v2\/product\/119","targetHints":{"allow":["GET"]}}],"collection":[{"href":"https:\/\/ikasougou.com\/ikanoel\/wp-json\/wp\/v2\/product"}],"about":[{"href":"https:\/\/ikasougou.com\/ikanoel\/wp-json\/wp\/v2\/types\/product"}],"replies":[{"embeddable":true,"href":"https:\/\/ikasougou.com\/ikanoel\/wp-json\/wp\/v2\/comments?post=119"}],"wp:featuredmedia":[{"embeddable":true,"href":"https:\/\/ikasougou.com\/ikanoel\/wp-json\/wp\/v2\/media\/122"}],"wp:attachment":[{"href":"https:\/\/ikasougou.com\/ikanoel\/wp-json\/wp\/v2\/media?parent=119"}],"wp:term":[{"taxonomy":"product_brand","embeddable":true,"href":"https:\/\/ikasougou.com\/ikanoel\/wp-json\/wp\/v2\/product_brand?post=119"},{"taxonomy":"product_cat","embeddable":true,"href":"https:\/\/ikasougou.com\/ikanoel\/wp-json\/wp\/v2\/product_cat?post=119"},{"taxonomy":"product_tag","embeddable":true,"href":"https:\/\/ikasougou.com\/ikanoel\/wp-json\/wp\/v2\/product_tag?post=119"}],"curies":[{"name":"wp","href":"https:\/\/api.w.org\/{rel}","templated":true}]}}