{"id":1406,"date":"2022-06-29T17:21:10","date_gmt":"2022-06-29T15:21:10","guid":{"rendered":"https:\/\/ikasougou.com\/ikaseliba\/?post_type=product&#038;p=1406"},"modified":"2022-06-29T17:21:10","modified_gmt":"2022-06-29T15:21:10","slug":"240-bouteilles-deau-minerale-arawane-33cl","status":"publish","type":"product","link":"https:\/\/ikasougou.com\/ikaseliba\/produit\/240-bouteilles-deau-minerale-arawane-33cl\/","title":{"rendered":"240 Bouteilles d&#8217;Eau Min\u00e9rale ARAWANE 33cl"},"content":{"rendered":"<p>D\u00e9couvrez en exclusivit\u00e9 sur Ikasougou.com, l\u2019eau min\u00e9rale ARAWANE, une eau malienne naturellement pure, l\u00e9g\u00e8re et douce. Nous vous proposons le format de 33 centilitre en un pack de 240 \u00e0 22500 FCFA.<\/p>\n<p><img data-recalc-dims=\"1\" loading=\"lazy\" decoding=\"async\" class=\"alignnone size-medium wp-image-1407\" src=\"https:\/\/i0.wp.com\/ikasougou.com\/ikaseliba\/wp-content\/uploads\/sites\/91\/2022\/06\/ARAWANE01.png?resize=108%2C300&#038;ssl=1\" alt=\"\" width=\"108\" height=\"300\" \/><\/p>\n<div style=\"display:flex; gap:10px;justify-content:center\" class=\"wps-pgfw-pdf-generate-icon__wrapper-frontend\">\n\t\t<a  href=\"https:\/\/ikasougou.com\/ikaseliba\/wp-json\/wp\/v2\/product\/1406?action=genpdf&amp;id=1406\" class=\"pgfw-single-pdf-download-button\" ><img src=\"https:\/\/ikasougou.com\/ikaseliba\/wp-content\/plugins\/pdf-generator-for-wp\/admin\/src\/images\/PDF_Tray.svg\" title=\"G\u00e9n\u00e9rer un PDF\" style=\"width:auto; height:45px;\"><\/a>\n\t\t<\/div>","protected":false},"excerpt":{"rendered":"<p>D\u00e9couvrez en exclusivit\u00e9 sur Ikasougou.com, l\u2019eau min\u00e9rale ARAWANE, une eau malienne naturellement pure, l\u00e9g\u00e8re et douce. Nous vous proposons le format de 33 centilitre en un pack de 240 \u00e0 22500 FCFA.<\/p>\n","protected":false},"featured_media":1408,"comment_status":"open","ping_status":"closed","template":"","meta":{"jetpack_publicize_message":"","jetpack_publicize_feature_enabled":true,"jetpack_social_post_already_shared":true,"jetpack_social_options":{"image_generator_settings":{"template":"highway","default_image_id":0,"font":"","enabled":false},"version":2}},"product_brand":[],"product_cat":[186],"product_tag":[478,479,72,480,481,78],"class_list":{"0":"post-1406","1":"product","2":"type-product","3":"status-publish","4":"has-post-thumbnail","6":"product_cat-alimentaires","7":"product_tag-240-bouteilles-deau-minerale-arawane-33cl","8":"product_tag-alimentaires2022","9":"product_tag-bamako","10":"product_tag-eau-minerale","11":"product_tag-eau-minerale-arawane-33cl","12":"product_tag-mali","14":"first","15":"instock","16":"shipping-taxable","17":"purchasable","18":"product-type-simple"},"ams_default_variation_id":0,"ams_product_points_reward":[],"ams_product_discount_percentage":0,"ams_price_to_display":22500,"aioseo_notices":[],"ams_acf":[],"jetpack_publicize_connections":[],"jetpack-related-posts":[],"jetpack_sharing_enabled":true,"jetpack_likes_enabled":true,"_links":{"self":[{"href":"https:\/\/ikasougou.com\/ikaseliba\/wp-json\/wp\/v2\/product\/1406","targetHints":{"allow":["GET"]}}],"collection":[{"href":"https:\/\/ikasougou.com\/ikaseliba\/wp-json\/wp\/v2\/product"}],"about":[{"href":"https:\/\/ikasougou.com\/ikaseliba\/wp-json\/wp\/v2\/types\/product"}],"replies":[{"embeddable":true,"href":"https:\/\/ikasougou.com\/ikaseliba\/wp-json\/wp\/v2\/comments?post=1406"}],"wp:featuredmedia":[{"embeddable":true,"href":"https:\/\/ikasougou.com\/ikaseliba\/wp-json\/wp\/v2\/media\/1408"}],"wp:attachment":[{"href":"https:\/\/ikasougou.com\/ikaseliba\/wp-json\/wp\/v2\/media?parent=1406"}],"wp:term":[{"taxonomy":"product_brand","embeddable":true,"href":"https:\/\/ikasougou.com\/ikaseliba\/wp-json\/wp\/v2\/product_brand?post=1406"},{"taxonomy":"product_cat","embeddable":true,"href":"https:\/\/ikasougou.com\/ikaseliba\/wp-json\/wp\/v2\/product_cat?post=1406"},{"taxonomy":"product_tag","embeddable":true,"href":"https:\/\/ikasougou.com\/ikaseliba\/wp-json\/wp\/v2\/product_tag?post=1406"}],"curies":[{"name":"wp","href":"https:\/\/api.w.org\/{rel}","templated":true}]}}