{"id":1441,"date":"2022-06-30T13:18:15","date_gmt":"2022-06-30T11:18:15","guid":{"rendered":"https:\/\/ikasougou.com\/ikaseliba\/?post_type=product&#038;p=1441"},"modified":"2022-07-04T18:31:02","modified_gmt":"2022-07-04T16:31:02","slug":"bonnet-a-casquette-2","status":"publish","type":"product","link":"https:\/\/ikasougou.com\/ikaseliba\/produit\/bonnet-a-casquette-2\/","title":{"rendered":"Bonnet \u00e0 Casquette"},"content":{"rendered":"<p>Cette casquette foulard est id\u00e9ale pour les beaux jours.<br \/>C\u2019est un accessoire parfait pour les jeunes filles qui d\u00e9butent le port du voile. Ce type de mod\u00e8le est pratique dans de nombreuses situations \u00e0 savoir, vos sorties entre copines, les courses\u2026C&#8217;est une petite coiffe qui peut vous accompagner partout.<br \/>Cette casquette est l\u00e9g\u00e8re et agr\u00e9able \u00e0 porter. Sa visi\u00e8re vous prot\u00e9gera les yeux et le visage des rayons du soleil.<br \/>Sa taille va \u00e0 toutes formes de t\u00eate et vous pouvez nouer le foulard \u00e0 votre guise. Diff\u00e9rentes couleurs disponibles.<\/p>\n<div style=\"display:flex; gap:10px;justify-content:center\" class=\"wps-pgfw-pdf-generate-icon__wrapper-frontend\">\n\t\t<a  href=\"https:\/\/ikasougou.com\/ikaseliba\/wp-json\/wp\/v2\/product\/1441?action=genpdf&amp;id=1441\" class=\"pgfw-single-pdf-download-button\" ><img src=\"https:\/\/ikasougou.com\/ikaseliba\/wp-content\/plugins\/pdf-generator-for-wp\/admin\/src\/images\/PDF_Tray.svg\" title=\"G\u00e9n\u00e9rer un PDF\" style=\"width:auto; height:45px;\"><\/a>\n\t\t<\/div>","protected":false},"excerpt":{"rendered":"<p>Cette casquette foulard est id\u00e9ale pour les beaux jours.C\u2019est un accessoire parfait pour les jeunes filles qui d\u00e9butent le port du voile. Ce type de mod\u00e8le est pratique dans de nombreuses situations \u00e0 savoir, vos sorties entre copines, les courses\u2026C&#8217;est une petite coiffe qui peut vous accompagner partout.Cette casquette est l\u00e9g\u00e8re et agr\u00e9able \u00e0 porter. [&#8230;]\n","protected":false},"featured_media":1467,"comment_status":"open","ping_status":"closed","template":"","meta":{"jetpack_publicize_message":"","jetpack_publicize_feature_enabled":true,"jetpack_social_post_already_shared":true,"jetpack_social_options":{"image_generator_settings":{"template":"highway","default_image_id":0,"font":"","enabled":false},"version":2}},"product_brand":[],"product_cat":[493],"product_tag":[],"class_list":{"0":"post-1441","1":"product","2":"type-product","3":"status-publish","4":"has-post-thumbnail","6":"product_cat-foulards-bonnet","8":"first","9":"instock","10":"shipping-taxable","11":"purchasable","12":"product-type-simple"},"ams_default_variation_id":0,"ams_product_points_reward":[],"ams_product_discount_percentage":0,"ams_price_to_display":4500,"aioseo_notices":[],"ams_acf":[],"jetpack_publicize_connections":[],"jetpack-related-posts":[],"jetpack_sharing_enabled":true,"jetpack_likes_enabled":true,"_links":{"self":[{"href":"https:\/\/ikasougou.com\/ikaseliba\/wp-json\/wp\/v2\/product\/1441","targetHints":{"allow":["GET"]}}],"collection":[{"href":"https:\/\/ikasougou.com\/ikaseliba\/wp-json\/wp\/v2\/product"}],"about":[{"href":"https:\/\/ikasougou.com\/ikaseliba\/wp-json\/wp\/v2\/types\/product"}],"replies":[{"embeddable":true,"href":"https:\/\/ikasougou.com\/ikaseliba\/wp-json\/wp\/v2\/comments?post=1441"}],"wp:featuredmedia":[{"embeddable":true,"href":"https:\/\/ikasougou.com\/ikaseliba\/wp-json\/wp\/v2\/media\/1467"}],"wp:attachment":[{"href":"https:\/\/ikasougou.com\/ikaseliba\/wp-json\/wp\/v2\/media?parent=1441"}],"wp:term":[{"taxonomy":"product_brand","embeddable":true,"href":"https:\/\/ikasougou.com\/ikaseliba\/wp-json\/wp\/v2\/product_brand?post=1441"},{"taxonomy":"product_cat","embeddable":true,"href":"https:\/\/ikasougou.com\/ikaseliba\/wp-json\/wp\/v2\/product_cat?post=1441"},{"taxonomy":"product_tag","embeddable":true,"href":"https:\/\/ikasougou.com\/ikaseliba\/wp-json\/wp\/v2\/product_tag?post=1441"}],"curies":[{"name":"wp","href":"https:\/\/api.w.org\/{rel}","templated":true}]}}