{"id":472,"date":"2021-07-02T17:59:15","date_gmt":"2021-07-02T15:59:15","guid":{"rendered":"https:\/\/ikasougou.com\/ikaseliba\/?post_type=product&#038;p=472"},"modified":"2023-11-25T23:17:10","modified_gmt":"2023-11-25T22:17:10","slug":"members-mark-white-balsamic-vinaigrette-1-03l","status":"publish","type":"product","link":"https:\/\/ikasougou.com\/ikaseliba\/produit\/members-mark-white-balsamic-vinaigrette-1-03l\/","title":{"rendered":"Member&#8217;s Mark White Balsamic Vinaigrette 1.03L"},"content":{"rendered":"<p>Vinaigrette et marinade au balsamique blanc et aux agrumes<br \/>\nGrand favori de d\u00e9gustation pr\u00e9par\u00e9 par Culinary Treasures<br \/>\nUtiliser comme vinaigrette, une trempette pour les ap\u00e9ritifs et les l\u00e9gumes.<\/p>\n<div style=\"display:flex; gap:10px;justify-content:center\" class=\"wps-pgfw-pdf-generate-icon__wrapper-frontend\">\n\t\t<a  href=\"https:\/\/ikasougou.com\/ikaseliba\/wp-json\/wp\/v2\/product\/472?action=genpdf&amp;id=472\" class=\"pgfw-single-pdf-download-button\" ><img src=\"https:\/\/ikasougou.com\/ikaseliba\/wp-content\/plugins\/pdf-generator-for-wp\/admin\/src\/images\/PDF_Tray.svg\" title=\"G\u00e9n\u00e9rer un PDF\" style=\"width:auto; height:45px;\"><\/a>\n\t\t<\/div>","protected":false},"excerpt":{"rendered":"<p>Vinaigrette et marinade au balsamique blanc et aux agrumes Grand favori de d\u00e9gustation pr\u00e9par\u00e9 par Culinary Treasures Utiliser comme vinaigrette, une trempette pour les ap\u00e9ritifs et les l\u00e9gumes.<\/p>\n","protected":false},"featured_media":505,"comment_status":"open","ping_status":"closed","template":"","meta":{"jetpack_publicize_message":"","jetpack_publicize_feature_enabled":true,"jetpack_social_post_already_shared":false,"jetpack_social_options":{"image_generator_settings":{"template":"highway","default_image_id":0,"font":"","enabled":false},"version":2}},"product_brand":[],"product_cat":[198,207,200,186],"product_tag":[72,78,209,205,211],"class_list":{"0":"post-472","1":"product","2":"type-product","3":"status-publish","4":"has-post-thumbnail","6":"product_cat-boucherie-charcuterie-et-poissonerie","7":"product_cat-epicerie-sale-sucre-et-africain","8":"product_cat-sauce","9":"product_cat-alimentaires","10":"product_tag-bamako","11":"product_tag-mali","12":"product_tag-nakara","13":"product_tag-sauce","14":"product_tag-vinaigrette","16":"first","17":"instock","18":"shipping-taxable","19":"purchasable","20":"product-type-simple"},"ams_default_variation_id":0,"ams_product_points_reward":[],"ams_product_discount_percentage":0,"ams_price_to_display":6000,"aioseo_notices":[],"ams_acf":[],"jetpack_publicize_connections":[],"jetpack-related-posts":[],"jetpack_sharing_enabled":true,"jetpack_likes_enabled":true,"_links":{"self":[{"href":"https:\/\/ikasougou.com\/ikaseliba\/wp-json\/wp\/v2\/product\/472","targetHints":{"allow":["GET"]}}],"collection":[{"href":"https:\/\/ikasougou.com\/ikaseliba\/wp-json\/wp\/v2\/product"}],"about":[{"href":"https:\/\/ikasougou.com\/ikaseliba\/wp-json\/wp\/v2\/types\/product"}],"replies":[{"embeddable":true,"href":"https:\/\/ikasougou.com\/ikaseliba\/wp-json\/wp\/v2\/comments?post=472"}],"wp:featuredmedia":[{"embeddable":true,"href":"https:\/\/ikasougou.com\/ikaseliba\/wp-json\/wp\/v2\/media\/505"}],"wp:attachment":[{"href":"https:\/\/ikasougou.com\/ikaseliba\/wp-json\/wp\/v2\/media?parent=472"}],"wp:term":[{"taxonomy":"product_brand","embeddable":true,"href":"https:\/\/ikasougou.com\/ikaseliba\/wp-json\/wp\/v2\/product_brand?post=472"},{"taxonomy":"product_cat","embeddable":true,"href":"https:\/\/ikasougou.com\/ikaseliba\/wp-json\/wp\/v2\/product_cat?post=472"},{"taxonomy":"product_tag","embeddable":true,"href":"https:\/\/ikasougou.com\/ikaseliba\/wp-json\/wp\/v2\/product_tag?post=472"}],"curies":[{"name":"wp","href":"https:\/\/api.w.org\/{rel}","templated":true}]}}