{"id":490,"date":"2021-07-02T17:59:17","date_gmt":"2021-07-02T15:59:17","guid":{"rendered":"https:\/\/ikasougou.com\/ikaseliba\/?post_type=product&#038;p=490"},"modified":"2021-07-03T13:29:53","modified_gmt":"2021-07-03T11:29:53","slug":"happy-day-guave-1l","status":"publish","type":"product","link":"https:\/\/ikasougou.com\/ikaseliba\/produit\/happy-day-guave-1l\/","title":{"rendered":"Happy Day Guave 1l"},"content":{"rendered":"<table class=\"table table-striped table-bordered\">\n<tbody>\n<tr class=\"attr-weight\">\n<td class=\"attr-label word-break\"><span>Poids d&#8217;exp\u00e9dition:<\/span><\/td>\n<td class=\"attr-value weight-unit\"><span>1,10 kg<\/span><\/td>\n<\/tr>\n<tr class=\"attr-weight\">\n<td class=\"attr-label word-break\"><span>Poids de l&#8217;article:<\/span><\/td>\n<td class=\"attr-value weight-unit\"><span>1,00 kilogrammes<\/span><\/td>\n<\/tr>\n<tr class=\"attr-contents\">\n<td class=\"attr-label word-break\"><span>Contenu:<\/span><\/td>\n<td class=\"attr-value\"><span>1,00 l<\/span><\/td>\n<\/tr>\n<tr class=\"attr-custom\">\n<td class=\"attr-label word-break\"><span>La description:<\/span><\/td>\n<td class=\"attr-value\"><span>Go\u00fbt: goyave rose<\/span><\/p>\n<p><span>plaisir de fruits incomparable<\/span><\/p>\n<p><span>dans la plus haute qualit\u00e9<\/span><\/p>\n<p><span>100% v\u00e9g\u00e9talien<\/span><\/td>\n<\/tr>\n<tr class=\"attr-custom\">\n<td class=\"attr-label word-break\"><span>Instructions de stockage:<\/span><\/td>\n<td class=\"attr-value\"><span>Peut \u00eatre conserv\u00e9 au r\u00e9frig\u00e9rateur pendant 3 jours lorsqu&#8217;il est ouvert.<\/span><\/td>\n<\/tr>\n<tr class=\"attr-custom\">\n<td class=\"attr-label word-break\"><span>Nom l\u00e9gal:<\/span><\/td>\n<td class=\"attr-value\"><span>Nectar de goyave \u00e0 la vitamine C.<\/span><\/td>\n<\/tr>\n<tr class=\"attr-custom\">\n<td class=\"attr-label word-break\"><span>Valeurs nutritionnelles:<\/span><\/td>\n<td class=\"attr-value\">\n<table class=\"table-striped\">\n<thead>\n<tr>\n<th><span>Information nutritionnelle<\/span><\/th>\n<th><span>100 ml chacun (non pr\u00e9par\u00e9)<\/span><\/th>\n<\/tr>\n<\/thead>\n<tbody>\n<tr>\n<td><span>\u00c9nergie en kJ \/ kcal<\/span><\/td>\n<td><span>189\/45<\/span><\/td>\n<\/tr>\n<tr>\n<td><span>Mati\u00e8res grasses (en g)<\/span><\/td>\n<td><span>0,5<\/span><\/td>\n<\/tr>\n<tr>\n<td class=\"sub\"><span>dont: acides gras satur\u00e9s<\/span><\/td>\n<td><span>0,1<\/span><\/td>\n<\/tr>\n<tr>\n<td><span>Glucides (en g)<\/span><\/td>\n<td><span>10.1<\/span><\/td>\n<\/tr>\n<tr>\n<td class=\"sub\"><span>dont les sucres<\/span><\/td>\n<td><span>10.1<\/span><\/td>\n<\/tr>\n<tr>\n<td><span>Prot\u00e9ine (en g)<\/span><\/td>\n<td><span>0,5<\/span><\/td>\n<\/tr>\n<tr>\n<td><span>Sel (en g)<\/span><\/td>\n<td><span>0,01<\/span><\/td>\n<\/tr>\n<\/tbody>\n<\/table>\n<\/td>\n<\/tr>\n<tr class=\"attr-custom\">\n<td class=\"attr-label word-break\"><span>Contenu de vente:<\/span><\/td>\n<td class=\"attr-value\"><span>1 l<\/span><\/td>\n<\/tr>\n<tr class=\"attr-custom\">\n<td class=\"attr-label word-break\"><span>Distributeur:<\/span><\/td>\n<td class=\"attr-value\"><span>Rauch Fruchtsaft GmbH &amp; Co OG, Langgasse 1, A-6830 Rankweil, Autriche<\/span><\/td>\n<\/tr>\n<tr class=\"attr-custom\">\n<td class=\"attr-label word-break\"><span>Ingr\u00e9dients:<\/span><\/td>\n<td class=\"attr-value\"><span>Eau, 25% pulpe de goyave, sucre, acidifiant: acide citrique;\u00a0Vitamine C.<\/span><\/td>\n<\/tr>\n<tr class=\"attr-custom\">\n<td class=\"attr-label word-break\"><span>Stockage et utilisation:<\/span><\/td>\n<td class=\"attr-value\"><span>S&#8217;il est ouvert et r\u00e9frig\u00e9r\u00e9, peut \u00eatre conserv\u00e9 3 jours, mieux avant: voir ci-dessus.<\/span><\/td>\n<\/tr>\n<tr class=\"attr-custom\">\n<td class=\"attr-label word-break\"><span>Lieu d&#8217;origine:<\/span><\/td>\n<td class=\"attr-value\"><span>L&#8217;Autriche<\/span><\/td>\n<\/tr>\n<tr class=\"attr-custom\">\n<td class=\"attr-label word-break\"><span>Exploitant du secteur alimentaire responsable:<\/span><\/td>\n<td class=\"attr-value\"><span>Rauch Fruchtsaft GmbH &amp; Co OG, Langgasse 1, A-6830 Rankweil, Autriche<\/span><\/td>\n<\/tr>\n<\/tbody>\n<\/table>\n<div style=\"display:flex; gap:10px;justify-content:center\" class=\"wps-pgfw-pdf-generate-icon__wrapper-frontend\">\n\t\t<a  href=\"https:\/\/ikasougou.com\/ikaseliba\/wp-json\/wp\/v2\/product\/490?action=genpdf&amp;id=490\" class=\"pgfw-single-pdf-download-button\" ><img src=\"https:\/\/ikasougou.com\/ikaseliba\/wp-content\/plugins\/pdf-generator-for-wp\/admin\/src\/images\/PDF_Tray.svg\" title=\"G\u00e9n\u00e9rer un PDF\" style=\"width:auto; height:45px;\"><\/a>\n\t\t<\/div>","protected":false},"excerpt":{"rendered":"<p>Poids d&#8217;exp\u00e9dition: 1,10 kg Poids de l&#8217;article: 1,00 kilogrammes Contenu: 1,00 l La description: Go\u00fbt: goyave rose plaisir de fruits incomparable dans la plus haute qualit\u00e9 100% v\u00e9g\u00e9talien Instructions de stockage: Peut \u00eatre conserv\u00e9 au r\u00e9frig\u00e9rateur pendant 3 jours lorsqu&#8217;il est ouvert. Nom l\u00e9gal: Nectar de goyave \u00e0 la vitamine C. Valeurs nutritionnelles: Information nutritionnelle [&#8230;]\n","protected":false},"featured_media":540,"comment_status":"open","ping_status":"closed","template":"","meta":{"jetpack_publicize_message":"","jetpack_publicize_feature_enabled":true,"jetpack_social_post_already_shared":false,"jetpack_social_options":{"image_generator_settings":{"template":"highway","default_image_id":0,"font":"","enabled":false},"version":2}},"product_brand":[],"product_cat":[187,199,186],"product_tag":[235,72,162,78,209,236],"class_list":{"0":"post-490","1":"product","2":"type-product","3":"status-publish","4":"has-post-thumbnail","6":"product_cat-boissons-alimentaire","7":"product_cat-fruits-et-legumes","8":"product_cat-alimentaires","9":"product_tag-1l","10":"product_tag-bamako","11":"product_tag-happy-day","12":"product_tag-mali","13":"product_tag-nakara","14":"product_tag-pink-guave","16":"first","17":"instock","18":"shipping-taxable","19":"purchasable","20":"product-type-simple"},"ams_default_variation_id":0,"ams_product_points_reward":[],"ams_product_discount_percentage":0,"ams_price_to_display":1200,"aioseo_notices":[],"ams_acf":[],"jetpack_publicize_connections":[],"jetpack-related-posts":[],"jetpack_sharing_enabled":true,"jetpack_likes_enabled":true,"_links":{"self":[{"href":"https:\/\/ikasougou.com\/ikaseliba\/wp-json\/wp\/v2\/product\/490","targetHints":{"allow":["GET"]}}],"collection":[{"href":"https:\/\/ikasougou.com\/ikaseliba\/wp-json\/wp\/v2\/product"}],"about":[{"href":"https:\/\/ikasougou.com\/ikaseliba\/wp-json\/wp\/v2\/types\/product"}],"replies":[{"embeddable":true,"href":"https:\/\/ikasougou.com\/ikaseliba\/wp-json\/wp\/v2\/comments?post=490"}],"wp:featuredmedia":[{"embeddable":true,"href":"https:\/\/ikasougou.com\/ikaseliba\/wp-json\/wp\/v2\/media\/540"}],"wp:attachment":[{"href":"https:\/\/ikasougou.com\/ikaseliba\/wp-json\/wp\/v2\/media?parent=490"}],"wp:term":[{"taxonomy":"product_brand","embeddable":true,"href":"https:\/\/ikasougou.com\/ikaseliba\/wp-json\/wp\/v2\/product_brand?post=490"},{"taxonomy":"product_cat","embeddable":true,"href":"https:\/\/ikasougou.com\/ikaseliba\/wp-json\/wp\/v2\/product_cat?post=490"},{"taxonomy":"product_tag","embeddable":true,"href":"https:\/\/ikasougou.com\/ikaseliba\/wp-json\/wp\/v2\/product_tag?post=490"}],"curies":[{"name":"wp","href":"https:\/\/api.w.org\/{rel}","templated":true}]}}