{"id":491,"date":"2021-07-02T17:59:17","date_gmt":"2021-07-02T15:59:17","guid":{"rendered":"https:\/\/ikasougou.com\/ikaseliba\/?post_type=product&#038;p=491"},"modified":"2021-07-03T13:29:54","modified_gmt":"2021-07-03T11:29:54","slug":"happy-day-100-dananas-1l","status":"publish","type":"product","link":"https:\/\/ikasougou.com\/ikaseliba\/produit\/happy-day-100-dananas-1l\/","title":{"rendered":"Happy Day 100% d&#8217;ananas &#8211; 1L"},"content":{"rendered":"<div class=\"groupItem\">\n<h3><span>Description du produit<\/span><\/h3>\n<div class=\"memo\">\n<p><span>Jus d&#8217;ananas 100% fabriqu\u00e9 \u00e0 partir de concentr\u00e9 d&#8217;ananas.<\/span><\/p>\n<\/div>\n<\/div>\n<div class=\"groupItem\">\n<h3><span>Valeurs nutritionnelles<\/span><\/h3>\n<div class=\"tabularContent\">\n<table>\n<caption><span>Valeurs nutritionnelles<\/span><\/caption>\n<thead>\n<tr>\n<th><\/th>\n<th><span>100 ml<\/span><\/th>\n<\/tr>\n<\/thead>\n<tbody>\n<tr>\n<td><span>\u00c9nergie<\/span><\/td>\n<td><span>223 kJ \/ 53 kcal<\/span><\/td>\n<\/tr>\n<tr>\n<td><span>Les graisses<\/span><\/td>\n<td><span>&lt;0,5 g<\/span><\/td>\n<\/tr>\n<tr>\n<td><span>dont acides gras satur\u00e9s<\/span><\/td>\n<td><span>&lt;0,1 g<\/span><\/td>\n<\/tr>\n<tr>\n<td><span>Les glucides<\/span><\/td>\n<td><span>11,8 g<\/span><\/td>\n<\/tr>\n<tr>\n<td><span>dont les sucres<\/span><\/td>\n<td><span>11,8 g<\/span><\/td>\n<\/tr>\n<tr>\n<td><span>Prot\u00e9ines<\/span><\/td>\n<td><span>&lt;0,5 g<\/span><\/td>\n<\/tr>\n<tr>\n<td><span>Le sel<\/span><\/td>\n<td><span>&lt;0,01 g<\/span><\/td>\n<\/tr>\n<\/tbody>\n<\/table>\n<\/div>\n<p class=\"adultInfo\"><span>Revenu de r\u00e9f\u00e9rence de l&#8217;adulte moyen (8400kJ \/ 2000kcal)<\/span><\/p>\n<\/div>\n<div class=\"groupItem\">\n<h3><span>Information produit<\/span><\/h3>\n<div class=\"statements\">\n<h4 class=\"itemHeader\"><span>Logos de tiers<\/span><\/h4>\n<p><span>FSC, Point Vert, V-Label (Union V\u00e9g\u00e9tarienne Europ\u00e9enne)<\/span><\/p>\n<\/div>\n<\/div>\n<div class=\"groupItem\">\n<h3><span>Stockage et utilisation<\/span><\/h3>\n<div class=\"memo\">\n<h4 class=\"itemHeader\"><span>Stockage<\/span><\/h4>\n<p><span>Une fois ouvert, conserver au r\u00e9frig\u00e9rateur et utiliser dans les 3 jours.\u00a0Dur\u00e9e de conservation minimale: voir cap.<\/span><\/p>\n<\/div>\n<\/div>\n<div class=\"groupItem\"><\/div>\n<div style=\"display:flex; gap:10px;justify-content:center\" class=\"wps-pgfw-pdf-generate-icon__wrapper-frontend\">\n\t\t<a  href=\"https:\/\/ikasougou.com\/ikaseliba\/wp-json\/wp\/v2\/product\/491?action=genpdf&amp;id=491\" class=\"pgfw-single-pdf-download-button\" ><img src=\"https:\/\/ikasougou.com\/ikaseliba\/wp-content\/plugins\/pdf-generator-for-wp\/admin\/src\/images\/PDF_Tray.svg\" title=\"G\u00e9n\u00e9rer un PDF\" style=\"width:auto; height:45px;\"><\/a>\n\t\t<\/div>","protected":false},"excerpt":{"rendered":"<p>Description du produit Jus d&#8217;ananas 100% fabriqu\u00e9 \u00e0 partir de concentr\u00e9 d&#8217;ananas. Valeurs nutritionnelles Valeurs nutritionnelles 100 ml \u00c9nergie 223 kJ \/ 53 kcal Les graisses &lt;0,5 g dont acides gras satur\u00e9s &lt;0,1 g Les glucides 11,8 g dont les sucres 11,8 g Prot\u00e9ines &lt;0,5 g Le sel &lt;0,01 g Revenu de r\u00e9f\u00e9rence de l&#8217;adulte [&#8230;]\n","protected":false},"featured_media":541,"comment_status":"open","ping_status":"closed","template":"","meta":{"jetpack_publicize_message":"","jetpack_publicize_feature_enabled":true,"jetpack_social_post_already_shared":false,"jetpack_social_options":{"image_generator_settings":{"template":"highway","default_image_id":0,"font":"","enabled":false},"version":2}},"product_brand":[],"product_cat":[187,199,186],"product_tag":[237,72,238,162,78,209,239,234],"class_list":{"0":"post-491","1":"product","2":"type-product","3":"status-publish","4":"has-post-thumbnail","6":"product_cat-boissons-alimentaire","7":"product_cat-fruits-et-legumes","8":"product_cat-alimentaires","9":"product_tag-237","10":"product_tag-bamako","11":"product_tag-dananas","12":"product_tag-happy-day","13":"product_tag-mali","14":"product_tag-nakara","15":"product_tag-sans-sucre-ajoute","16":"product_tag-tetra-1l","18":"first","19":"instock","20":"shipping-taxable","21":"purchasable","22":"product-type-simple"},"ams_default_variation_id":0,"ams_product_points_reward":[],"ams_product_discount_percentage":0,"ams_price_to_display":1200,"aioseo_notices":[],"ams_acf":[],"jetpack_publicize_connections":[],"jetpack-related-posts":[],"jetpack_sharing_enabled":true,"jetpack_likes_enabled":true,"_links":{"self":[{"href":"https:\/\/ikasougou.com\/ikaseliba\/wp-json\/wp\/v2\/product\/491","targetHints":{"allow":["GET"]}}],"collection":[{"href":"https:\/\/ikasougou.com\/ikaseliba\/wp-json\/wp\/v2\/product"}],"about":[{"href":"https:\/\/ikasougou.com\/ikaseliba\/wp-json\/wp\/v2\/types\/product"}],"replies":[{"embeddable":true,"href":"https:\/\/ikasougou.com\/ikaseliba\/wp-json\/wp\/v2\/comments?post=491"}],"wp:featuredmedia":[{"embeddable":true,"href":"https:\/\/ikasougou.com\/ikaseliba\/wp-json\/wp\/v2\/media\/541"}],"wp:attachment":[{"href":"https:\/\/ikasougou.com\/ikaseliba\/wp-json\/wp\/v2\/media?parent=491"}],"wp:term":[{"taxonomy":"product_brand","embeddable":true,"href":"https:\/\/ikasougou.com\/ikaseliba\/wp-json\/wp\/v2\/product_brand?post=491"},{"taxonomy":"product_cat","embeddable":true,"href":"https:\/\/ikasougou.com\/ikaseliba\/wp-json\/wp\/v2\/product_cat?post=491"},{"taxonomy":"product_tag","embeddable":true,"href":"https:\/\/ikasougou.com\/ikaseliba\/wp-json\/wp\/v2\/product_tag?post=491"}],"curies":[{"name":"wp","href":"https:\/\/api.w.org\/{rel}","templated":true}]}}