{"id":508,"date":"2021-07-02T17:59:42","date_gmt":"2021-07-02T15:59:42","guid":{"rendered":"https:\/\/ikasougou.com\/ikaseliba\/?post_type=product&#038;p=508"},"modified":"2021-07-03T13:29:52","modified_gmt":"2021-07-03T11:29:52","slug":"bravo-melon-ananas-1l","status":"publish","type":"product","link":"https:\/\/ikasougou.com\/ikaseliba\/produit\/bravo-melon-ananas-1l\/","title":{"rendered":"Bravo melon ananas 1L"},"content":{"rendered":"<div class=\"m-grid__details-text ng-binding\">\n<div class=\"m-grid__details-text ng-binding\">\n<p><span><span class=\"\">Il n&#8217;est pas facile de r\u00e9pondre \u00e0 cette question, car il n&#8217;y a pas de teneur g\u00e9n\u00e9rale en fruits pour nos produits. Notre gamme Happy Day se compose de deux types de produits diff\u00e9rents: a) 100% de jus, comme la pomme, l&#8217;orange, les multivitamines, le raisin et bien d&#8217;autres contiennent du pur jus de fruits. Vous pouvez facilement les identifier gr\u00e2ce \u00e0 la mention \u00ab100%\u00bb sur l&#8217;emballage. b) Nectars, avec une teneur en fruits de 25 \u00e0 50% selon le fruit, comme le cassis, la canneberge, la mangue ou la p\u00eache. Mais ne pensez pas que nous ne voulons pas faire de jus \u00e0 100% \u00e0 partir de ces fruits, ce n&#8217;est tout simplement pas possible. Si nous faisions du pur jus de canneberge, ce serait bien trop acide. La mangue par contre ne donne pas un jus, mais une pur\u00e9e lorsqu&#8217;elle est trait\u00e9e et vous auriez probablement besoin d&#8217;une cuill\u00e8re pour en profiter \ud83d\ude09 En g\u00e9n\u00e9ral, la teneur en fruits est toujours indiqu\u00e9e sur les emballages.<\/span><\/span><\/p>\n<\/div>\n<div class=\"row m-grid__details-fotter\">\n<div class=\"col-xs-12 col-sm-8\">\n<div class=\"ng-scope\">\n<div class=\"m-grid__details-tags ng-scope\"><\/div>\n<\/div>\n<\/div>\n<\/div>\n<p>100ml contiennent en moyenne:<\/p>\n<\/div>\n<div class=\"m-grid__details-ingredients ng-scope\">\n<table>\n<tbody>\n<tr class=\"ng-scope newline\">\n<td class=\"ng-binding\"><span>\u00c9nergie<\/span><\/td>\n<td class=\"ng-binding\"><span>214 kJ \/ 51 kcal<\/span><\/td>\n<\/tr>\n<tr class=\"ng-scope newline\">\n<td class=\"ng-binding\"><span>Gros<\/span><\/td>\n<td class=\"ng-binding\"><span>&lt;0,1 g<\/span><\/td>\n<\/tr>\n<tr class=\"ng-scope subline\">\n<td class=\"ng-binding\"><span>c&#8217;est satur\u00e9<\/span><\/td>\n<td class=\"ng-binding\"><span>&lt;0,1 g<\/span><\/td>\n<\/tr>\n<tr class=\"ng-scope newline\">\n<td class=\"ng-binding\"><span>Les glucides<\/span><\/td>\n<td class=\"ng-binding\"><span>12,3 grammes<\/span><\/td>\n<\/tr>\n<tr class=\"ng-scope subline\">\n<td class=\"ng-binding\"><span>dont les sucres<\/span><\/td>\n<td class=\"ng-binding\"><span>12,3 grammes<\/span><\/td>\n<\/tr>\n<tr class=\"ng-scope newline\">\n<td class=\"ng-binding\"><span>Prot\u00e9ine<\/span><\/td>\n<td class=\"ng-binding\"><span>&lt;0,2 g<\/span><\/td>\n<\/tr>\n<tr class=\"ng-scope newline\">\n<td class=\"ng-binding\"><span>Le sel<\/span><\/td>\n<td class=\"ng-binding\"><span>0,005 g<\/span><\/td>\n<\/tr>\n<tr class=\"ng-scope newline\">\n<td class=\"ng-binding\"><span>Vitamine C<\/span><\/td>\n<td class=\"ng-binding\"><span>24 mg (30% *)<\/span><\/td>\n<\/tr>\n<tr class=\"ng-scope newline\">\n<td class=\"ng-binding\"><\/td>\n<td class=\"ng-binding\"><\/td>\n<\/tr>\n<tr class=\"ng-scope newline\">\n<td class=\"ng-binding\"><span>* Valeurs nutritionnelles de r\u00e9f\u00e9rence NRV<\/span><\/td>\n<\/tr>\n<\/tbody>\n<\/table>\n<\/div>\n<div style=\"display:flex; gap:10px;justify-content:center\" class=\"wps-pgfw-pdf-generate-icon__wrapper-frontend\">\n\t\t<a  href=\"https:\/\/ikasougou.com\/ikaseliba\/wp-json\/wp\/v2\/product\/508?action=genpdf&amp;id=508\" class=\"pgfw-single-pdf-download-button\" ><img src=\"https:\/\/ikasougou.com\/ikaseliba\/wp-content\/plugins\/pdf-generator-for-wp\/admin\/src\/images\/PDF_Tray.svg\" title=\"G\u00e9n\u00e9rer un PDF\" style=\"width:auto; height:45px;\"><\/a>\n\t\t<\/div>","protected":false},"excerpt":{"rendered":"<p>Il n&#8217;est pas facile de r\u00e9pondre \u00e0 cette question, car il n&#8217;y a pas de teneur g\u00e9n\u00e9rale en fruits pour nos produits. Notre gamme Happy Day se compose de deux types de produits diff\u00e9rents: a) 100% de jus, comme la pomme, l&#8217;orange, les multivitamines, le raisin et bien d&#8217;autres contiennent du pur jus de fruits. [&#8230;]\n","protected":false},"featured_media":559,"comment_status":"open","ping_status":"closed","template":"","meta":{"jetpack_publicize_message":"","jetpack_publicize_feature_enabled":true,"jetpack_social_post_already_shared":false,"jetpack_social_options":{"image_generator_settings":{"template":"highway","default_image_id":0,"font":"","enabled":false},"version":2}},"product_brand":[],"product_cat":[187,199,186],"product_tag":[235,72,245,78,247,209],"class_list":{"0":"post-508","1":"product","2":"type-product","3":"status-publish","4":"has-post-thumbnail","6":"product_cat-boissons-alimentaire","7":"product_cat-fruits-et-legumes","8":"product_cat-alimentaires","9":"product_tag-1l","10":"product_tag-bamako","11":"product_tag-bravo","12":"product_tag-mali","13":"product_tag-melon-ananas","14":"product_tag-nakara","16":"first","17":"instock","18":"shipping-taxable","19":"purchasable","20":"product-type-simple"},"ams_default_variation_id":0,"ams_product_points_reward":[],"ams_product_discount_percentage":0,"ams_price_to_display":1200,"aioseo_notices":[],"ams_acf":[],"jetpack_publicize_connections":[],"jetpack-related-posts":[],"jetpack_sharing_enabled":true,"jetpack_likes_enabled":true,"_links":{"self":[{"href":"https:\/\/ikasougou.com\/ikaseliba\/wp-json\/wp\/v2\/product\/508","targetHints":{"allow":["GET"]}}],"collection":[{"href":"https:\/\/ikasougou.com\/ikaseliba\/wp-json\/wp\/v2\/product"}],"about":[{"href":"https:\/\/ikasougou.com\/ikaseliba\/wp-json\/wp\/v2\/types\/product"}],"replies":[{"embeddable":true,"href":"https:\/\/ikasougou.com\/ikaseliba\/wp-json\/wp\/v2\/comments?post=508"}],"wp:featuredmedia":[{"embeddable":true,"href":"https:\/\/ikasougou.com\/ikaseliba\/wp-json\/wp\/v2\/media\/559"}],"wp:attachment":[{"href":"https:\/\/ikasougou.com\/ikaseliba\/wp-json\/wp\/v2\/media?parent=508"}],"wp:term":[{"taxonomy":"product_brand","embeddable":true,"href":"https:\/\/ikasougou.com\/ikaseliba\/wp-json\/wp\/v2\/product_brand?post=508"},{"taxonomy":"product_cat","embeddable":true,"href":"https:\/\/ikasougou.com\/ikaseliba\/wp-json\/wp\/v2\/product_cat?post=508"},{"taxonomy":"product_tag","embeddable":true,"href":"https:\/\/ikasougou.com\/ikaseliba\/wp-json\/wp\/v2\/product_tag?post=508"}],"curies":[{"name":"wp","href":"https:\/\/api.w.org\/{rel}","templated":true}]}}