{"id":509,"date":"2021-07-02T17:59:42","date_gmt":"2021-07-02T15:59:42","guid":{"rendered":"https:\/\/ikasougou.com\/ikaseliba\/?post_type=product&#038;p=509"},"modified":"2021-07-03T13:29:52","modified_gmt":"2021-07-03T11:29:52","slug":"bravo-red-grape-1l","status":"publish","type":"product","link":"https:\/\/ikasougou.com\/ikaseliba\/produit\/bravo-red-grape-1l\/","title":{"rendered":"Bravo Red Grape 1L"},"content":{"rendered":"<div class=\"nl-spmota\">\n<ul>\n<li><span>Le jus de raisin rouge Bravo 1L est fabriqu\u00e9 \u00e0 partir de raisins frais naturels de haute montagne en Autriche<\/span><\/li>\n<li><span>De l&#8217;usine de Rauch avec des centaines d&#8217;ann\u00e9es (fond\u00e9e en 1919)<\/span><\/li>\n<li><span>Fournir de la vitamine C au corps jeune et \u00e9nergique<\/span><\/li>\n<li><span>Utiliser pour les adultes et les enfants<\/span><\/li>\n<\/ul>\n<\/div>\n<div id=\"chi-tiet\" class=\"nl-spcit\">\n<h2 class=\"nl-spctit\"><span>LES D\u00c9TAILS DU PRODUIT<\/span><\/h2>\n<div class=\"nl-spcbx nl-spculs\">\n<ul>\n<li><span>Rauch est l&#8217;une des plus grandes usines de jus de fruits au monde, Rauch a \u00e9t\u00e9 fond\u00e9e en 1919, la soci\u00e9t\u00e9 a jusqu&#8217;\u00e0 pr\u00e9sent fourni un grand volume de produits aux march\u00e9s mondiaux.<\/span><\/li>\n<li><span>L&#8217;un des points forts de l&#8217;usine est la ZONE DE MATI\u00c8RES PREMI\u00c8RES FRUITS FRAIS, et la ressource en eau utilis\u00e9e pour la production des Alpes assurant la puret\u00e9 et la propret\u00e9.<\/span><\/li>\n<li><span>Le jus de raisin rouge Bravo 1L est fabriqu\u00e9 \u00e0 partir de raisins frais naturels sur les hautes montagnes de la belle Autriche.\u00a0Chaque client en d\u00e9gustant est tr\u00e8s assur\u00e9 de la qualit\u00e9 des boissons de l&#8217;usine de Rauch.<\/span><\/li>\n<\/ul>\n<\/div>\n<\/div>\n<div id=\"bao-quan\" class=\"nl-spcit\">\n<h2 class=\"nl-spctit\"><span>CONSERVATION ET UTILISATION<\/span><\/h2>\n<div class=\"nl-spcbx nl-spculs\">\n<ul>\n<li><span><span class=\"\">Dur\u00e9e de conservation: 12 mois \u00e0 compter de la date de fabrication<\/span><\/span><\/li>\n<li><span><span class=\"\">Mode d&#8217;emploi: Utilis\u00e9 pour boire directement, mieux avec une boisson froide.\u00a0<\/span>Produits utilis\u00e9s pour les enfants \u00e0 partir de 2 ans et les adultes.<\/span><\/li>\n<li><span>Stockage: Le produit est stock\u00e9 dans un endroit propre, frais et sec, \u00e0 l&#8217;abri de la lumi\u00e8re du soleil.<\/span><\/li>\n<\/ul>\n<\/div>\n<\/div>\n<div id=\"dinh-duong\" class=\"nl-spcit\">\n<div class=\"nl-sptdtb\">\n<div class=\"nl-sptdtd1\">\n<h2 class=\"nl-spctit\"><span>INFORMATION NUTRITIONNELLE<\/span><\/h2>\n<div class=\"nl-spctbs table-responsive mCustomScrollbar _mCS_1 mCS_no_scrollbar\">\n<div id=\"mCSB_1\" class=\"mCustomScrollBox mCS-dark mCSB_horizontal mCSB_inside\" tabindex=\"0\">\n<div id=\"mCSB_1_container\" class=\"mCSB_container mCS_x_hidden mCS_no_scrollbar_x\" dir=\"ltr\">\n<table border=\"0\" width=\"370\" cellspacing=\"0\" cellpadding=\"0\">\n<colgroup>\n<col \/>\n<col \/>\n<col \/><\/colgroup>\n<thead>\n<tr>\n<th scope=\"col\" height=\"20\"><span>Ingr\u00e9dient<\/span><\/th>\n<th scope=\"col\"><span>Unit\u00e9<\/span><\/th>\n<th scope=\"col\"><span>Pour 100g\u00a0<\/span><\/th>\n<\/tr>\n<\/thead>\n<tbody>\n<tr>\n<td height=\"20\"><span>Valeur \u00e9nerg\u00e9tique<\/span><\/td>\n<td><span>kJ \/ kcal<\/span><\/td>\n<td><span>191 kJ \/ 46 kcal<\/span><\/td>\n<\/tr>\n<tr>\n<td height=\"20\"><span>Gros<\/span><\/td>\n<td><span>g<\/span><\/td>\n<td><span>0,24<\/span><\/td>\n<\/tr>\n<tr>\n<td height=\"40\"><span>&#8211; c&#8217;est satur\u00e9<\/span><\/td>\n<td><span>g<\/span><\/td>\n<td><span>&lt;0,1<\/span><\/td>\n<\/tr>\n<tr>\n<td height=\"20\"><span>Hydrate de carbone<\/span><\/td>\n<td><span>g<\/span><\/td>\n<td><span>9,5<\/span><\/td>\n<\/tr>\n<\/tbody>\n<\/table>\n<\/div>\n<\/div>\n<\/div>\n<\/div>\n<div class=\"nl-sptdtd2\">\n<p><img decoding=\"async\" src=\"https:\/\/translate.google.com\/website?sl=auto&amp;tl=fr&amp;ajax=1&amp;u=http:\/\/img.nhatlamimex.com\/Images\/637001798570261250_Screen+Shot+2019-06-14+at+2.23.01+PM.png\" alt=\"\" \/><\/p>\n<\/div>\n<\/div>\n<\/div>\n<div style=\"display:flex; gap:10px;justify-content:center\" class=\"wps-pgfw-pdf-generate-icon__wrapper-frontend\">\n\t\t<a  href=\"https:\/\/ikasougou.com\/ikaseliba\/wp-json\/wp\/v2\/product\/509?action=genpdf&amp;id=509\" class=\"pgfw-single-pdf-download-button\" ><img src=\"https:\/\/ikasougou.com\/ikaseliba\/wp-content\/plugins\/pdf-generator-for-wp\/admin\/src\/images\/PDF_Tray.svg\" title=\"G\u00e9n\u00e9rer un PDF\" style=\"width:auto; height:45px;\"><\/a>\n\t\t<\/div>","protected":false},"excerpt":{"rendered":"<p>Le jus de raisin rouge Bravo 1L est fabriqu\u00e9 \u00e0 partir de raisins frais naturels de haute montagne en Autriche De l&#8217;usine de Rauch avec des centaines d&#8217;ann\u00e9es (fond\u00e9e en 1919) Fournir de la vitamine C au corps jeune et \u00e9nergique Utiliser pour les adultes et les enfants LES D\u00c9TAILS DU PRODUIT Rauch est l&#8217;une [&#8230;]\n","protected":false},"featured_media":560,"comment_status":"open","ping_status":"closed","template":"","meta":{"jetpack_publicize_message":"","jetpack_publicize_feature_enabled":true,"jetpack_social_post_already_shared":false,"jetpack_social_options":{"image_generator_settings":{"template":"highway","default_image_id":0,"font":"","enabled":false},"version":2}},"product_brand":[],"product_cat":[187,199,186],"product_tag":[235,72,245,248,78,209,249],"class_list":{"0":"post-509","1":"product","2":"type-product","3":"status-publish","4":"has-post-thumbnail","6":"product_cat-boissons-alimentaire","7":"product_cat-fruits-et-legumes","8":"product_cat-alimentaires","9":"product_tag-1l","10":"product_tag-bamako","11":"product_tag-bravo","12":"product_tag-juice","13":"product_tag-mali","14":"product_tag-nakara","15":"product_tag-red-grape","17":"first","18":"instock","19":"shipping-taxable","20":"purchasable","21":"product-type-simple"},"ams_default_variation_id":0,"ams_product_points_reward":[],"ams_product_discount_percentage":0,"ams_price_to_display":1200,"aioseo_notices":[],"ams_acf":[],"jetpack_publicize_connections":[],"jetpack-related-posts":[],"jetpack_sharing_enabled":true,"jetpack_likes_enabled":true,"_links":{"self":[{"href":"https:\/\/ikasougou.com\/ikaseliba\/wp-json\/wp\/v2\/product\/509","targetHints":{"allow":["GET"]}}],"collection":[{"href":"https:\/\/ikasougou.com\/ikaseliba\/wp-json\/wp\/v2\/product"}],"about":[{"href":"https:\/\/ikasougou.com\/ikaseliba\/wp-json\/wp\/v2\/types\/product"}],"replies":[{"embeddable":true,"href":"https:\/\/ikasougou.com\/ikaseliba\/wp-json\/wp\/v2\/comments?post=509"}],"wp:featuredmedia":[{"embeddable":true,"href":"https:\/\/ikasougou.com\/ikaseliba\/wp-json\/wp\/v2\/media\/560"}],"wp:attachment":[{"href":"https:\/\/ikasougou.com\/ikaseliba\/wp-json\/wp\/v2\/media?parent=509"}],"wp:term":[{"taxonomy":"product_brand","embeddable":true,"href":"https:\/\/ikasougou.com\/ikaseliba\/wp-json\/wp\/v2\/product_brand?post=509"},{"taxonomy":"product_cat","embeddable":true,"href":"https:\/\/ikasougou.com\/ikaseliba\/wp-json\/wp\/v2\/product_cat?post=509"},{"taxonomy":"product_tag","embeddable":true,"href":"https:\/\/ikasougou.com\/ikaseliba\/wp-json\/wp\/v2\/product_tag?post=509"}],"curies":[{"name":"wp","href":"https:\/\/api.w.org\/{rel}","templated":true}]}}