{"id":531,"date":"2021-07-02T18:00:24","date_gmt":"2021-07-02T16:00:24","guid":{"rendered":"https:\/\/ikasougou.com\/ikaseliba\/?post_type=product&#038;p=531"},"modified":"2021-07-03T13:29:49","modified_gmt":"2021-07-03T11:29:49","slug":"rox-energy-drink-250ml","status":"publish","type":"product","link":"https:\/\/ikasougou.com\/ikaseliba\/produit\/rox-energy-drink-250ml\/","title":{"rendered":"ROX Energy Drink 250ml"},"content":{"rendered":"<p>ROX Classic est le principal produit ROX Energy, un agr\u00e9able et un go\u00fbt sucr\u00e9 qui vous donne en fin de compte de l&#8217;\u00e9nergie &#8211; \u00e0 chaque fois que vous en avez besoin, l\u00e0 o\u00f9 vous en avez besoin. Directement \u00ab sur le ROX \u00bb ou parfait pour les boissons m\u00e9lang\u00e9es, mieux servi frais. Disponible en bidons minces de 250 ml, en bidons de 440 ml et en bouteilles PET de 1,5 litre.<\/p>\n<div style=\"display:flex; gap:10px;justify-content:center\" class=\"wps-pgfw-pdf-generate-icon__wrapper-frontend\">\n\t\t<a  href=\"https:\/\/ikasougou.com\/ikaseliba\/wp-json\/wp\/v2\/product\/531?action=genpdf&amp;id=531\" class=\"pgfw-single-pdf-download-button\" ><img src=\"https:\/\/ikasougou.com\/ikaseliba\/wp-content\/plugins\/pdf-generator-for-wp\/admin\/src\/images\/PDF_Tray.svg\" title=\"G\u00e9n\u00e9rer un PDF\" style=\"width:auto; height:45px;\"><\/a>\n\t\t<\/div>","protected":false},"excerpt":{"rendered":"<p>ROX Classic est le principal produit ROX Energy, un agr\u00e9able et un go\u00fbt sucr\u00e9 qui vous donne en fin de compte de l&#8217;\u00e9nergie &#8211; \u00e0 chaque fois que vous en avez besoin, l\u00e0 o\u00f9 vous en avez besoin. Directement \u00ab sur le ROX \u00bb ou parfait pour les boissons m\u00e9lang\u00e9es, mieux servi frais. Disponible en [&#8230;]\n","protected":false},"featured_media":584,"comment_status":"open","ping_status":"closed","template":"","meta":{"jetpack_publicize_message":"","jetpack_publicize_feature_enabled":true,"jetpack_social_post_already_shared":false,"jetpack_social_options":{"image_generator_settings":{"template":"highway","default_image_id":0,"font":"","enabled":false},"version":2}},"product_brand":[],"product_cat":[187,186],"product_tag":[72,260,78,209,268],"class_list":{"0":"post-531","1":"product","2":"type-product","3":"status-publish","4":"has-post-thumbnail","6":"product_cat-boissons-alimentaire","7":"product_cat-alimentaires","8":"product_tag-bamako","9":"product_tag-energy","10":"product_tag-mali","11":"product_tag-nakara","12":"product_tag-rox","14":"first","15":"instock","16":"shipping-taxable","17":"purchasable","18":"product-type-simple"},"ams_default_variation_id":0,"ams_product_points_reward":[],"ams_product_discount_percentage":0,"ams_price_to_display":800,"aioseo_notices":[],"ams_acf":[],"jetpack_publicize_connections":[],"jetpack-related-posts":[],"jetpack_sharing_enabled":true,"jetpack_likes_enabled":true,"_links":{"self":[{"href":"https:\/\/ikasougou.com\/ikaseliba\/wp-json\/wp\/v2\/product\/531","targetHints":{"allow":["GET"]}}],"collection":[{"href":"https:\/\/ikasougou.com\/ikaseliba\/wp-json\/wp\/v2\/product"}],"about":[{"href":"https:\/\/ikasougou.com\/ikaseliba\/wp-json\/wp\/v2\/types\/product"}],"replies":[{"embeddable":true,"href":"https:\/\/ikasougou.com\/ikaseliba\/wp-json\/wp\/v2\/comments?post=531"}],"wp:featuredmedia":[{"embeddable":true,"href":"https:\/\/ikasougou.com\/ikaseliba\/wp-json\/wp\/v2\/media\/584"}],"wp:attachment":[{"href":"https:\/\/ikasougou.com\/ikaseliba\/wp-json\/wp\/v2\/media?parent=531"}],"wp:term":[{"taxonomy":"product_brand","embeddable":true,"href":"https:\/\/ikasougou.com\/ikaseliba\/wp-json\/wp\/v2\/product_brand?post=531"},{"taxonomy":"product_cat","embeddable":true,"href":"https:\/\/ikasougou.com\/ikaseliba\/wp-json\/wp\/v2\/product_cat?post=531"},{"taxonomy":"product_tag","embeddable":true,"href":"https:\/\/ikasougou.com\/ikaseliba\/wp-json\/wp\/v2\/product_tag?post=531"}],"curies":[{"name":"wp","href":"https:\/\/api.w.org\/{rel}","templated":true}]}}