{"id":573,"date":"2021-07-02T18:01:26","date_gmt":"2021-07-02T16:01:26","guid":{"rendered":"https:\/\/ikasougou.com\/ikaseliba\/?post_type=product&#038;p=573"},"modified":"2021-07-03T13:29:44","modified_gmt":"2021-07-03T11:29:44","slug":"sunkist-orange-soda-355ml","status":"publish","type":"product","link":"https:\/\/ikasougou.com\/ikaseliba\/produit\/sunkist-orange-soda-355ml\/","title":{"rendered":"Sunkist Orange Soda (355ml)"},"content":{"rendered":"<p>Crush offre une sensation excitante de saveur et de plaisir \u00e0 chaque gorg\u00e9e. Crush a une longue histoire de ravir les consommateurs avec une large gamme de saveurs fruit\u00e9es qui plaisent \u00e0 tous. Crush a suffisamment de vari\u00e9t\u00e9 pour que toute la famille puisse en profiter. Crush est l&#8217;une des boissons non alcoolis\u00e9es les plus vendues aux \u00c9tats-Unis. Essayez ce soda rafra\u00eechissant au go\u00fbt d\u00e9licieux. Sentez le soleil avec ce go\u00fbt d&#8217;orange acidul\u00e9 !<\/p>\n<div style=\"display:flex; gap:10px;justify-content:center\" class=\"wps-pgfw-pdf-generate-icon__wrapper-frontend\">\n\t\t<a  href=\"https:\/\/ikasougou.com\/ikaseliba\/wp-json\/wp\/v2\/product\/573?action=genpdf&amp;id=573\" class=\"pgfw-single-pdf-download-button\" ><img src=\"https:\/\/ikasougou.com\/ikaseliba\/wp-content\/plugins\/pdf-generator-for-wp\/admin\/src\/images\/PDF_Tray.svg\" title=\"G\u00e9n\u00e9rer un PDF\" style=\"width:auto; height:45px;\"><\/a>\n\t\t<\/div>","protected":false},"excerpt":{"rendered":"<p>Crush offre une sensation excitante de saveur et de plaisir \u00e0 chaque gorg\u00e9e. Crush a une longue histoire de ravir les consommateurs avec une large gamme de saveurs fruit\u00e9es qui plaisent \u00e0 tous. Crush a suffisamment de vari\u00e9t\u00e9 pour que toute la famille puisse en profiter. Crush est l&#8217;une des boissons non alcoolis\u00e9es les plus [&#8230;]\n","protected":false},"featured_media":621,"comment_status":"open","ping_status":"closed","template":"","meta":{"jetpack_publicize_message":"","jetpack_publicize_feature_enabled":true,"jetpack_social_post_already_shared":false,"jetpack_social_options":{"image_generator_settings":{"template":"highway","default_image_id":0,"font":"","enabled":false},"version":2}},"product_brand":[],"product_cat":[187,199,186],"product_tag":[72,78,209,290],"class_list":{"0":"post-573","1":"product","2":"type-product","3":"status-publish","4":"has-post-thumbnail","6":"product_cat-boissons-alimentaire","7":"product_cat-fruits-et-legumes","8":"product_cat-alimentaires","9":"product_tag-bamako","10":"product_tag-mali","11":"product_tag-nakara","12":"product_tag-sunkist-orange-355ml","14":"first","15":"instock","16":"shipping-taxable","17":"purchasable","18":"product-type-simple"},"ams_default_variation_id":0,"ams_product_points_reward":[],"ams_product_discount_percentage":0,"ams_price_to_display":400,"aioseo_notices":[],"ams_acf":[],"jetpack_publicize_connections":[],"jetpack-related-posts":[],"jetpack_sharing_enabled":true,"jetpack_likes_enabled":true,"_links":{"self":[{"href":"https:\/\/ikasougou.com\/ikaseliba\/wp-json\/wp\/v2\/product\/573","targetHints":{"allow":["GET"]}}],"collection":[{"href":"https:\/\/ikasougou.com\/ikaseliba\/wp-json\/wp\/v2\/product"}],"about":[{"href":"https:\/\/ikasougou.com\/ikaseliba\/wp-json\/wp\/v2\/types\/product"}],"replies":[{"embeddable":true,"href":"https:\/\/ikasougou.com\/ikaseliba\/wp-json\/wp\/v2\/comments?post=573"}],"wp:featuredmedia":[{"embeddable":true,"href":"https:\/\/ikasougou.com\/ikaseliba\/wp-json\/wp\/v2\/media\/621"}],"wp:attachment":[{"href":"https:\/\/ikasougou.com\/ikaseliba\/wp-json\/wp\/v2\/media?parent=573"}],"wp:term":[{"taxonomy":"product_brand","embeddable":true,"href":"https:\/\/ikasougou.com\/ikaseliba\/wp-json\/wp\/v2\/product_brand?post=573"},{"taxonomy":"product_cat","embeddable":true,"href":"https:\/\/ikasougou.com\/ikaseliba\/wp-json\/wp\/v2\/product_cat?post=573"},{"taxonomy":"product_tag","embeddable":true,"href":"https:\/\/ikasougou.com\/ikaseliba\/wp-json\/wp\/v2\/product_tag?post=573"}],"curies":[{"name":"wp","href":"https:\/\/api.w.org\/{rel}","templated":true}]}}