{"id":627,"date":"2021-07-02T18:02:49","date_gmt":"2021-07-02T16:02:49","guid":{"rendered":"https:\/\/ikasougou.com\/ikaseliba\/?post_type=product&#038;p=627"},"modified":"2021-07-03T13:29:35","modified_gmt":"2021-07-03T11:29:35","slug":"tassawt-huile-dolive-500ml","status":"publish","type":"product","link":"https:\/\/ikasougou.com\/ikaseliba\/produit\/tassawt-huile-dolive-500ml\/","title":{"rendered":"Tassawt Huile d&#8217;olive 500mL"},"content":{"rendered":"<p>L\u2019huile d\u2019olive est r\u00e9put\u00e9e particuli\u00e8rement bonne pour notre sant\u00e9. Associ\u00e9e \u00e0 une alimentation saine, elle participe \u00e0 la pr\u00e9vention des maladies cardio-vasculaires et lutte contre le mauvais cholest\u00e9rol. La consommation journali\u00e8re d\u2019huile d\u2019olive, riche en antioxydants et en acides gras insatur\u00e9s, prot\u00e8ge votre c\u0153ur et vos art\u00e8res. Elle serait \u00e9galement b\u00e9n\u00e9fique pour lutter contre certains cancers et limiter les risques de diab\u00e8te.<\/p>\n<div style=\"display:flex; gap:10px;justify-content:center\" class=\"wps-pgfw-pdf-generate-icon__wrapper-frontend\">\n\t\t<a  href=\"https:\/\/ikasougou.com\/ikaseliba\/wp-json\/wp\/v2\/product\/627?action=genpdf&amp;id=627\" class=\"pgfw-single-pdf-download-button\" ><img src=\"https:\/\/ikasougou.com\/ikaseliba\/wp-content\/plugins\/pdf-generator-for-wp\/admin\/src\/images\/PDF_Tray.svg\" title=\"G\u00e9n\u00e9rer un PDF\" style=\"width:auto; height:45px;\"><\/a>\n\t\t<\/div>","protected":false},"excerpt":{"rendered":"<p>L\u2019huile d\u2019olive est r\u00e9put\u00e9e particuli\u00e8rement bonne pour notre sant\u00e9. Associ\u00e9e \u00e0 une alimentation saine, elle participe \u00e0 la pr\u00e9vention des maladies cardio-vasculaires et lutte contre le mauvais cholest\u00e9rol. La consommation journali\u00e8re d\u2019huile d\u2019olive, riche en antioxydants et en acides gras insatur\u00e9s, prot\u00e8ge votre c\u0153ur et vos art\u00e8res. Elle serait \u00e9galement b\u00e9n\u00e9fique pour lutter contre certains [&#8230;]\n","protected":false},"featured_media":657,"comment_status":"open","ping_status":"closed","template":"","meta":{"jetpack_publicize_message":"","jetpack_publicize_feature_enabled":true,"jetpack_social_post_already_shared":false,"jetpack_social_options":{"image_generator_settings":{"template":"highway","default_image_id":0,"font":"","enabled":false},"version":2}},"product_brand":[],"product_cat":[223,186],"product_tag":[72,328,78,209,330],"class_list":{"0":"post-627","1":"product","2":"type-product","3":"status-publish","4":"has-post-thumbnail","6":"product_cat-huiles-alimentaire","7":"product_cat-alimentaires","8":"product_tag-bamako","9":"product_tag-huile-dolive","10":"product_tag-mali","11":"product_tag-nakara","12":"product_tag-tassawt","14":"first","15":"instock","16":"shipping-taxable","17":"purchasable","18":"product-type-simple"},"ams_default_variation_id":0,"ams_product_points_reward":[],"ams_product_discount_percentage":0,"ams_price_to_display":1500,"aioseo_notices":[],"ams_acf":[],"jetpack_publicize_connections":[],"jetpack-related-posts":[],"jetpack_sharing_enabled":true,"jetpack_likes_enabled":true,"_links":{"self":[{"href":"https:\/\/ikasougou.com\/ikaseliba\/wp-json\/wp\/v2\/product\/627","targetHints":{"allow":["GET"]}}],"collection":[{"href":"https:\/\/ikasougou.com\/ikaseliba\/wp-json\/wp\/v2\/product"}],"about":[{"href":"https:\/\/ikasougou.com\/ikaseliba\/wp-json\/wp\/v2\/types\/product"}],"replies":[{"embeddable":true,"href":"https:\/\/ikasougou.com\/ikaseliba\/wp-json\/wp\/v2\/comments?post=627"}],"wp:featuredmedia":[{"embeddable":true,"href":"https:\/\/ikasougou.com\/ikaseliba\/wp-json\/wp\/v2\/media\/657"}],"wp:attachment":[{"href":"https:\/\/ikasougou.com\/ikaseliba\/wp-json\/wp\/v2\/media?parent=627"}],"wp:term":[{"taxonomy":"product_brand","embeddable":true,"href":"https:\/\/ikasougou.com\/ikaseliba\/wp-json\/wp\/v2\/product_brand?post=627"},{"taxonomy":"product_cat","embeddable":true,"href":"https:\/\/ikasougou.com\/ikaseliba\/wp-json\/wp\/v2\/product_cat?post=627"},{"taxonomy":"product_tag","embeddable":true,"href":"https:\/\/ikasougou.com\/ikaseliba\/wp-json\/wp\/v2\/product_tag?post=627"}],"curies":[{"name":"wp","href":"https:\/\/api.w.org\/{rel}","templated":true}]}}