{"id":821,"date":"2022-06-29T15:47:10","date_gmt":"2022-06-29T13:47:10","guid":{"rendered":"https:\/\/ikasougou.com\/ikaseliba\/?post_type=product&#038;p=821"},"modified":"2022-06-29T15:47:17","modified_gmt":"2022-06-29T13:47:17","slug":"tapis-de-priere-islamique-musulman-pliable","status":"publish","type":"product","link":"https:\/\/ikasougou.com\/ikaseliba\/produit\/tapis-de-priere-islamique-musulman-pliable\/","title":{"rendered":"Tapis de pri\u00e8re islamique musulman pliable"},"content":{"rendered":"<p>55x147cm &#8211; Bleu &#8211; Tapis de pri\u00e8re islamique musulman pliable, tapis de pri\u00e8re islamique, doux et plus \u00e9pais, tapis de pri\u00e8re Musallah Bleu<\/p>\n<div>\n<div>\n<div>\n<p>Tapis de pri\u00e8re musulman islamique pliable<\/p>\n<\/div>\n<div>\n<p>Description du produit:<\/p>\n<p>Mat\u00e9riel: Polyester<br \/>\nTaille: 55x147cm<br \/>\nType: tapis de pri\u00e8re musulman pliable<br \/>\nCouleur: Comme les photos<br \/>\nApplication: salon, chambre \u00e0 coucher, etc.<br \/>\nCaract\u00e9ristiques: Pliable<br \/>\nEmballage: tapis de pri\u00e8re 1 pi\u00e8ce<br \/>\nErreur: \u00b1 3%<\/p>\n<\/div>\n<div>\n<p>Caract\u00e9ristiques:<\/p>\n<p>Portable, pliable, facile \u00e0 transporter.<br \/>\nId\u00e9al pour une utilisation int\u00e9rieure et ext\u00e9rieure.<\/p>\n<\/div>\n<div>\n<p>Note:<\/p>\n<p>-Le tapis de pri\u00e8re a beaucoup de couleurs \u00e0 choisir.<br \/>\n-En raison de la diff\u00e9rence de lumi\u00e8re et d&#8217;\u00e9cran, l&#8217;image<br \/>\nEt la couleur r\u00e9elle de l&#8217;article peut avoir un<br \/>\nPeu de diff\u00e9rence.<\/p>\n<p><img data-recalc-dims=\"1\" loading=\"lazy\" decoding=\"async\" class=\"alignnone size-medium wp-image-22\" src=\"https:\/\/i0.wp.com\/ikasougou.com\/noorhijab\/wp-content\/uploads\/sites\/104\/2022\/06\/Tapis-de-prie%CC%80re-islamique-musulman-pliable-300x300.png?resize=300%2C300&#038;ssl=1\" alt=\"\" width=\"300\" height=\"300\" \/><\/p>\n<p>&nbsp;<\/p>\n<p><img data-recalc-dims=\"1\" loading=\"lazy\" decoding=\"async\" class=\"alignnone size-medium wp-image-16\" src=\"https:\/\/i0.wp.com\/ikasougou.com\/noorhijab\/wp-content\/uploads\/sites\/104\/2022\/06\/Tapis-pliable-4-300x286.jpeg?resize=300%2C286&#038;ssl=1\" alt=\"\" width=\"300\" height=\"286\" \/> \u00a0<img data-recalc-dims=\"1\" loading=\"lazy\" decoding=\"async\" class=\"alignnone size-medium wp-image-18\" src=\"https:\/\/i0.wp.com\/ikasougou.com\/noorhijab\/wp-content\/uploads\/sites\/104\/2022\/06\/Tapis-pliable01-300x291.jpeg?resize=300%2C291&#038;ssl=1\" alt=\"\" width=\"300\" height=\"291\" \/> \u00a0\u00a0<img data-recalc-dims=\"1\" loading=\"lazy\" decoding=\"async\" class=\"alignnone size-medium wp-image-21\" src=\"https:\/\/i0.wp.com\/ikasougou.com\/noorhijab\/wp-content\/uploads\/sites\/104\/2022\/06\/Tapis-pliable4-300x169.jpeg?resize=300%2C169&#038;ssl=1\" alt=\"\" width=\"300\" height=\"169\" \/><\/p>\n<\/div>\n<\/div>\n<\/div>\n<div style=\"display:flex; gap:10px;justify-content:center\" class=\"wps-pgfw-pdf-generate-icon__wrapper-frontend\">\n\t\t<a  href=\"https:\/\/ikasougou.com\/ikaseliba\/wp-json\/wp\/v2\/product\/821?action=genpdf&amp;id=821\" class=\"pgfw-single-pdf-download-button\" ><img src=\"https:\/\/ikasougou.com\/ikaseliba\/wp-content\/plugins\/pdf-generator-for-wp\/admin\/src\/images\/PDF_Tray.svg\" title=\"G\u00e9n\u00e9rer un PDF\" style=\"width:auto; height:45px;\"><\/a>\n\t\t<\/div>","protected":false},"excerpt":{"rendered":"<p>55x147cm &#8211; Bleu &#8211; Tapis de pri\u00e8re islamique musulman pliable, tapis de pri\u00e8re islamique, doux et plus \u00e9pais, tapis de pri\u00e8re Musallah Bleu Tapis de pri\u00e8re musulman islamique pliable Description du produit: Mat\u00e9riel: Polyester Taille: 55x147cm Type: tapis de pri\u00e8re musulman pliable Couleur: Comme les photos Application: salon, chambre \u00e0 coucher, etc. Caract\u00e9ristiques: Pliable Emballage: [&#8230;]\n","protected":false},"featured_media":844,"comment_status":"open","ping_status":"closed","template":"","meta":{"jetpack_publicize_message":"","jetpack_publicize_feature_enabled":true,"jetpack_social_post_already_shared":true,"jetpack_social_options":{"image_generator_settings":{"template":"highway","default_image_id":0,"font":"","enabled":false},"version":2}},"product_brand":[],"product_cat":[391],"product_tag":[392,72,113,78,359,393],"class_list":{"0":"post-821","1":"product","2":"type-product","3":"status-publish","4":"has-post-thumbnail","6":"product_cat-tapis-de-priere","7":"product_tag-allah","8":"product_tag-bamako","9":"product_tag-islam","10":"product_tag-mali","11":"product_tag-musulman","12":"product_tag-tapis-de-priere-islamique-musulman-pliable","14":"first","15":"instock","16":"sale","17":"shipping-taxable","18":"purchasable","19":"product-type-simple"},"ams_default_variation_id":0,"ams_product_points_reward":[],"ams_product_discount_percentage":16.67,"ams_price_to_display":12500,"aioseo_notices":[],"ams_acf":[],"jetpack_publicize_connections":[],"jetpack-related-posts":[],"jetpack_sharing_enabled":true,"jetpack_likes_enabled":true,"_links":{"self":[{"href":"https:\/\/ikasougou.com\/ikaseliba\/wp-json\/wp\/v2\/product\/821","targetHints":{"allow":["GET"]}}],"collection":[{"href":"https:\/\/ikasougou.com\/ikaseliba\/wp-json\/wp\/v2\/product"}],"about":[{"href":"https:\/\/ikasougou.com\/ikaseliba\/wp-json\/wp\/v2\/types\/product"}],"replies":[{"embeddable":true,"href":"https:\/\/ikasougou.com\/ikaseliba\/wp-json\/wp\/v2\/comments?post=821"}],"wp:featuredmedia":[{"embeddable":true,"href":"https:\/\/ikasougou.com\/ikaseliba\/wp-json\/wp\/v2\/media\/844"}],"wp:attachment":[{"href":"https:\/\/ikasougou.com\/ikaseliba\/wp-json\/wp\/v2\/media?parent=821"}],"wp:term":[{"taxonomy":"product_brand","embeddable":true,"href":"https:\/\/ikasougou.com\/ikaseliba\/wp-json\/wp\/v2\/product_brand?post=821"},{"taxonomy":"product_cat","embeddable":true,"href":"https:\/\/ikasougou.com\/ikaseliba\/wp-json\/wp\/v2\/product_cat?post=821"},{"taxonomy":"product_tag","embeddable":true,"href":"https:\/\/ikasougou.com\/ikaseliba\/wp-json\/wp\/v2\/product_tag?post=821"}],"curies":[{"name":"wp","href":"https:\/\/api.w.org\/{rel}","templated":true}]}}