{"id":1906,"date":"2022-04-27T13:44:19","date_gmt":"2022-04-27T11:44:19","guid":{"rendered":"https:\/\/ikasougou.com\/ikaselifitini\/?post_type=product&#038;p=1906"},"modified":"2022-04-29T17:33:43","modified_gmt":"2022-04-29T15:33:43","slug":"robes-cousues-en-bazin-et-wax-2","status":"publish","type":"product","link":"https:\/\/ikasougou.com\/ikaselifitini\/produit\/robes-cousues-en-bazin-et-wax-2\/","title":{"rendered":"Robes Cousues en Bazin et Wax"},"content":{"rendered":"<p>Habillez vos petites princesses dans ces magnifiques confections. Des robes qui invitent \u00e0 la f\u00eate ! Elles peuvent \u00eatre utilis\u00e9es pour les anniversaires, les r\u00e9ceptions et autres c\u00e9l\u00e9brations, surtout la f\u00eate de Ramadan qui approche \u00e0 grand pas. Avec leurs d\u00e9tails raffin\u00e9s et des dentelles pour le bonheur des petites filles, ces confections sont notamment un v\u00e9ritable gain de temps pour les parents !<\/p>\n<div style=\"display:flex; gap:10px;justify-content:center\" class=\"wps-pgfw-pdf-generate-icon__wrapper-frontend\">\n\t\t<a  href=\"https:\/\/ikasougou.com\/ikaselifitini\/wp-json\/wp\/v2\/product\/1906?action=genpdf&amp;id=1906\" class=\"pgfw-single-pdf-download-button\" ><img src=\"https:\/\/ikasougou.com\/ikaselifitini\/wp-content\/plugins\/pdf-generator-for-wp\/admin\/src\/images\/PDF_Tray.svg\" title=\"G\u00e9n\u00e9rer un PDF\" style=\"width:auto; height:45px;\"><\/a>\n\t\t<\/div>","protected":false},"excerpt":{"rendered":"<p>Habillez vos petites princesses dans ces magnifiques confections. Des robes qui invitent \u00e0 la f\u00eate ! Elles peuvent \u00eatre utilis\u00e9es pour les anniversaires, les r\u00e9ceptions et autres c\u00e9l\u00e9brations, surtout la f\u00eate de Ramadan qui approche \u00e0 grand pas. Avec leurs d\u00e9tails raffin\u00e9s et des dentelles pour le bonheur des petites filles, ces confections sont notamment [&#8230;]\n","protected":false},"featured_media":1894,"comment_status":"open","ping_status":"closed","template":"","meta":{"jetpack_publicize_message":"","jetpack_publicize_feature_enabled":true,"jetpack_social_post_already_shared":true,"jetpack_social_options":{"image_generator_settings":{"template":"highway","default_image_id":0,"font":"","enabled":false},"version":2}},"product_brand":[],"product_cat":[160],"product_tag":[176,177,164],"class_list":{"0":"post-1906","1":"product","2":"type-product","3":"status-publish","4":"has-post-thumbnail","6":"product_cat-robe-2","7":"product_tag-enfant","8":"product_tag-fille","9":"product_tag-robe","11":"first","12":"instock","13":"shipping-taxable","14":"purchasable","15":"product-type-simple"},"ams_default_variation_id":0,"ams_product_points_reward":[],"ams_product_discount_percentage":0,"ams_price_to_display":17500,"aioseo_notices":[],"ams_acf":[],"jetpack_publicize_connections":[],"jetpack-related-posts":[],"jetpack_sharing_enabled":true,"jetpack_likes_enabled":true,"_links":{"self":[{"href":"https:\/\/ikasougou.com\/ikaselifitini\/wp-json\/wp\/v2\/product\/1906","targetHints":{"allow":["GET"]}}],"collection":[{"href":"https:\/\/ikasougou.com\/ikaselifitini\/wp-json\/wp\/v2\/product"}],"about":[{"href":"https:\/\/ikasougou.com\/ikaselifitini\/wp-json\/wp\/v2\/types\/product"}],"replies":[{"embeddable":true,"href":"https:\/\/ikasougou.com\/ikaselifitini\/wp-json\/wp\/v2\/comments?post=1906"}],"wp:featuredmedia":[{"embeddable":true,"href":"https:\/\/ikasougou.com\/ikaselifitini\/wp-json\/wp\/v2\/media\/1894"}],"wp:attachment":[{"href":"https:\/\/ikasougou.com\/ikaselifitini\/wp-json\/wp\/v2\/media?parent=1906"}],"wp:term":[{"taxonomy":"product_brand","embeddable":true,"href":"https:\/\/ikasougou.com\/ikaselifitini\/wp-json\/wp\/v2\/product_brand?post=1906"},{"taxonomy":"product_cat","embeddable":true,"href":"https:\/\/ikasougou.com\/ikaselifitini\/wp-json\/wp\/v2\/product_cat?post=1906"},{"taxonomy":"product_tag","embeddable":true,"href":"https:\/\/ikasougou.com\/ikaselifitini\/wp-json\/wp\/v2\/product_tag?post=1906"}],"curies":[{"name":"wp","href":"https:\/\/api.w.org\/{rel}","templated":true}]}}