{"id":274,"date":"2021-04-21T16:39:19","date_gmt":"2021-04-21T14:39:19","guid":{"rendered":"https:\/\/ikasougou.com\/ikasounkalo\/?post_type=product&#038;p=274"},"modified":"2022-04-04T18:46:56","modified_gmt":"2022-04-04T16:46:56","slug":"nutella-pate-a-tartiner-aux-noisettes-1kg","status":"publish","type":"product","link":"https:\/\/ikasougou.com\/ikasounkalo\/produit\/nutella-pate-a-tartiner-aux-noisettes-1kg\/","title":{"rendered":"NUTELLA P\u00e2te \u00e0 tartiner aux noisettes 1kg"},"content":{"rendered":"<div class=\"product-description__feature-wrapper\">\n<div>\n<h5 class=\"product-description__feature-title\">Marketing<\/h5>\n<div class=\"product-description__feature-group-wrapper\"><span class=\"product-description__feature-label\">Avantages produit<\/span><\/p>\n<div class=\"product-description__feature-values\"><span class=\"product-description__feature-value\">Nutella\u00ae, c\u2019est une p\u00e2te \u00e0 tartiner onctueuse, au go\u00fbt unique de cacao et de noisettes. Le secret de son go\u00fbt inimitable\u00a0? Seulement 7 ingr\u00e9dients de qualit\u00e9, soigneusement s\u00e9lectionn\u00e9s, et un savoir-faire de plus de 50 ans\u00a0!<\/span><\/div>\n<\/div>\n<div class=\"product-description__feature-group-wrapper\"><span class=\"product-description__feature-label\">Avantages consommateur<\/span><\/p>\n<div class=\"product-description__feature-values\"><span class=\"product-description__feature-value\">Nutella\u00ae, c\u2019est une p\u00e2te \u00e0 tartiner onctueuse, au go\u00fbt unique de cacao et de noisettes. Le secret de son go\u00fbt inimitable\u00a0? Seulement 7 ingr\u00e9dients de qualit\u00e9, soigneusement s\u00e9lectionn\u00e9s, et un savoir-faire de plus de 50 ans\u00a0!Sur votre tartine de pain, au petit-d\u00e9jeuner, au go\u00fbter ou comme ingr\u00e9dient pour vos recettes, Nutella\u00ae saura ravir petits et grands en toute occasion\u00a0!<\/span><\/div>\n<\/div>\n<div class=\"product-description__feature-group-wrapper\"><span class=\"product-description__feature-label\">Description marketing<\/span><\/p>\n<div class=\"product-description__feature-values\"><span class=\"product-description__feature-value\">Vous \u00eates nombreux \u00e0 appr\u00e9cier le go\u00fbt unique du Nutella sur une tranche de pain mais il existe aussi beaucoup d\u2019autres recettes originales \u00e0 essayer ! Pourquoi ne pas laisser place \u00e0 votre cr\u00e9ativit\u00e9 et tenter l\u2019exp\u00e9rience avec Nutella ? Essayez quelque chose de nouveau pour r\u00e9veiller votre enthousiasme !<\/span><\/div>\n<\/div>\n<\/div>\n<\/div>\n<div class=\"product-description__feature-wrapper\">\n<div class=\"product-description__feature--single\">\n<h5 class=\"product-description__feature-title\">Ingr\u00e9dients<\/h5>\n<div class=\"product-description__feature-values\"><span class=\"product-description__feature-value\">sucre, huile de palme, NOISETTES 13%, LAIT \u00e9cr\u00e9m\u00e9 en poudre 8,7%, cacao maigre7,4%, \u00e9mulsifiants : l\u00e9cithines [ SOJA ] vanilline<\/span><\/div>\n<\/div>\n<\/div>\n<div class=\"product-description__feature-wrapper\">\n<div class=\"product-description__feature--single\">\n<h5 class=\"product-description__feature-title\">D\u00e9nomination l\u00e9gale de vente<\/h5>\n<div class=\"product-description__feature-values\"><span class=\"product-description__feature-value\">NUTELLA : P\u00e2te \u00e0 tartiner aux noisettes<\/span><\/div>\n<\/div>\n<\/div>\n<div class=\"product-description__feature-wrapper\">\n<div class=\"product-description__feature--single\">\n<h5 class=\"product-description__feature-title\">Conditions particuli\u00e8res de conservation<\/h5>\n<div class=\"product-description__feature-values\"><span class=\"product-description__feature-value\">A conserver au sec et \u00e0 l&#8217;abri de la chaleur. Ne pas mettre au r\u00e9frig\u00e9rateur.<\/span><\/div>\n<\/div>\n<\/div>\n<div style=\"display:flex; gap:10px;justify-content:center\" class=\"wps-pgfw-pdf-generate-icon__wrapper-frontend\">\n\t\t<a  href=\"https:\/\/ikasougou.com\/ikasounkalo\/wp-json\/wp\/v2\/product\/274?action=genpdf&amp;id=274\" class=\"pgfw-single-pdf-download-button\" ><img src=\"https:\/\/ikasougou.com\/ikasounkalo\/wp-content\/plugins\/pdf-generator-for-wp\/admin\/src\/images\/PDF_Tray.svg\" title=\"G\u00e9n\u00e9rer un PDF\" style=\"width:auto; height:45px;\"><\/a>\n\t\t<\/div>","protected":false},"excerpt":{"rendered":"<p>Marketing Avantages produit Nutella\u00ae, c\u2019est une p\u00e2te \u00e0 tartiner onctueuse, au go\u00fbt unique de cacao et de noisettes. Le secret de son go\u00fbt inimitable\u00a0? Seulement 7 ingr\u00e9dients de qualit\u00e9, soigneusement s\u00e9lectionn\u00e9s, et un savoir-faire de plus de 50 ans\u00a0! Avantages consommateur Nutella\u00ae, c\u2019est une p\u00e2te \u00e0 tartiner onctueuse, au go\u00fbt unique de cacao et de [&#8230;]\n","protected":false},"featured_media":275,"comment_status":"open","ping_status":"closed","template":"","meta":{"jetpack_publicize_message":"","jetpack_publicize_feature_enabled":true,"jetpack_social_post_already_shared":false,"jetpack_social_options":{"image_generator_settings":{"template":"highway","default_image_id":0,"font":"","enabled":false},"version":2}},"product_brand":[],"product_cat":[16],"product_tag":[25,72,34,73,74,26],"class_list":{"0":"post-274","1":"product","2":"type-product","3":"status-publish","4":"has-post-thumbnail","6":"product_cat-alimentaires","7":"product_tag-bamako","8":"product_tag-chocolat","9":"product_tag-ikasougou-com","10":"product_tag-nutella","11":"product_tag-pate-a-tartiner","12":"product_tag-ramadan","14":"first","15":"outofstock","16":"shipping-taxable","17":"purchasable","18":"product-type-simple"},"ams_default_variation_id":0,"ams_product_points_reward":[],"ams_product_discount_percentage":0,"ams_price_to_display":6500,"aioseo_notices":[],"ams_acf":[],"jetpack_publicize_connections":[],"jetpack-related-posts":[],"jetpack_sharing_enabled":true,"jetpack_likes_enabled":true,"_links":{"self":[{"href":"https:\/\/ikasougou.com\/ikasounkalo\/wp-json\/wp\/v2\/product\/274","targetHints":{"allow":["GET"]}}],"collection":[{"href":"https:\/\/ikasougou.com\/ikasounkalo\/wp-json\/wp\/v2\/product"}],"about":[{"href":"https:\/\/ikasougou.com\/ikasounkalo\/wp-json\/wp\/v2\/types\/product"}],"replies":[{"embeddable":true,"href":"https:\/\/ikasougou.com\/ikasounkalo\/wp-json\/wp\/v2\/comments?post=274"}],"wp:featuredmedia":[{"embeddable":true,"href":"https:\/\/ikasougou.com\/ikasounkalo\/wp-json\/wp\/v2\/media\/275"}],"wp:attachment":[{"href":"https:\/\/ikasougou.com\/ikasounkalo\/wp-json\/wp\/v2\/media?parent=274"}],"wp:term":[{"taxonomy":"product_brand","embeddable":true,"href":"https:\/\/ikasougou.com\/ikasounkalo\/wp-json\/wp\/v2\/product_brand?post=274"},{"taxonomy":"product_cat","embeddable":true,"href":"https:\/\/ikasougou.com\/ikasounkalo\/wp-json\/wp\/v2\/product_cat?post=274"},{"taxonomy":"product_tag","embeddable":true,"href":"https:\/\/ikasougou.com\/ikasounkalo\/wp-json\/wp\/v2\/product_tag?post=274"}],"curies":[{"name":"wp","href":"https:\/\/api.w.org\/{rel}","templated":true}]}}