{"id":30,"date":"2021-04-05T20:04:56","date_gmt":"2021-04-05T18:04:56","guid":{"rendered":"https:\/\/ikasougou.com\/ikasounkalo\/?post_type=product&#038;p=30"},"modified":"2022-04-04T18:36:26","modified_gmt":"2022-04-04T16:36:26","slug":"chapelet-electronique-lumineux","status":"publish","type":"product","link":"https:\/\/ikasougou.com\/ikasounkalo\/produit\/chapelet-electronique-lumineux\/","title":{"rendered":"Chapelet Electronique avec Led (Lumineux)"},"content":{"rendered":"<h3><span class=\"a-list-item\">PERLES ROTATIVES TASBIH NUM\u00c9RIQUE QUI SE SENT COMME UN VRAI TASBEEH S<\/span>ANS S&#8217;inqui\u00e9ter de casser des perles.<\/h3>\n<p><img data-recalc-dims=\"1\" loading=\"lazy\" decoding=\"async\" class=\"alignnone size-medium wp-image-23175\" src=\"https:\/\/i0.wp.com\/ikasougou.com\/wp-content\/uploads\/2021\/04\/31IxSAPf5xL-300x291.jpg?resize=300%2C291&#038;ssl=1\" alt=\"\" width=\"300\" height=\"291\" \/><img data-recalc-dims=\"1\" loading=\"lazy\" decoding=\"async\" class=\"alignnone size-medium wp-image-23178\" style=\"color: #333333;\" src=\"https:\/\/i0.wp.com\/ikasougou.com\/wp-content\/uploads\/2021\/04\/416Tz6rVrpL-300x194.jpg?resize=300%2C194&#038;ssl=1\" alt=\"\" width=\"300\" height=\"194\" \/><\/p>\n<h3><span class=\"a-list-item\">\u00a0PETIT ET COMPACT, S&#8217;INSTALLE FACILEMENT DANS VOTRE POCHE. TRANSPORTEZ PARTOUT<\/span><\/h3>\n<h3><span class=\"a-list-item\">Achetez individuellement ou en pack de 3 couleurs diff\u00e9rentes pour vous-m\u00eame, votre famille et vos amis .<\/span><\/h3>\n<p><img data-recalc-dims=\"1\" loading=\"lazy\" decoding=\"async\" class=\"alignnone size-medium wp-image-23177\" src=\"https:\/\/i0.wp.com\/ikasougou.com\/wp-content\/uploads\/2021\/04\/71O5J7SorQL._SL1500_-300x200.jpg?resize=300%2C200&#038;ssl=1\" alt=\"\" width=\"300\" height=\"200\" \/><\/p>\n<h3 style=\"font-size: 20.16px;\"><img data-recalc-dims=\"1\" loading=\"lazy\" decoding=\"async\" class=\"alignnone size-medium wp-image-23168\" style=\"font-size: 14.4px;\" src=\"https:\/\/i0.wp.com\/ikasougou.com\/wp-content\/uploads\/2021\/04\/41vWsgLNQ8L._AC_-256x300.jpg?resize=256%2C300&#038;ssl=1\" alt=\"\" width=\"256\" height=\"300\" \/><img data-recalc-dims=\"1\" loading=\"lazy\" decoding=\"async\" class=\"alignnone size-medium wp-image-23170\" style=\"font-size: 14.4px; color: #555555;\" src=\"https:\/\/i0.wp.com\/ikasougou.com\/wp-content\/uploads\/2021\/04\/41D9C65GlDL._AC_-245x300.jpg?resize=245%2C300&#038;ssl=1\" alt=\"\" width=\"245\" height=\"300\" \/><\/h3>\n<h2>Description Nouveau Tasbih Digital de l\u2019usine SXH5136 Rang: 0-99999 Mod\u00e8le n \u00b0 2026 LED Mod\u00e8le NO. 2026LED avec LED Bonne qualit\u00e9 comme d\u2019habitude Batterie AG13 (ne peut pas \u00eatre remplac\u00e9e) 2032 pour compteur LED (ne peut pas \u00eatre remplac\u00e9) Emballage: 1 pi\u00e8ce\/bo\u00eete 240 pi\u00e8ces\/ctn<\/h2>\n<p><img data-recalc-dims=\"1\" loading=\"lazy\" decoding=\"async\" class=\"alignnone size-medium wp-image-23169\" src=\"https:\/\/i0.wp.com\/ikasougou.com\/wp-content\/uploads\/2021\/04\/813fi2qlomL._AC_SL1500_-279x300.jpg?resize=279%2C300&#038;ssl=1\" alt=\"\" width=\"279\" height=\"300\" \/> \u00a0<img data-recalc-dims=\"1\" loading=\"lazy\" decoding=\"async\" class=\"alignnone size-medium wp-image-23171\" src=\"https:\/\/i0.wp.com\/ikasougou.com\/wp-content\/uploads\/2021\/04\/41JSbQ6JAmL._AC_-245x300.jpg?resize=245%2C300&#038;ssl=1\" alt=\"\" width=\"245\" height=\"300\" \/><\/p>\n<div style=\"display:flex; gap:10px;justify-content:center\" class=\"wps-pgfw-pdf-generate-icon__wrapper-frontend\">\n\t\t<a  href=\"https:\/\/ikasougou.com\/ikasounkalo\/wp-json\/wp\/v2\/product\/30?action=genpdf&amp;id=30\" class=\"pgfw-single-pdf-download-button\" ><img src=\"https:\/\/ikasougou.com\/ikasounkalo\/wp-content\/plugins\/pdf-generator-for-wp\/admin\/src\/images\/PDF_Tray.svg\" title=\"G\u00e9n\u00e9rer un PDF\" style=\"width:auto; height:45px;\"><\/a>\n\t\t<\/div>","protected":false},"excerpt":{"rendered":"<p>PERLES ROTATIVES TASBIH NUM\u00c9RIQUE QUI SE SENT COMME UN VRAI TASBEEH SANS S&#8217;inqui\u00e9ter de casser des perles. \u00a0PETIT ET COMPACT, S&#8217;INSTALLE FACILEMENT DANS VOTRE POCHE. TRANSPORTEZ PARTOUT Achetez individuellement ou en pack de 3 couleurs diff\u00e9rentes pour vous-m\u00eame, votre famille et vos amis . Description Nouveau Tasbih Digital de l\u2019usine SXH5136 Rang: 0-99999 Mod\u00e8le n [&#8230;]\n","protected":false},"featured_media":609,"comment_status":"open","ping_status":"closed","template":"","meta":{"jetpack_publicize_message":"","jetpack_publicize_feature_enabled":true,"jetpack_social_post_already_shared":false,"jetpack_social_options":{"image_generator_settings":{"template":"highway","default_image_id":0,"font":"","enabled":false},"version":2}},"product_brand":[],"product_cat":[19],"product_tag":[25,20,24,21,23,22,26],"class_list":{"0":"post-30","1":"product","2":"type-product","3":"status-publish","4":"has-post-thumbnail","6":"product_cat-ika-sali-minen","7":"product_tag-bamako","8":"product_tag-chapelet-musulman-electronique","9":"product_tag-ikasougou","10":"product_tag-islam","11":"product_tag-mali","12":"product_tag-priere","13":"product_tag-ramadan","15":"first","16":"outofstock","17":"sale","18":"shipping-taxable","19":"purchasable","20":"product-type-variable"},"ams_default_variation_id":0,"ams_product_points_reward":[],"ams_product_discount_percentage":0,"ams_price_to_display":4000,"aioseo_notices":[],"ams_acf":[],"jetpack_publicize_connections":[],"jetpack-related-posts":[],"jetpack_sharing_enabled":true,"jetpack_likes_enabled":true,"_links":{"self":[{"href":"https:\/\/ikasougou.com\/ikasounkalo\/wp-json\/wp\/v2\/product\/30","targetHints":{"allow":["GET"]}}],"collection":[{"href":"https:\/\/ikasougou.com\/ikasounkalo\/wp-json\/wp\/v2\/product"}],"about":[{"href":"https:\/\/ikasougou.com\/ikasounkalo\/wp-json\/wp\/v2\/types\/product"}],"replies":[{"embeddable":true,"href":"https:\/\/ikasougou.com\/ikasounkalo\/wp-json\/wp\/v2\/comments?post=30"}],"wp:featuredmedia":[{"embeddable":true,"href":"https:\/\/ikasougou.com\/ikasounkalo\/wp-json\/wp\/v2\/media\/609"}],"wp:attachment":[{"href":"https:\/\/ikasougou.com\/ikasounkalo\/wp-json\/wp\/v2\/media?parent=30"}],"wp:term":[{"taxonomy":"product_brand","embeddable":true,"href":"https:\/\/ikasougou.com\/ikasounkalo\/wp-json\/wp\/v2\/product_brand?post=30"},{"taxonomy":"product_cat","embeddable":true,"href":"https:\/\/ikasougou.com\/ikasounkalo\/wp-json\/wp\/v2\/product_cat?post=30"},{"taxonomy":"product_tag","embeddable":true,"href":"https:\/\/ikasougou.com\/ikasounkalo\/wp-json\/wp\/v2\/product_tag?post=30"}],"curies":[{"name":"wp","href":"https:\/\/api.w.org\/{rel}","templated":true}]}}