{"id":370,"date":"2021-04-28T12:09:01","date_gmt":"2021-04-28T10:09:01","guid":{"rendered":"https:\/\/ikasougou.com\/ikasounkalo\/?post_type=product&#038;p=370"},"modified":"2026-04-02T12:50:30","modified_gmt":"2026-04-02T10:50:30","slug":"the-flecha-41022","status":"publish","type":"product","link":"https:\/\/ikasougou.com\/ikasounkalo\/produit\/the-flecha-41022\/","title":{"rendered":"Th\u00e9 Flecha 41022"},"content":{"rendered":"<p><span data-spm-anchor-id=\"a2700.details.0.i31.798f46c5zJg4zb\">Th\u00e9 vert Chunmee 41022, qui provient de la province du Zhejiang, est populaire sur le march\u00e9 occidental pour sa haute qualit\u00e9, mais prix raisonnable.<\/span><\/p>\n<p><span data-spm-anchor-id=\"a2700.details.0.i30.798f46c5zJg4zb\">Le th\u00e9 Chunmee est riche en un l\u00e9ger bruit de ch\u00e2taigne, au go\u00fbt de smmoth et avec subtil sucr\u00e9 persistant. En outre, chunmee est un th\u00e9 bien \u00e9quilibr\u00e9 qui tient bien \u00e0 de nombreux aliments diff\u00e9rents lorsqu&#8217;il est servi avec le matin ou m\u00eame les repas.<\/span><\/p>\n<p>&nbsp;<\/p>\n<p><img data-recalc-dims=\"1\" loading=\"lazy\" decoding=\"async\" class=\"alignright\" src=\"https:\/\/i0.wp.com\/sc02.alicdn.com\/kf\/HTB1vHf2RFXXXXaAXpXXq6xXFXXXT\/230460903\/HTB1vHf2RFXXXXaAXpXXq6xXFXXXT.jpg?resize=373%2C353&#038;ssl=1\" alt=\"Chine Flecha qualit\u00e9 bienfaits pour la sant\u00e9 th\u00e9 vert Chunmee 41022\" width=\"373\" height=\"353\" data-src=\"\/\/sc02.alicdn.com\/kf\/HTB1vHf2RFXXXXaAXpXXq6xXFXXXT\/230460903\/HTB1vHf2RFXXXXaAXpXXq6xXFXXXT.jpg\" data-alt=\"Chine Flecha qualit\u00e9 bienfaits pour la sant\u00e9 th\u00e9 vert Chunmee 41022\" data-spm-anchor-id=\"a2700.details.0.i32.798f46c5zJg4zb\" \/><\/p>\n<p><span data-spm-anchor-id=\"a2700.details.0.i34.798f46c5zJg4zb\">Q1.combien de caf\u00e9ine, dans un service puis-je encore dormir la nuit?<\/span><\/p>\n<p>Normalement, pour certaines personnes ayant le probl\u00e8me de sommeil sensible, nous ne recommandons pas de boire du th\u00e9 la nuit.<\/p>\n<p>S&#8217;il vous pla\u00eet boire le jour.<\/p>\n<p>Q2.comment garantir la qualit\u00e9 de chaque lot de th\u00e9 est la m\u00eame?<\/p>\n<p>Nous avons un syst\u00e8me ERP tra\u00e7able pour tous nos th\u00e9s. Tout d&#8217;abord, chaque th\u00e9 a son propre code d&#8217;article unique; Chaque LOT a son num\u00e9ro de LOT; puis syst\u00e8me ERP tra\u00e7able pour tous les clients<\/p>\n<p>Q3.Storage. Il est pr\u00e9f\u00e9rable de le transf\u00e9rer dans le r\u00e9cipient scell\u00e9 pour pr\u00e9server plus longtemps le go\u00fbt et l&#8217;ar\u00f4me?<\/p>\n<p>Pour le th\u00e9 vert ou tout autre th\u00e9 l\u00e9g\u00e8rement oxyd\u00e9, veuillez aspirer et garder au frais, s\u00e9chez sans aucun endroit d&#8217;odeur.<\/p>\n<p>Si possible, veuillez conserver au cong\u00e9lateur pour conserver sa fra\u00eecheur.<\/p>\n<p>Q4.quels th\u00e9s verts sont votre meilleur vendeur?<\/p>\n<p>Longjing, Maojian, Maofeng, th\u00e9 blanc d&#8217;anji, pousse de bambou pourpre, Sencha, etc.<\/p>\n<p>&nbsp;<\/p>\n<p>&nbsp;<\/p>\n<p>&nbsp;<\/p>\n<p>&nbsp;<\/p>\n<div style=\"display:flex; gap:10px;justify-content:center\" class=\"wps-pgfw-pdf-generate-icon__wrapper-frontend\">\n\t\t<a  href=\"https:\/\/ikasougou.com\/ikasounkalo\/wp-json\/wp\/v2\/product\/370?action=genpdf&amp;id=370\" class=\"pgfw-single-pdf-download-button\" ><img src=\"https:\/\/ikasougou.com\/ikasounkalo\/wp-content\/plugins\/pdf-generator-for-wp\/admin\/src\/images\/PDF_Tray.svg\" title=\"G\u00e9n\u00e9rer un PDF\" style=\"width:auto; height:45px;\"><\/a>\n\t\t<\/div>","protected":false},"excerpt":{"rendered":"<p>Th\u00e9 vert Chunmee 41022, qui provient de la province du Zhejiang, est populaire sur le march\u00e9 occidental pour sa haute qualit\u00e9, mais prix raisonnable. Le th\u00e9 Chunmee est riche en un l\u00e9ger bruit de ch\u00e2taigne, au go\u00fbt de smmoth et avec subtil sucr\u00e9 persistant. En outre, chunmee est un th\u00e9 bien \u00e9quilibr\u00e9 qui tient bien [&#8230;]\n","protected":false},"featured_media":371,"comment_status":"open","ping_status":"closed","template":"","meta":{"jetpack_publicize_message":"","jetpack_publicize_feature_enabled":true,"jetpack_social_post_already_shared":false,"jetpack_social_options":{"image_generator_settings":{"template":"highway","default_image_id":0,"font":"","enabled":false},"version":2}},"product_brand":[],"product_cat":[16],"product_tag":[25,107,34,35,36,23,28,106],"class_list":{"0":"post-370","1":"product","2":"type-product","3":"status-publish","4":"has-post-thumbnail","6":"product_cat-alimentaires","7":"product_tag-bamako","8":"product_tag-flecha","9":"product_tag-ikasougou-com","10":"product_tag-ikasounkalo","11":"product_tag-jeune","12":"product_tag-mali","13":"product_tag-ruptures","14":"product_tag-the","16":"first","17":"instock","18":"shipping-taxable","19":"purchasable","20":"product-type-simple"},"ams_default_variation_id":0,"ams_product_points_reward":[],"ams_product_discount_percentage":0,"ams_price_to_display":1500,"aioseo_notices":[],"ams_acf":[],"jetpack_publicize_connections":[],"jetpack-related-posts":[],"jetpack_sharing_enabled":true,"jetpack_likes_enabled":true,"_links":{"self":[{"href":"https:\/\/ikasougou.com\/ikasounkalo\/wp-json\/wp\/v2\/product\/370","targetHints":{"allow":["GET"]}}],"collection":[{"href":"https:\/\/ikasougou.com\/ikasounkalo\/wp-json\/wp\/v2\/product"}],"about":[{"href":"https:\/\/ikasougou.com\/ikasounkalo\/wp-json\/wp\/v2\/types\/product"}],"replies":[{"embeddable":true,"href":"https:\/\/ikasougou.com\/ikasounkalo\/wp-json\/wp\/v2\/comments?post=370"}],"wp:featuredmedia":[{"embeddable":true,"href":"https:\/\/ikasougou.com\/ikasounkalo\/wp-json\/wp\/v2\/media\/371"}],"wp:attachment":[{"href":"https:\/\/ikasougou.com\/ikasounkalo\/wp-json\/wp\/v2\/media?parent=370"}],"wp:term":[{"taxonomy":"product_brand","embeddable":true,"href":"https:\/\/ikasougou.com\/ikasounkalo\/wp-json\/wp\/v2\/product_brand?post=370"},{"taxonomy":"product_cat","embeddable":true,"href":"https:\/\/ikasougou.com\/ikasounkalo\/wp-json\/wp\/v2\/product_cat?post=370"},{"taxonomy":"product_tag","embeddable":true,"href":"https:\/\/ikasougou.com\/ikasounkalo\/wp-json\/wp\/v2\/product_tag?post=370"}],"curies":[{"name":"wp","href":"https:\/\/api.w.org\/{rel}","templated":true}]}}