{"id":610,"date":"2022-04-05T18:15:50","date_gmt":"2022-04-05T16:15:50","guid":{"rendered":"https:\/\/ikasougou.com\/ikasounkalo\/?post_type=product&#038;p=610"},"modified":"2022-04-05T18:29:52","modified_gmt":"2022-04-05T16:29:52","slug":"description-chapelet-electronique-avec-boussole-marron-clair","status":"publish","type":"product","link":"https:\/\/ikasougou.com\/ikasounkalo\/produit\/description-chapelet-electronique-avec-boussole-marron-clair\/","title":{"rendered":"Chapelet \u00c9lectronique avec Boussole Marron Clair"},"content":{"rendered":"<p>Faites vos pri\u00e8res avec ce Chapelet \u00c9lectronique muni d\u2019une boussole et d\u2019une LED, pour vous aider \u00e0 trouver la direction de la Mecque.<\/p>\n<p>Facile \u00e0 transporter : le comptoir de petite taille est l\u00e9ger.<br \/>\n-Fonctionnement silencieux.<br \/>\n-Faites d\u00e9filer le pouce pour commencer \u00e0 compter avec le rouleau lisse.<br \/>\n-Mise hors tension automatique : la lecture statistique, la mise hors tension automatique et le compteur peuvent \u00eatre remis \u00e0 z\u00e9ro.<br \/>\n-R\u00e9sistance \u00e0 la chute : mati\u00e8re plastique avec une bonne r\u00e9sistance \u00e0 la chute.<br \/>\n-Occasions appropri\u00e9es : utilis\u00e9 pour toutes sortes de relaxation, de m\u00e9ditation, d\u00e9compression, doigts actifs, etc.<br \/>\nDescription Nouveau Tasbih Digital de l\u2019usine SXH5136 Rang : 0-99999 Mod\u00e8le n \u00b0 2026 LED Mod\u00e8le NO. 2026LED avec LED Bonne qualit\u00e9 comme d\u2019habitude Batterie AG13 (ne peut pas \u00eatre remplac\u00e9e) 2032 pour compteur LED (ne peut pas \u00eatre remplac\u00e9) Emballage : 1 pi\u00e8ce\/bo\u00eete 240 pi\u00e8ces\/ctn.<\/p>\n<div style=\"display:flex; gap:10px;justify-content:center\" class=\"wps-pgfw-pdf-generate-icon__wrapper-frontend\">\n\t\t<a  href=\"https:\/\/ikasougou.com\/ikasounkalo\/wp-json\/wp\/v2\/product\/610?action=genpdf&amp;id=610\" class=\"pgfw-single-pdf-download-button\" ><img src=\"https:\/\/ikasougou.com\/ikasounkalo\/wp-content\/plugins\/pdf-generator-for-wp\/admin\/src\/images\/PDF_Tray.svg\" title=\"G\u00e9n\u00e9rer un PDF\" style=\"width:auto; height:45px;\"><\/a>\n\t\t<\/div>","protected":false},"excerpt":{"rendered":"<p>Faites vos pri\u00e8res avec ce Chapelet \u00c9lectronique muni d\u2019une boussole et d\u2019une LED, pour vous aider \u00e0 trouver la direction de la Mecque. Facile \u00e0 transporter : le comptoir de petite taille est l\u00e9ger. -Fonctionnement silencieux. -Faites d\u00e9filer le pouce pour commencer \u00e0 compter avec le rouleau lisse. -Mise hors tension automatique : la lecture [&#8230;]\n","protected":false},"featured_media":612,"comment_status":"open","ping_status":"closed","template":"","meta":{"jetpack_publicize_message":"","jetpack_publicize_feature_enabled":true,"jetpack_social_post_already_shared":true,"jetpack_social_options":{"image_generator_settings":{"template":"highway","default_image_id":0,"font":"","enabled":false},"version":2}},"product_brand":[],"product_cat":[19],"product_tag":[186,43,22,187],"class_list":{"0":"post-610","1":"product","2":"type-product","3":"status-publish","4":"has-post-thumbnail","6":"product_cat-ika-sali-minen","7":"product_tag-boussole","8":"product_tag-chapelet","9":"product_tag-priere","10":"product_tag-ramdan","12":"first","13":"instock","14":"shipping-taxable","15":"purchasable","16":"product-type-simple"},"ams_default_variation_id":0,"ams_product_points_reward":[],"ams_product_discount_percentage":0,"ams_price_to_display":4500,"aioseo_notices":[],"ams_acf":[],"jetpack_publicize_connections":[],"jetpack-related-posts":[],"jetpack_sharing_enabled":true,"jetpack_likes_enabled":true,"_links":{"self":[{"href":"https:\/\/ikasougou.com\/ikasounkalo\/wp-json\/wp\/v2\/product\/610","targetHints":{"allow":["GET"]}}],"collection":[{"href":"https:\/\/ikasougou.com\/ikasounkalo\/wp-json\/wp\/v2\/product"}],"about":[{"href":"https:\/\/ikasougou.com\/ikasounkalo\/wp-json\/wp\/v2\/types\/product"}],"replies":[{"embeddable":true,"href":"https:\/\/ikasougou.com\/ikasounkalo\/wp-json\/wp\/v2\/comments?post=610"}],"wp:featuredmedia":[{"embeddable":true,"href":"https:\/\/ikasougou.com\/ikasounkalo\/wp-json\/wp\/v2\/media\/612"}],"wp:attachment":[{"href":"https:\/\/ikasougou.com\/ikasounkalo\/wp-json\/wp\/v2\/media?parent=610"}],"wp:term":[{"taxonomy":"product_brand","embeddable":true,"href":"https:\/\/ikasougou.com\/ikasounkalo\/wp-json\/wp\/v2\/product_brand?post=610"},{"taxonomy":"product_cat","embeddable":true,"href":"https:\/\/ikasougou.com\/ikasounkalo\/wp-json\/wp\/v2\/product_cat?post=610"},{"taxonomy":"product_tag","embeddable":true,"href":"https:\/\/ikasougou.com\/ikasounkalo\/wp-json\/wp\/v2\/product_tag?post=610"}],"curies":[{"name":"wp","href":"https:\/\/api.w.org\/{rel}","templated":true}]}}