{"id":733,"date":"2023-03-01T14:55:52","date_gmt":"2023-03-01T13:55:52","guid":{"rendered":"https:\/\/ikasougou.com\/ikasounkalo\/?post_type=product&#038;p=733"},"modified":"2023-03-06T15:18:22","modified_gmt":"2023-03-06T14:18:22","slug":"coffret-de-priere-kaba","status":"publish","type":"product","link":"https:\/\/ikasougou.com\/ikasounkalo\/produit\/coffret-de-priere-kaba\/","title":{"rendered":"Coffret de Pri\u00e8re Kaba"},"content":{"rendered":"<p>D\u00e9couvrez notre Coffret Kaaba ( 7 500 FCFA), aux couleurs de la Mecque, compos\u00e9 d&#8217;un tapis et d&#8217;un chapelet manuel. Plus d&#8217;informations sur WhatsApp au <span dir=\"ltr\"><i class=\"x1b0d499 x1vv9jnp xahult9\" data-visualcompletion=\"css-img\"><\/i><a class=\"x1i10hfl xjbqb8w x6umtig x1b1mbwd xaqea5y xav7gou x9f619 x1ypdohk xt0psk2 xe8uvvx xdj266r x11i5rnm xat24cr x1mh8g0r xexx8yu x4uap5 x18d9i69 xkhd6sd x16tdsg8 x1hl2dhg xggy1nq x1a2a7pz xt0b8zv x1fey0fg\" tabindex=\"0\" role=\"link\" href=\"https:\/\/l.facebook.com\/l.php?u=https%3A%2F%2Fapi.whatsapp.com%2Fsend%3Fphone%3D22379096336%26text%3DLien%25C2%25A0%253A%250D%250Ahttps%253A%252F%252Ffb.me%252F3nnXJqkSE%250D%250A%250D%250AJ%25E2%2580%2599ai%2520vu%2520ceci%2520sur%2520Facebook...%26icebreaker%3DJ%25E2%2580%2599ai%2520vu%2520ceci%2520sur%2520Facebook...%26context%3DAWC8ooc-_jgeP__0vjLr1XNvt_CzCA7Qpf0KGS1XUA2bl9EEQflV4gV8aX8hb62aoUWoc2MU-n-mwtV-yXlZ-R_KYfIX1_p3GSeKoDxO6HC98wy4bC_K0dZkl57S1xEyUoAFFkOFKHQFJVsDj5Vre7pXGAp0934VqW9Brx5ZC9sDv7oufkBoq5Fe6fQoA9ESKiiNvxdp8dxqub5UT-yVdcOllS6Qcm4FkOHfAgG8PagDY45qXJvgV9D8r7-5aP4vBW5bGJC7zjqLXZZSf7fdQ1fy-eO8ezzxIlJfJslCJn14By6gr-TWdUd74sYs2RrlMbKYRg0inUFhmGlplEJ3eVWDn5g2xt2M9ReQgMzB7BTT-36wkDpqdXZfewU1jqarghgWloExys_hb663TGZekpH-ow7F2nslhHWm0xDQUi5j9jM%26source_url%3Dhttps%253A%252F%252Ffb.me%252F3nnXJqkSE%26fbclid%3DIwAR3L2nruNx9eQrd9gcg6ZulLDeUXzYqJ6gMQuy3fhARIf9J3o6XDxv0v_Z4&amp;h=AT2SlGvGgJaQWsjvssZQubqEy1kIsRKjC2oWyjg5FmswBbBuSlnv3_k8KjmHAT4-OYXaVgSXTfW-_fvwBG744qxkBIjPC68RT5yxf5caMNNhA4s4CwQgt_IOzXuVyHQSoMlXOAPa0sk&amp;__tn__=-UK-R&amp;c[0]=AT2bbl5I0H0cOovKObCVixQmySTBWHULMDy-V6VO3JCpVAlEsLOpml5jq3gVW8Txl0FJuyvN1jvCjYwC2Zu7Vbpc8MQEaeVupbUSs8XnK54dSjL9qkdClxGYQTtRLO4s4W_d79K3bBPMlnGKPvXAMmC80rzVn1Snz_iunSLFsaxFNwmgizUFzBMKZk4svPzLh5SqoYhUDG39uwH34cFz2RVt\" target=\"_blank\" rel=\"nofollow noopener\">79 09 63 36<\/a><\/span> .<\/p>\n<p><img data-recalc-dims=\"1\" loading=\"lazy\" decoding=\"async\" class=\"alignnone size-medium wp-image-734\" src=\"https:\/\/i0.wp.com\/ikasougou.com\/ikasounkalo\/wp-content\/uploads\/sites\/87\/2023\/03\/2023-02-20-17.11.png?resize=533%2C400&#038;ssl=1\" alt=\"\" width=\"533\" height=\"400\" srcset=\"https:\/\/i0.wp.com\/ikasougou.com\/ikasounkalo\/wp-content\/uploads\/sites\/87\/2023\/03\/2023-02-20-17.11.png?resize=533%2C400&amp;ssl=1 533w, https:\/\/i0.wp.com\/ikasougou.com\/ikasounkalo\/wp-content\/uploads\/sites\/87\/2023\/03\/2023-02-20-17.11.png?resize=1067%2C800&amp;ssl=1 1067w, https:\/\/i0.wp.com\/ikasougou.com\/ikasounkalo\/wp-content\/uploads\/sites\/87\/2023\/03\/2023-02-20-17.11.png?resize=768%2C576&amp;ssl=1 768w, https:\/\/i0.wp.com\/ikasougou.com\/ikasounkalo\/wp-content\/uploads\/sites\/87\/2023\/03\/2023-02-20-17.11.png?resize=510%2C383&amp;ssl=1 510w, https:\/\/i0.wp.com\/ikasougou.com\/ikasounkalo\/wp-content\/uploads\/sites\/87\/2023\/03\/2023-02-20-17.11.png?w=1280&amp;ssl=1 1280w\" sizes=\"auto, (max-width: 533px) 100vw, 533px\" \/><img data-recalc-dims=\"1\" loading=\"lazy\" decoding=\"async\" class=\"alignnone size-medium wp-image-738\" src=\"https:\/\/i0.wp.com\/ikasougou.com\/ikasounkalo\/wp-content\/uploads\/sites\/87\/2023\/03\/2023-02-02-10.47.16.jpg?resize=533%2C400&#038;ssl=1\" alt=\"\" width=\"533\" height=\"400\" srcset=\"https:\/\/i0.wp.com\/ikasougou.com\/ikasounkalo\/wp-content\/uploads\/sites\/87\/2023\/03\/2023-02-02-10.47.16.jpg?resize=533%2C400&amp;ssl=1 533w, https:\/\/i0.wp.com\/ikasougou.com\/ikasounkalo\/wp-content\/uploads\/sites\/87\/2023\/03\/2023-02-02-10.47.16.jpg?resize=1067%2C800&amp;ssl=1 1067w, https:\/\/i0.wp.com\/ikasougou.com\/ikasounkalo\/wp-content\/uploads\/sites\/87\/2023\/03\/2023-02-02-10.47.16.jpg?resize=768%2C576&amp;ssl=1 768w, https:\/\/i0.wp.com\/ikasougou.com\/ikasounkalo\/wp-content\/uploads\/sites\/87\/2023\/03\/2023-02-02-10.47.16.jpg?resize=510%2C383&amp;ssl=1 510w, https:\/\/i0.wp.com\/ikasougou.com\/ikasounkalo\/wp-content\/uploads\/sites\/87\/2023\/03\/2023-02-02-10.47.16.jpg?w=1280&amp;ssl=1 1280w\" sizes=\"auto, (max-width: 533px) 100vw, 533px\" \/><\/p>\n<div style=\"display:flex; gap:10px;justify-content:center\" class=\"wps-pgfw-pdf-generate-icon__wrapper-frontend\">\n\t\t<a  href=\"https:\/\/ikasougou.com\/ikasounkalo\/wp-json\/wp\/v2\/product\/733?action=genpdf&amp;id=733\" class=\"pgfw-single-pdf-download-button\" ><img src=\"https:\/\/ikasougou.com\/ikasounkalo\/wp-content\/plugins\/pdf-generator-for-wp\/admin\/src\/images\/PDF_Tray.svg\" title=\"G\u00e9n\u00e9rer un PDF\" style=\"width:auto; height:45px;\"><\/a>\n\t\t<\/div>","protected":false},"excerpt":{"rendered":"<p>D\u00e9couvrez notre Coffret Kaaba ( 7 500 FCFA), aux couleurs de la Mecque, compos\u00e9 d&#8217;un tapis et d&#8217;un chapelet manuel. Plus d&#8217;informations sur WhatsApp au 79 09 63 36 .<\/p>\n","protected":false},"featured_media":734,"comment_status":"open","ping_status":"closed","template":"","meta":{"jetpack_publicize_message":"","jetpack_publicize_feature_enabled":true,"jetpack_social_post_already_shared":true,"jetpack_social_options":{"image_generator_settings":{"template":"highway","default_image_id":0,"font":"","enabled":false},"version":2}},"product_brand":[],"product_cat":[19],"product_tag":[201,202],"class_list":{"0":"post-733","1":"product","2":"type-product","3":"status-publish","4":"has-post-thumbnail","6":"product_cat-ika-sali-minen","7":"product_tag-bestreligieux","8":"product_tag-top-produits","10":"first","11":"instock","12":"shipping-taxable","13":"purchasable","14":"product-type-variable"},"ams_default_variation_id":0,"ams_product_points_reward":[],"ams_product_discount_percentage":0,"ams_price_to_display":7500,"aioseo_notices":[],"ams_acf":[],"jetpack_publicize_connections":[],"jetpack-related-posts":[],"jetpack_sharing_enabled":true,"jetpack_likes_enabled":true,"_links":{"self":[{"href":"https:\/\/ikasougou.com\/ikasounkalo\/wp-json\/wp\/v2\/product\/733","targetHints":{"allow":["GET"]}}],"collection":[{"href":"https:\/\/ikasougou.com\/ikasounkalo\/wp-json\/wp\/v2\/product"}],"about":[{"href":"https:\/\/ikasougou.com\/ikasounkalo\/wp-json\/wp\/v2\/types\/product"}],"replies":[{"embeddable":true,"href":"https:\/\/ikasougou.com\/ikasounkalo\/wp-json\/wp\/v2\/comments?post=733"}],"wp:featuredmedia":[{"embeddable":true,"href":"https:\/\/ikasougou.com\/ikasounkalo\/wp-json\/wp\/v2\/media\/734"}],"wp:attachment":[{"href":"https:\/\/ikasougou.com\/ikasounkalo\/wp-json\/wp\/v2\/media?parent=733"}],"wp:term":[{"taxonomy":"product_brand","embeddable":true,"href":"https:\/\/ikasougou.com\/ikasounkalo\/wp-json\/wp\/v2\/product_brand?post=733"},{"taxonomy":"product_cat","embeddable":true,"href":"https:\/\/ikasougou.com\/ikasounkalo\/wp-json\/wp\/v2\/product_cat?post=733"},{"taxonomy":"product_tag","embeddable":true,"href":"https:\/\/ikasougou.com\/ikasounkalo\/wp-json\/wp\/v2\/product_tag?post=733"}],"curies":[{"name":"wp","href":"https:\/\/api.w.org\/{rel}","templated":true}]}}