{"id":744,"date":"2023-03-06T10:40:55","date_gmt":"2023-03-06T09:40:55","guid":{"rendered":"http:\/\/ikasougou.com\/ikasounkalo\/sample-product\/poisson-mullet-1kg-ou-1-carton\/"},"modified":"2023-03-06T10:42:49","modified_gmt":"2023-03-06T09:42:49","slug":"poisson-mullet-1kg-ou-1-carton","status":"publish","type":"product","link":"https:\/\/ikasougou.com\/ikasounkalo\/produit\/poisson-mullet-1kg-ou-1-carton\/","title":{"rendered":"Poisson Mullet (1KG ou 1 Carton)"},"content":{"rendered":"<p>Le mulet est un poisson dont la chair est fine et tr\u00e8s iod\u00e9e. Riche en om\u00e9ga 3 et en vitamine B6, il est aussi un poisson tr\u00e8s nutritif qui apporte les prot\u00e9ines et lipides n\u00e9cessaires \u00e0 votre corps. Passez vite vos commandes et soyez livr\u00e9s \u00e0 temps pour vous garantir une fra\u00eecheur implacable!<\/p>\n<p><img data-recalc-dims=\"1\" loading=\"lazy\" decoding=\"async\" class=\"alignnone size-medium wp-image-745\" src=\"https:\/\/i0.wp.com\/ikasougou.com\/ikasounkalo\/wp-content\/uploads\/sites\/87\/2023\/03\/IMG_20230216_111923-1.png?resize=300%2C300&#038;ssl=1\" alt=\"\" width=\"300\" height=\"300\" \/> <img data-recalc-dims=\"1\" loading=\"lazy\" decoding=\"async\" class=\"alignnone size-medium wp-image-746\" src=\"https:\/\/i0.wp.com\/ikasougou.com\/ikasounkalo\/wp-content\/uploads\/sites\/87\/2023\/03\/IMG_20230216_112318.png?resize=300%2C225&#038;ssl=1\" alt=\"\" width=\"300\" height=\"225\" \/> <img data-recalc-dims=\"1\" loading=\"lazy\" decoding=\"async\" class=\"alignnone size-medium wp-image-747\" src=\"https:\/\/i0.wp.com\/ikasougou.com\/ikasounkalo\/wp-content\/uploads\/sites\/87\/2023\/03\/IMG_20230216_112229.png?resize=300%2C225&#038;ssl=1\" alt=\"\" width=\"300\" height=\"225\" \/> <img data-recalc-dims=\"1\" loading=\"lazy\" decoding=\"async\" class=\"alignnone size-medium wp-image-748\" src=\"https:\/\/i0.wp.com\/ikasougou.com\/ikasounkalo\/wp-content\/uploads\/sites\/87\/2023\/03\/IMG_20230216_111933.png?resize=300%2C225&#038;ssl=1\" alt=\"\" width=\"300\" height=\"225\" \/> <img data-recalc-dims=\"1\" loading=\"lazy\" decoding=\"async\" class=\"alignnone size-medium wp-image-749\" src=\"https:\/\/i0.wp.com\/ikasougou.com\/ikasounkalo\/wp-content\/uploads\/sites\/87\/2023\/03\/IMG_20230216_111923.png?resize=300%2C135&#038;ssl=1\" alt=\"\" width=\"300\" height=\"135\" \/><\/p>\n<p>&nbsp;<\/p>\n<div style=\"display:flex; gap:10px;justify-content:center\" class=\"wps-pgfw-pdf-generate-icon__wrapper-frontend\">\n\t\t<a  href=\"https:\/\/ikasougou.com\/ikasounkalo\/wp-json\/wp\/v2\/product\/744?action=genpdf&amp;id=744\" class=\"pgfw-single-pdf-download-button\" ><img src=\"https:\/\/ikasougou.com\/ikasounkalo\/wp-content\/plugins\/pdf-generator-for-wp\/admin\/src\/images\/PDF_Tray.svg\" title=\"G\u00e9n\u00e9rer un PDF\" style=\"width:auto; height:45px;\"><\/a>\n\t\t<\/div>","protected":false},"excerpt":{"rendered":"<p>Le mulet est un poisson dont la chair est fine et tr\u00e8s iod\u00e9e. Riche en om\u00e9ga 3 et en vitamine B6, il est aussi un poisson tr\u00e8s nutritif qui apporte les prot\u00e9ines et lipides n\u00e9cessaires \u00e0 votre corps. Passez vite vos commandes et soyez livr\u00e9s \u00e0 temps pour vous garantir une fra\u00eecheur implacable! &nbsp;<\/p>\n","protected":false},"featured_media":745,"comment_status":"open","ping_status":"closed","template":"","meta":{"jetpack_publicize_message":"","jetpack_publicize_feature_enabled":true,"jetpack_social_post_already_shared":true,"jetpack_social_options":{"image_generator_settings":{"template":"highway","default_image_id":0,"font":"","enabled":false},"version":2}},"product_brand":[],"product_cat":[207,16],"product_tag":[203,208,205,210,148,211,209],"class_list":{"0":"post-744","1":"product","2":"type-product","3":"status-publish","4":"has-post-thumbnail","6":"product_cat-poissons","7":"product_cat-alimentaires","8":"product_tag-alimentaire","9":"product_tag-bestpoissons","10":"product_tag-dejeuner","11":"product_tag-diner","12":"product_tag-famille","13":"product_tag-plat","14":"product_tag-poissons","16":"first","17":"instock","18":"shipping-taxable","19":"purchasable","20":"product-type-simple"},"ams_default_variation_id":0,"ams_product_points_reward":[],"ams_product_discount_percentage":0,"ams_price_to_display":1100,"aioseo_notices":[],"ams_acf":[],"jetpack_publicize_connections":[],"jetpack-related-posts":[],"jetpack_sharing_enabled":true,"jetpack_likes_enabled":true,"_links":{"self":[{"href":"https:\/\/ikasougou.com\/ikasounkalo\/wp-json\/wp\/v2\/product\/744","targetHints":{"allow":["GET"]}}],"collection":[{"href":"https:\/\/ikasougou.com\/ikasounkalo\/wp-json\/wp\/v2\/product"}],"about":[{"href":"https:\/\/ikasougou.com\/ikasounkalo\/wp-json\/wp\/v2\/types\/product"}],"replies":[{"embeddable":true,"href":"https:\/\/ikasougou.com\/ikasounkalo\/wp-json\/wp\/v2\/comments?post=744"}],"wp:featuredmedia":[{"embeddable":true,"href":"https:\/\/ikasougou.com\/ikasounkalo\/wp-json\/wp\/v2\/media\/745"}],"wp:attachment":[{"href":"https:\/\/ikasougou.com\/ikasounkalo\/wp-json\/wp\/v2\/media?parent=744"}],"wp:term":[{"taxonomy":"product_brand","embeddable":true,"href":"https:\/\/ikasougou.com\/ikasounkalo\/wp-json\/wp\/v2\/product_brand?post=744"},{"taxonomy":"product_cat","embeddable":true,"href":"https:\/\/ikasougou.com\/ikasounkalo\/wp-json\/wp\/v2\/product_cat?post=744"},{"taxonomy":"product_tag","embeddable":true,"href":"https:\/\/ikasougou.com\/ikasounkalo\/wp-json\/wp\/v2\/product_tag?post=744"}],"curies":[{"name":"wp","href":"https:\/\/api.w.org\/{rel}","templated":true}]}}