{"id":1174,"date":"2021-10-14T17:33:38","date_gmt":"2021-10-14T15:33:38","guid":{"rendered":"https:\/\/ikasougou.com\/kofaisani\/?post_type=product&#038;p=1174"},"modified":"2025-06-11T23:09:00","modified_gmt":"2025-06-11T23:09:00","slug":"un-ensemble-4-bracelets-pour-femme","status":"publish","type":"product","link":"https:\/\/ikasougou.com\/kofaisani\/produit\/un-ensemble-4-bracelets-pour-femme\/","title":{"rendered":"Un Ensemble 4 Bracelets pour Femme"},"content":{"rendered":"<p data-spm-anchor-id=\"a2g0o.detail.1000023.i0.66341924Kk8et1\">Sublimez avec ce magnifique ensemble de 3 Bracelets pour femme de couleur dor\u00e9e et bleu fonc\u00e9. Cet ensemble est compos\u00e9 de 3 bracelets.<\/p>\n<p data-spm-anchor-id=\"a2g0o.detail.1000023.i0.66341924Kk8et1\">Avec un bracelet en forme arrondi, un deuxi\u00e8me en forme triangulaire et le dernier sous forme de p\u00e9tale de fleurs.<\/p>\n<p data-spm-anchor-id=\"a2g0o.detail.1000023.i1.2e0526eaNwuxl3\"><img data-recalc-dims=\"1\" decoding=\"async\" src=\"https:\/\/i0.wp.com\/ae01.alicdn.com\/kf\/HTB12S6vdlcXBuNjt_Xoq6xIwFXa2.jpg?w=1020&#038;ssl=1\" alt=\"5\" \/><img data-recalc-dims=\"1\" decoding=\"async\" src=\"https:\/\/i0.wp.com\/ae01.alicdn.com\/kf\/HTB1aL6PlIUrBKNjSZPxq6x00pXam.jpg?w=1020&#038;ssl=1\" alt=\"1\" data-spm-anchor-id=\"a2g0o.detail.1000023.i0.2e0526eaNwuxl3\" \/><img data-recalc-dims=\"1\" decoding=\"async\" src=\"https:\/\/i0.wp.com\/ae01.alicdn.com\/kf\/HTB1XIIbG1uSBuNjy1Xcq6AYjFXav.jpg?w=1020&#038;ssl=1\" alt=\"2\" \/><\/p>\n<p data-spm-anchor-id=\"a2g0o.detail.1000023.i1.2e0526eaNwuxl3\"><img data-recalc-dims=\"1\" decoding=\"async\" src=\"https:\/\/i0.wp.com\/ae01.alicdn.com\/kf\/HTB1LSR.lVkoBKNjSZFkq6z4tFXa1.jpg?w=1020&#038;ssl=1\" alt=\"-1\" \/><img data-recalc-dims=\"1\" decoding=\"async\" src=\"https:\/\/i0.wp.com\/ae01.alicdn.com\/kf\/HTB1QS6vdlcXBuNjt_Xoq6xIwFXaa.jpg?w=1020&#038;ssl=1\" alt=\"3\" \/><img data-recalc-dims=\"1\" decoding=\"async\" src=\"https:\/\/i0.wp.com\/ae01.alicdn.com\/kf\/HTB1ovFSl5MnBKNjSZFoq6zOSFXal.jpg?w=1020&#038;ssl=1\" alt=\"4\" data-spm-anchor-id=\"a2g0o.detail.1000023.i2.2e0526eaNwuxl3\" \/><\/p>\n<div style=\"display:flex; gap:10px;justify-content:center\" class=\"wps-pgfw-pdf-generate-icon__wrapper-frontend\">\n\t\t<a  href=\"https:\/\/ikasougou.com\/kofaisani\/wp-json\/wp\/v2\/product\/1174?action=genpdf&amp;id=1174\" class=\"pgfw-single-pdf-download-button\" ><img src=\"https:\/\/ikasougou.com\/kofaisani\/wp-content\/plugins\/pdf-generator-for-wp\/admin\/src\/images\/PDF_Tray.svg\" title=\"G\u00e9n\u00e9rer un PDF\" style=\"width:auto; height:45px;\"><\/a>\n\t\t<\/div>","protected":false},"excerpt":{"rendered":"<p>Sublimez avec ce magnifique ensemble de 3 Bracelets pour femme de couleur dor\u00e9e et bleu fonc\u00e9. Cet ensemble est compos\u00e9 de 3 bracelets. Avec un bracelet en forme arrondi, un deuxi\u00e8me en forme triangulaire et le dernier sous forme de p\u00e9tale de fleurs.<\/p>\n","protected":false},"featured_media":1310,"comment_status":"open","ping_status":"closed","template":"","meta":{"jetpack_publicize_message":"","jetpack_publicize_feature_enabled":true,"jetpack_social_post_already_shared":true,"jetpack_social_options":{"image_generator_settings":{"template":"highway","default_image_id":0,"font":"","enabled":false},"version":2}},"product_brand":[],"product_cat":[88,78,54],"product_tag":[],"class_list":{"0":"post-1174","1":"product","2":"type-product","3":"status-publish","4":"has-post-thumbnail","6":"product_cat-accesoires-femmes","7":"product_cat-reservation","8":"product_cat-textiles-bijoux-fashion","10":"first","11":"instock","12":"shipping-taxable","13":"product-type-simple"},"ams_default_variation_id":0,"ams_product_points_reward":[],"ams_product_discount_percentage":0,"ams_price_to_display":0,"aioseo_notices":[],"ams_acf":[],"jetpack_publicize_connections":[],"jetpack_sharing_enabled":true,"jetpack_likes_enabled":true,"jetpack-related-posts":[],"_links":{"self":[{"href":"https:\/\/ikasougou.com\/kofaisani\/wp-json\/wp\/v2\/product\/1174","targetHints":{"allow":["GET"]}}],"collection":[{"href":"https:\/\/ikasougou.com\/kofaisani\/wp-json\/wp\/v2\/product"}],"about":[{"href":"https:\/\/ikasougou.com\/kofaisani\/wp-json\/wp\/v2\/types\/product"}],"replies":[{"embeddable":true,"href":"https:\/\/ikasougou.com\/kofaisani\/wp-json\/wp\/v2\/comments?post=1174"}],"wp:featuredmedia":[{"embeddable":true,"href":"https:\/\/ikasougou.com\/kofaisani\/wp-json\/wp\/v2\/media\/1310"}],"wp:attachment":[{"href":"https:\/\/ikasougou.com\/kofaisani\/wp-json\/wp\/v2\/media?parent=1174"}],"wp:term":[{"taxonomy":"product_brand","embeddable":true,"href":"https:\/\/ikasougou.com\/kofaisani\/wp-json\/wp\/v2\/product_brand?post=1174"},{"taxonomy":"product_cat","embeddable":true,"href":"https:\/\/ikasougou.com\/kofaisani\/wp-json\/wp\/v2\/product_cat?post=1174"},{"taxonomy":"product_tag","embeddable":true,"href":"https:\/\/ikasougou.com\/kofaisani\/wp-json\/wp\/v2\/product_tag?post=1174"}],"curies":[{"name":"wp","href":"https:\/\/api.w.org\/{rel}","templated":true}]}}