{"id":1738,"date":"2022-05-29T16:02:51","date_gmt":"2022-05-29T16:02:51","guid":{"rendered":"https:\/\/ikasougou.com\/kofaisani\/?post_type=product&#038;p=1738"},"modified":"2025-06-11T11:09:49","modified_gmt":"2025-06-11T11:09:49","slug":"ecouteurs-sans-fil-avec-micro-rgb-led","status":"publish","type":"product","link":"https:\/\/ikasougou.com\/kofaisani\/produit\/ecouteurs-sans-fil-avec-micro-rgb-led\/","title":{"rendered":"\u00c9couteurs sans fil avec micro RGB LED"},"content":{"rendered":"<h1 class=\"product-title-text\" data-spm-anchor-id=\"a2g0o.detail.1000016.i7.ec1d70fexGMoez\">Qearfun \u00c9couteurs sans fil avec micro \u00e9couteur Bluetooth RGB LED casque bluetooth oreillettes de chat mignonnes, t\u00e9l\u00e9phone st\u00e9r\u00e9o basse musique Casque Gamer livraison directe<\/h1>\n<div class=\"detailmodule_image\" align=\"center\"><img data-recalc-dims=\"1\" decoding=\"async\" src=\"https:\/\/i0.wp.com\/ae01.alicdn.com\/kf\/H8477efdb33e948f79a793e1e97ac4cc5z.jpg?w=1020&#038;ssl=1\" \/><\/div>\n<div class=\"detailmodule_text\">\n<div align=\"center\"><img data-recalc-dims=\"1\" decoding=\"async\" src=\"https:\/\/i0.wp.com\/ae01.alicdn.com\/kf\/H96dc3e33f6c2490d84820e9e3feb6b4eh.jpg?w=1020&#038;ssl=1\" \/><\/div>\n<div class=\"detailmodule_text\"><\/div>\n<div align=\"center\"><\/div>\n<p class=\"detail-desc-decorate-title\">Lumi\u00e8re Flash oreilles de chat mignonnesCompatible BluetoothCasque sans fil avec micro peut contr\u00f4ler LED casque de musique st\u00e9r\u00e9o pour enfant fille, casque de t\u00e9l\u00e9phone cadeau<\/p>\n<p class=\"detail-desc-decorate-content\">Remarque: nous vendons sans bo\u00eete de d\u00e9tail.<\/p>\n<\/div>\n<div class=\"detailmodule_text\">\n<p class=\"detail-desc-decorate-title\">Description:<\/p>\n<p class=\"detail-desc-decorate-content\">* Casque sans fil chat mignon pour enfants et filles.<br \/>\n* Son de haute qualit\u00e9, vous permet de profiter de la musique.<br \/>\n* Mod\u00e8le sans fil ou filaire pour se connecter au t\u00e9l\u00e9phone et \u00e0 la tablette. Quand on voit un film, mais la charge du casque est \u00e9puis\u00e9e. Vous pouvez utiliser le c\u00e2ble audio pour vous connecter au t\u00e9l\u00e9phone et profiter du film.<br \/>\n* Lumi\u00e8re mobile LED RGB color\u00e9e, vous permet d&#8217;\u00eatre une fille bling.<br \/>\n* Appuyer longuement sur le bouton du t\u00e9l\u00e9phone peut contr\u00f4ler la lumi\u00e8re allum\u00e9e ou \u00e9teinte.<\/p>\n<p>Remarque: nous vendons ce casque sans bo\u00eete de vente au d\u00e9tail.<\/p>\n<\/div>\n<div class=\"detailmodule_text\">\n<p class=\"detail-desc-decorate-title\">Caract\u00e9ristique:<\/p>\n<p class=\"detail-desc-decorate-content\">Capacit\u00e9 de la batterie: 360mAh<br \/>\nTemps d&#8217;utilisation: 5H (lumi\u00e8re allum\u00e9e) -7H (lumi\u00e8re \u00e9teinte)<br \/>\nAutonomie en veille: 200H<br \/>\nTemps de charge: 2H<br \/>\nDistance d&#8217;utilisation: 15m<br \/>\nHaut-parleur: 40mm<br \/>\nR\u00e9ponse en fr\u00e9quence: 20Hz-22KHz<\/p>\n<p class=\"detail-desc-decorate-content\">Remarque: ne convient pas au mod\u00e8le Samsung ou LG<\/p>\n<\/div>\n<div class=\"detailmodule_image\"><img data-recalc-dims=\"1\" decoding=\"async\" class=\"detail-desc-decorate-image\" src=\"https:\/\/i0.wp.com\/ae01.alicdn.com\/kf\/H91623a73a66a431ea93c2eb2d944b2baP.jpg?w=1020&#038;ssl=1\" \/>\u00a0<img data-recalc-dims=\"1\" decoding=\"async\" class=\"detail-desc-decorate-image\" src=\"https:\/\/i0.wp.com\/ae01.alicdn.com\/kf\/Hb54d501ae5004ed6ae0df2a0f25694350.jpg?w=1020&#038;ssl=1\" \/>\u00a0<img data-recalc-dims=\"1\" decoding=\"async\" class=\"detail-desc-decorate-image\" src=\"https:\/\/i0.wp.com\/ae01.alicdn.com\/kf\/H552200de5a4d4b1aa28eae86e638c848G.jpg?w=1020&#038;ssl=1\" \/>\u00a0<img data-recalc-dims=\"1\" decoding=\"async\" class=\"detail-desc-decorate-image\" src=\"https:\/\/i0.wp.com\/ae01.alicdn.com\/kf\/H9c89b27270644734b949df1cf0ad6cd3q.jpg?w=1020&#038;ssl=1\" \/>\u00a0<img data-recalc-dims=\"1\" decoding=\"async\" class=\"detail-desc-decorate-image\" src=\"https:\/\/i0.wp.com\/ae01.alicdn.com\/kf\/H153b646570fa4f5c86b415e71de939e9O.jpg?w=1020&#038;ssl=1\" \/>\u00a0<img data-recalc-dims=\"1\" decoding=\"async\" class=\"detail-desc-decorate-image\" src=\"https:\/\/i0.wp.com\/ae01.alicdn.com\/kf\/H6d55d4cb29db456e89d548e38c1e153cv.jpg?w=1020&#038;ssl=1\" \/>\u00a0<img data-recalc-dims=\"1\" decoding=\"async\" class=\"detail-desc-decorate-image\" src=\"https:\/\/i0.wp.com\/ae01.alicdn.com\/kf\/H91e8ef0cb01b466fa604f0088a126cf2T.jpg?w=1020&#038;ssl=1\" \/>\u00a0<img data-recalc-dims=\"1\" decoding=\"async\" class=\"detail-desc-decorate-image\" src=\"https:\/\/i0.wp.com\/ae01.alicdn.com\/kf\/Hf874b26ae0274cd2af3c6b2e1c8f4d60r.jpg?w=1020&#038;ssl=1\" \/><\/div>\n<div class=\"detailmodule_text-image\"><img data-recalc-dims=\"1\" decoding=\"async\" class=\"detail-desc-decorate-image\" src=\"https:\/\/i0.wp.com\/ae01.alicdn.com\/kf\/H9713843053dc4374abb11fbdda9a23b21.jpg?w=1020&#038;ssl=1\" \/>\u00a0<img data-recalc-dims=\"1\" decoding=\"async\" class=\"detail-desc-decorate-image\" src=\"https:\/\/i0.wp.com\/ae01.alicdn.com\/kf\/H6556f80cef264601948233522653f4e8M.jpg?w=1020&#038;ssl=1\" \/>\u00a0<img data-recalc-dims=\"1\" decoding=\"async\" class=\"detail-desc-decorate-image\" src=\"https:\/\/i0.wp.com\/ae01.alicdn.com\/kf\/H84ed367a9abd4eebafd7c40321f375d1x.jpg?w=1020&#038;ssl=1\" \/>\u00a0<img data-recalc-dims=\"1\" decoding=\"async\" class=\"detail-desc-decorate-image\" src=\"https:\/\/i0.wp.com\/ae01.alicdn.com\/kf\/H4c42745032f64c2e80d793c502a18bf9Y.jpg?w=1020&#038;ssl=1\" \/>\u00a0<img data-recalc-dims=\"1\" decoding=\"async\" class=\"detail-desc-decorate-image\" src=\"https:\/\/i0.wp.com\/ae01.alicdn.com\/kf\/H1ff11dacdfe44cbc85fc4109694b836dm.jpg?w=1020&#038;ssl=1\" \/>\u00a0<img data-recalc-dims=\"1\" decoding=\"async\" class=\"detail-desc-decorate-image\" src=\"https:\/\/i0.wp.com\/ae01.alicdn.com\/kf\/Hb065187791334a3bbb6d227b2fb8d397s.jpg?w=1020&#038;ssl=1\" \/>\u00a0<img data-recalc-dims=\"1\" decoding=\"async\" class=\"detail-desc-decorate-image\" src=\"https:\/\/i0.wp.com\/ae01.alicdn.com\/kf\/Ha8435a2fef4441a5abae6d70dc0e29bd4.jpg?w=1020&#038;ssl=1\" \/>\u00a0<img data-recalc-dims=\"1\" decoding=\"async\" class=\"detail-desc-decorate-image\" src=\"https:\/\/i0.wp.com\/ae01.alicdn.com\/kf\/H31291849dee64ab7a8184bf78587c693b.jpg?w=1020&#038;ssl=1\" \/>\u00a0<img data-recalc-dims=\"1\" decoding=\"async\" class=\"detail-desc-decorate-image\" src=\"https:\/\/i0.wp.com\/ae01.alicdn.com\/kf\/Hfcfe9bf52a434cd2a03a1becc4192e2cK.jpg?w=1020&#038;ssl=1\" \/>\u00a0<img data-recalc-dims=\"1\" decoding=\"async\" class=\"detail-desc-decorate-image\" src=\"https:\/\/i0.wp.com\/ae01.alicdn.com\/kf\/H535b32a3edc5454eabb4fe2fefbe5d141.jpg?w=1020&#038;ssl=1\" \/>\u00a0<img data-recalc-dims=\"1\" decoding=\"async\" class=\"detail-desc-decorate-image\" src=\"https:\/\/i0.wp.com\/ae01.alicdn.com\/kf\/Hf08be0a6155f4f07bf2aa58beea04a0a2.jpg?w=1020&#038;ssl=1\" \/><\/div>\n<div class=\"detailmodule_text-image\"><strong>Si vous avez besoin d&#8217;un casque avec bo\u00eete de vente au d\u00e9tail, veuillez cliquer sur cette image entrez le lien pour acheter.<\/strong><\/div>\n<div class=\"detailmodule_text-image\"><a class=\"\" href=\"https:\/\/www.aliexpress.com\/item\/1005003237640211.html?spm=a2g0o.detail.1000023.11.ec1d70fexGMoez\" target=\"_self\" data-spm-anchor-id=\"a2g0o.detail.1000023.11\" rel=\"noopener\"><img data-recalc-dims=\"1\" loading=\"lazy\" decoding=\"async\" src=\"https:\/\/i0.wp.com\/ae01.alicdn.com\/kf\/Ha0e234933aa94622ba1b17b5705c98aef.jpg?resize=800%2C800&#038;ssl=1\" width=\"800\" height=\"800\" data-spm-anchor-id=\"a2g0o.detail.1000023.i1.ec1d70fexGMoez\" \/><\/a><\/div>\n<div class=\"detailmodule_text-image\">\n<p class=\"detail-desc-decorate-title\" data-spm-anchor-id=\"a2g0o.detail.1000023.i2.ec1d70fexGMoez\">Si vous souhaitez vous connecter \u00e0 la PS4 en mod\u00e8le bluetooth, veuillez acheter cet \u00e9metteur sans fil PS4 ensemble.<\/p>\n<\/div>\n<div style=\"display:flex; gap:10px;justify-content:center\" class=\"wps-pgfw-pdf-generate-icon__wrapper-frontend\">\n\t\t<a  href=\"https:\/\/ikasougou.com\/kofaisani\/wp-json\/wp\/v2\/product\/1738?action=genpdf&amp;id=1738\" class=\"pgfw-single-pdf-download-button\" ><img src=\"https:\/\/ikasougou.com\/kofaisani\/wp-content\/plugins\/pdf-generator-for-wp\/admin\/src\/images\/PDF_Tray.svg\" title=\"G\u00e9n\u00e9rer un PDF\" style=\"width:auto; height:45px;\"><\/a>\n\t\t<\/div>","protected":false},"excerpt":{"rendered":"<p>Qearfun \u00c9couteurs sans fil avec micro \u00e9couteur Bluetooth RGB LED casque bluetooth oreillettes de chat mignonnes, t\u00e9l\u00e9phone st\u00e9r\u00e9o basse musique Casque Gamer livraison directe Lumi\u00e8re Flash oreilles de chat mignonnesCompatible BluetoothCasque sans fil avec micro peut contr\u00f4ler LED casque de musique st\u00e9r\u00e9o pour enfant fille, casque de t\u00e9l\u00e9phone cadeau Remarque: nous vendons sans bo\u00eete de [&#8230;]\n","protected":false},"featured_media":1739,"comment_status":"open","ping_status":"closed","template":"","meta":{"jetpack_publicize_message":"","jetpack_publicize_feature_enabled":true,"jetpack_social_post_already_shared":true,"jetpack_social_options":{"image_generator_settings":{"template":"highway","default_image_id":0,"font":"","enabled":false},"version":2}},"product_brand":[],"product_cat":[80,38],"product_tag":[42,230,228,229,227,182,48],"class_list":{"0":"post-1738","1":"product","2":"type-product","3":"status-publish","4":"has-post-thumbnail","6":"product_cat-ecouteurs","7":"product_cat-high-tech","8":"product_tag-bamako","9":"product_tag-cadeaux-danniversaire","10":"product_tag-casque-gamer","11":"product_tag-ecouteur-bluetooth","12":"product_tag-ecouteurs-sans-fil-avec-micro-rgb-led","13":"product_tag-fille","14":"product_tag-mali","16":"first","17":"instock","18":"sale","19":"shipping-taxable","20":"purchasable","21":"product-type-simple"},"ams_default_variation_id":0,"ams_product_points_reward":[],"ams_product_discount_percentage":14.29,"ams_price_to_display":15000,"aioseo_notices":[],"ams_acf":[],"jetpack_publicize_connections":[],"jetpack_sharing_enabled":true,"jetpack_likes_enabled":true,"jetpack-related-posts":[],"_links":{"self":[{"href":"https:\/\/ikasougou.com\/kofaisani\/wp-json\/wp\/v2\/product\/1738","targetHints":{"allow":["GET"]}}],"collection":[{"href":"https:\/\/ikasougou.com\/kofaisani\/wp-json\/wp\/v2\/product"}],"about":[{"href":"https:\/\/ikasougou.com\/kofaisani\/wp-json\/wp\/v2\/types\/product"}],"replies":[{"embeddable":true,"href":"https:\/\/ikasougou.com\/kofaisani\/wp-json\/wp\/v2\/comments?post=1738"}],"wp:featuredmedia":[{"embeddable":true,"href":"https:\/\/ikasougou.com\/kofaisani\/wp-json\/wp\/v2\/media\/1739"}],"wp:attachment":[{"href":"https:\/\/ikasougou.com\/kofaisani\/wp-json\/wp\/v2\/media?parent=1738"}],"wp:term":[{"taxonomy":"product_brand","embeddable":true,"href":"https:\/\/ikasougou.com\/kofaisani\/wp-json\/wp\/v2\/product_brand?post=1738"},{"taxonomy":"product_cat","embeddable":true,"href":"https:\/\/ikasougou.com\/kofaisani\/wp-json\/wp\/v2\/product_cat?post=1738"},{"taxonomy":"product_tag","embeddable":true,"href":"https:\/\/ikasougou.com\/kofaisani\/wp-json\/wp\/v2\/product_tag?post=1738"}],"curies":[{"name":"wp","href":"https:\/\/api.w.org\/{rel}","templated":true}]}}