{"id":1818,"date":"2022-09-12T11:01:23","date_gmt":"2022-09-12T11:01:23","guid":{"rendered":"https:\/\/ikasougou.com\/kofaisani\/?post_type=product&#038;p=1818"},"modified":"2022-09-14T10:47:27","modified_gmt":"2022-09-14T10:47:27","slug":"stylo-a-bille-portable-fhd-mini-camera-sans-fil","status":"publish","type":"product","link":"https:\/\/ikasougou.com\/kofaisani\/produit\/stylo-a-bille-portable-fhd-mini-camera-sans-fil\/","title":{"rendered":"Stylo \u00e0 bille Portable FHD, Mini cam\u00e9ra sans fil"},"content":{"rendered":"<div class=\"detailmodule_text\">\n<p class=\"detail-desc-decorate-title\" data-spm-anchor-id=\"a2g0o.detail.1000023.i0.64f17064QrtYd9\">Full HD 1080P Portable Wifi stylo cam\u00e9ra sans fil DVR professionnel num\u00e9rique enregistreur vocal et vid\u00e9o Mini cam\u00e9ra un bouton enregistrement rapide<\/p>\n<p class=\"detail-desc-decorate-content\">D\u00e9crire:<\/p>\n<p>Stylo multifonctionnel de \u3010cet appareil a un aspect de stylo, il peut \u00e9crire comme un stylo normal, et il peut \u00e9galement \u00eatre employ\u00e9 comme cam\u00e9ra miniature. D&#8217;autres ne trouveront pas facilement qu&#8217;il s&#8217;agit d&#8217;un appareil photo, et des choses plus passionnantes vous attendent \u00e0 d\u00e9couvrir. Cet appareil \u00e0 double usage peut \u00eatre plac\u00e9 l\u00e0 o\u00f9 personne ne pr\u00eate attention \u00e0 la vid\u00e9o invisible ou \u00e0 la surveillance non d\u00e9tect\u00e9e.<\/p>\n[Connexion Smartphone] une fois connect\u00e9 \u00e0 internet wifi, vous pouvez acc\u00e9der \u00e0 votre appareil photo \u00e0 distance. Avec l&#8217;application cam\u00e9ra gratuite, vous pouvez afficher et enregistrer des vid\u00e9os HD 1080p sur votre t\u00e9l\u00e9phone. De cette fa\u00e7on, vous pouvez prot\u00e9ger et surveiller la propri\u00e9t\u00e9 ou les b\u00e9b\u00e9s\/sitters\/animaux de compagnie.<\/p>\n<p>\u3010D\u00e9tection de mouvement avanc\u00e9e \u3011 avec d\u00e9tection de mouvement et fonction de rappel intelligente. Vous recevrez des notifications instantan\u00e9es sur votre t\u00e9l\u00e9phone lorsque des objets ou des personnes se d\u00e9placent dans votre champ de vision. Il vous permet de visualiser les \u00e9v\u00e9nements sans d\u00e9lai et de ne jamais manquer un moment important.<\/p>\n[Enregistrement et stockage Micro sd] avec cette application, vous pouvez afficher et t\u00e9l\u00e9charger des vid\u00e9os directement sur votre t\u00e9l\u00e9phone. Vous pouvez \u00e9galement ins\u00e9rer une carte micro sd pour l&#8217;enregistrement en boucle ou la synchronisation (jusqu&#8217;\u00e0 64 go, non inclus). Cette cam\u00e9ra WiFi est tr\u00e8s facile \u00e0 utiliser pour n&#8217;importe qui.<\/p>\n<p>Connexion Smartphone: connectez la cam\u00e9ra nounou au WIFI de votre routeur, puis vous pouvez acc\u00e9der \u00e0 votre appareil photo \u00e0 distance. En utilisant l&#8217;application cam\u00e9ra gratuite, vous pouvez voir votre maison\/enfants\/animaux\/sitters de votre t\u00e9l\u00e9phone \u00e0 tout moment, n&#8217;importe o\u00f9. Il vous permet de diffuser en direct n&#8217;importe o\u00f9 pour capturer des images\/vid\u00e9os ultra claires de 1080p\/30fps de votre maison\/bureau\/magasin ou tout ce dont vous voulez vous soucier.<\/p>\n<p>En termes de performances, il a \u00e9galement \u00e9t\u00e9 enti\u00e8rement mis \u00e0 jour: 2 millions de pixels, r\u00e9solution 1080P, surveillance \u00e0 distance via ordinateurs et smartphones \u00e0 tout moment, n&#8217;importe o\u00f9, et des choses plus passionnantes vous attendent \u00e0 d\u00e9couvrir.<\/p>\n<p>Sp\u00e9cification :<br \/>\n* Fonction Wi-Fi: oui, surveillance \u00e0 distance via smartphone \u00e0 tout moment, n&#8217;importe o\u00f9.<br \/>\n* Compatible avec l&#8217;iphone, le t\u00e9l\u00e9phone portable android d&#8217;ipad et d&#8217;autres produits<br \/>\n* Mini enregistreur audio webcam<br \/>\n* Application: visualisation \u00e0 distance weihome<br \/>\n* Support P2P. Voir \u00e0 tout moment, n&#8217;importe o\u00f9<br \/>\n* Format vid\u00e9o: avi<br \/>\n* Angle de vision: 65 degr\u00e9s<br \/>\n* D\u00e9tection de mouvement: support<br \/>\n* Images d&#8217;enregistrement: 30fps<br \/>\n* R\u00e9glage automatique de la balance des blancs<br \/>\n* R\u00e9solution Photo: 4032&#215;3024<br \/>\n* Format Photo photo: jpeg<br \/>\n* Microphone: int\u00e9gr\u00e9 (les signaux audio et vid\u00e9o sont enregistr\u00e9s simultan\u00e9ment)<br \/>\n* Format vocal: wav<br \/>\n* Port d&#8217;usb: micro USB<br \/>\n* Tension de charge: DC-5V1A<br \/>\n* Capacit\u00e9 de la batterie: 200mah<br \/>\n* Temps de travail: 90 minutes<br \/>\n* Extension m\u00e9moire: carte micro sd (jusqu&#8217;\u00e0 128 go, non incluse)<br \/>\n* Logiciel lecteur: vlcplayer\/smplayer<br \/>\n* Fonction WiFi: oui, surveillance \u00e0 distance via smartphone \u00e0 tout moment, n&#8217;importe o\u00f9.<br \/>\n* Compatible avec iphone, ipad, t\u00e9l\u00e9phones android, etc.<br \/>\n* Navigateur Web ie7 et plus, chrome, firefox safari.etc<br \/>\n* Nom de l&#8217;application: weihome<br \/>\n* Taille: 14.7*1.9cm<br \/>\n* Couleur: Noir<\/p>\n<p>Liste d&#8217;emballage:<br \/>\n1 X WiFi cam\u00e9ra<br \/>\n1 X Manuel D&#8217;utilisation<br \/>\n1 X C\u00e2ble de Recharge<br \/>\n5 X Cartouches D&#8217;encre<\/p>\n<p>Avis:<br \/>\n1. En raison de la mesure manuelle, veuillez permettre une erreur de 1-2cm. Assurez-vous que cela ne vous d\u00e9range pas avant d&#8217;ench\u00e9rir.<br \/>\n2. En raison de diff\u00e9rents moniteurs, les images peuvent ne pas refl\u00e9ter la couleur r\u00e9elle du produit. Merci.<\/p>\n<\/div>\n<div class=\"detailmodule_text-image\">\n<p class=\"detail-desc-decorate-title\">1080P Mini stylo cam\u00e9ra HD<\/p>\n<div><img data-recalc-dims=\"1\" decoding=\"async\" class=\"detail-desc-decorate-image\" src=\"https:\/\/i0.wp.com\/ae01.alicdn.com\/kf\/S0251ecf9ee9147a1b5a4f7e7a83ac09b1.jpg?w=1020&#038;ssl=1\" \/><\/div>\n<\/div>\n<div class=\"detailmodule_image\"><img data-recalc-dims=\"1\" decoding=\"async\" class=\"detail-desc-decorate-image\" src=\"https:\/\/i0.wp.com\/ae01.alicdn.com\/kf\/Sef06b48015a74d788b4e854079d4b68a5.jpg?w=1020&#038;ssl=1\" \/><\/div>\n<div class=\"detailmodule_text-image\">\n<p class=\"detail-desc-decorate-title\">Cam\u00e9ra stylo 4 en 1<\/p>\n<p class=\"detail-desc-decorate-content\">1. L&#8217;\u00e9criture<br \/>\n2. Prendre Des Photos<br \/>\n3. Enregistrement vid\u00e9o<br \/>\n4. Audio Enregistrement<\/p>\n<div><img data-recalc-dims=\"1\" decoding=\"async\" class=\"detail-desc-decorate-image\" src=\"https:\/\/i0.wp.com\/ae01.alicdn.com\/kf\/S9a825b7df39344528260416e57af84a2v.jpg?w=1020&#038;ssl=1\" \/><\/div>\n<\/div>\n<div class=\"detailmodule_text\">\n<p class=\"detail-desc-decorate-title\">Multifonctionnel<\/p>\n<\/div>\n<div class=\"detailmodule_image\"><img data-recalc-dims=\"1\" decoding=\"async\" class=\"detail-desc-decorate-image\" src=\"https:\/\/i0.wp.com\/ae01.alicdn.com\/kf\/S8285bcdae8d64a52841707440d637c80F.jpg?w=1020&#038;ssl=1\" \/><\/div>\n<div class=\"detailmodule_text\">\n<p class=\"detail-desc-decorate-title\">Full HD 1080P<\/p>\n<p class=\"detail-desc-decorate-content\">Prise en charge de l&#8217;enregistrement vid\u00e9o 1080P FHD clair<\/p>\n<\/div>\n<div class=\"detailmodule_image\"><img data-recalc-dims=\"1\" decoding=\"async\" class=\"detail-desc-decorate-image\" src=\"https:\/\/i0.wp.com\/ae01.alicdn.com\/kf\/S300caa1163c44dbb87ab50aa0ed98374W.jpg?w=1020&#038;ssl=1\" \/><\/div>\n<div class=\"detailmodule_text-image\">\n<p class=\"detail-desc-decorate-title\">HD CONTRASTE<\/p>\n<p class=\"detail-desc-decorate-content\">En utilisant la mise \u00e0 niveau de l&#8217;objectif 1080P, vous pouvez enregistrer des vid\u00e9os ou des images haute d\u00e9finition.<\/p>\n<div><img data-recalc-dims=\"1\" decoding=\"async\" class=\"detail-desc-decorate-image\" src=\"https:\/\/i0.wp.com\/ae01.alicdn.com\/kf\/Sdf24ac70ce4b48bca1b4673344792ce7D.jpg?w=1020&#038;ssl=1\" \/><\/div>\n<\/div>\n<div class=\"detailmodule_text-image\">\n<p class=\"detail-desc-decorate-title\">Alarme de D\u00e9tection de mouvement<\/p>\n<p class=\"detail-desc-decorate-content\">Il envoie une alerte \u00e0 votre t\u00e9l\u00e9phone lorsque votre mouvement est d\u00e9tect\u00e9<\/p>\n<div><img data-recalc-dims=\"1\" decoding=\"async\" class=\"detail-desc-decorate-image\" src=\"https:\/\/i0.wp.com\/ae01.alicdn.com\/kf\/S30bf47c26aa84084b7663628abb616c4t.jpg?w=1020&#038;ssl=1\" \/><\/div>\n<\/div>\n<div class=\"detailmodule_text-image\">\n<p class=\"detail-desc-decorate-title\">C&#8217;est un vrai stylo<\/p>\n<p class=\"detail-desc-decorate-content\">Vous pouvez tenir cette cam\u00e9ra corporelle dans votre main. Clipsez-le sur votre livre et plus encore.<\/p>\n<div><img data-recalc-dims=\"1\" decoding=\"async\" class=\"detail-desc-decorate-image\" src=\"https:\/\/i0.wp.com\/ae01.alicdn.com\/kf\/S91987974c322410f92ceaaab9c21e7c5B.jpg?w=1020&#038;ssl=1\" \/><\/div>\n<\/div>\n<div class=\"detailmodule_text\">\n<p class=\"detail-desc-decorate-title\">Mini cam\u00e9ra stylo Wifi surveillance \u00e0 distance<\/p>\n<\/div>\n<div class=\"detailmodule_image\"><img data-recalc-dims=\"1\" decoding=\"async\" class=\"detail-desc-decorate-image\" src=\"https:\/\/i0.wp.com\/ae01.alicdn.com\/kf\/S50ab9a371f3e437e9fa01b4e87ca6fe6Q.jpg?w=1020&#038;ssl=1\" \/><\/div>\n<div class=\"detailmodule_text\">\n<p class=\"detail-desc-decorate-title\">La conception de la pince arri\u00e8re est facile \u00e0 transporter<\/p>\n<\/div>\n<div class=\"detailmodule_image\"><img data-recalc-dims=\"1\" decoding=\"async\" class=\"detail-desc-decorate-image\" src=\"https:\/\/i0.wp.com\/ae01.alicdn.com\/kf\/Sf39cce7a62cf48c699547a2ad5733f81V.jpg?w=1020&#038;ssl=1\" \/><\/div>\n<div class=\"detailmodule_text-image\">\n<p class=\"detail-desc-decorate-content\">Vous pouvez tenir cet appareil photo dans votre main. Clipsez-le sur votre livre et plus encore<\/p>\n<div><img data-recalc-dims=\"1\" decoding=\"async\" class=\"detail-desc-decorate-image\" src=\"https:\/\/i0.wp.com\/ae01.alicdn.com\/kf\/Sf0db13955b6048aa8a1cbec128acff15u.jpg?w=1020&#038;ssl=1\" \/><\/div>\n<\/div>\n<div class=\"detailmodule_text-image\">\n<p class=\"detail-desc-decorate-title\">Facile \u00e0 transporter<\/p>\n<p class=\"detail-desc-decorate-content\">Il vous accompagnera dans de merveilleux moments enregistrez votre lifte quotidienne<\/p>\n<div><img data-recalc-dims=\"1\" decoding=\"async\" class=\"detail-desc-decorate-image\" src=\"https:\/\/i0.wp.com\/ae01.alicdn.com\/kf\/S95f1571d8bb44f809551fb2b951e9a96G.jpg?w=1020&#038;ssl=1\" \/><\/div>\n<\/div>\n<div class=\"detailmodule_text\">\n<p class=\"detail-desc-decorate-title\">Surveillance intelligente 24 heures \u00e0 distance<\/p>\n<\/div>\n<div class=\"detailmodule_image\"><img data-recalc-dims=\"1\" decoding=\"async\" class=\"detail-desc-decorate-image\" src=\"https:\/\/i0.wp.com\/ae01.alicdn.com\/kf\/S88bc7cbed5424e3795576920c532d92fG.jpg?w=1020&#038;ssl=1\" \/><\/div>\n<div class=\"detailmodule_text\">\n<p class=\"detail-desc-decorate-title\">\u00c9coute Clear voix<\/p>\n<p class=\"detail-desc-decorate-content\">L&#8217;effet d&#8217;\u00e9coute est clair et les preuves vocales sont enregistr\u00e9es. Le degr\u00e9 de restauration sonore est r\u00e9el et l&#8217;enregistrement sonore d\u00e9taill\u00e9 est clair, vous aider \u00e0 enregistrer des preuves sonores importantes<\/p>\n<\/div>\n<div class=\"detailmodule_image\"><img data-recalc-dims=\"1\" decoding=\"async\" class=\"detail-desc-decorate-image\" src=\"https:\/\/i0.wp.com\/ae01.alicdn.com\/kf\/Sae1a76e3256342f59f50339db0683f98H.jpg?w=1020&#038;ssl=1\" \/><\/div>\n<div class=\"detailmodule_text-image\">\n<p class=\"detail-desc-decorate-title\">Flux en direct Visualisation<\/p>\n<div><img data-recalc-dims=\"1\" decoding=\"async\" class=\"detail-desc-decorate-image\" src=\"https:\/\/i0.wp.com\/ae01.alicdn.com\/kf\/S57433f253f90443a80ee86d52f247084s.jpg?w=1020&#038;ssl=1\" \/><\/div>\n<\/div>\n<div class=\"detailmodule_text\">\n<p class=\"detail-desc-decorate-title\">Multi-Utilisateur et Multi-Vue<\/p>\n<p class=\"detail-desc-decorate-content\">Diff\u00e9rents appareils disponibles prennent en charge plusieurs appareils en m\u00eame temps la vue en ligne.<\/p>\n<\/div>\n<div class=\"detailmodule_image\"><img data-recalc-dims=\"1\" decoding=\"async\" class=\"detail-desc-decorate-image\" src=\"https:\/\/i0.wp.com\/ae01.alicdn.com\/kf\/S5663dc2cde4c48f19d113ff8723087a8M.jpg?w=1020&#038;ssl=1\" \/><\/div>\n<div class=\"detailmodule_text\">\n<p class=\"detail-desc-decorate-content\">La fonction Wi-Fi vous permet d&#8217;avoir une vue \u00e0 distance et en direct via APP.<\/p>\n<\/div>\n<div class=\"detailmodule_image\"><img data-recalc-dims=\"1\" decoding=\"async\" class=\"detail-desc-decorate-image\" src=\"https:\/\/i0.wp.com\/ae01.alicdn.com\/kf\/Sc5c21b6b2e804dcfaaef5a9a562212dfh.jpg?w=1020&#038;ssl=1\" \/><\/div>\n<div class=\"detailmodule_text\">\n<p class=\"detail-desc-decorate-title\">T\u00e9l\u00e9phone \u00c0 Distance<\/p>\n<p class=\"detail-desc-decorate-content\">Que vous soyez au travail ou \u00e0 pied, vous pouvez sortir votre t\u00e9l\u00e9phone et ouvrir une application pour le surveiller en temps r\u00e9el.<\/p>\n<\/div>\n<div class=\"detailmodule_image\"><img data-recalc-dims=\"1\" decoding=\"async\" class=\"detail-desc-decorate-image\" src=\"https:\/\/i0.wp.com\/ae01.alicdn.com\/kf\/S626b8b6a5ca549a4a129654adbb5ce05S.jpg?w=1020&#038;ssl=1\" \/><\/div>\n<div class=\"detailmodule_text\">\n<p class=\"detail-desc-decorate-title\">M\u00e9thodes de connexion<\/p>\n<p class=\"detail-desc-decorate-content\">Step1: connectez-vous directement par point d&#8217;acc\u00e8s du produit, lorsque le t\u00e9l\u00e9phone portable est proche du produit<\/p>\n<p>Step2: connexion du produit au routeur sans fil afficher la vid\u00e9o en temps r\u00e9el par t\u00e9l\u00e9phone Mobile \u00e0 tout moment, n&#8217;importe o\u00f9<\/p>\n<\/div>\n<div class=\"detailmodule_image\"><img data-recalc-dims=\"1\" decoding=\"async\" class=\"detail-desc-decorate-image\" src=\"https:\/\/i0.wp.com\/ae01.alicdn.com\/kf\/Sb2b7bc02c47147b9bf92ea641b14cf61O.jpg?w=1020&#038;ssl=1\" \/><\/div>\n<div class=\"detailmodule_text\">\n<p class=\"detail-desc-decorate-title\">Enregistrement en boucle de carte Micro SD<\/p>\n<p class=\"detail-desc-decorate-content\">1. Enregistrement \u00e0 temps plein: lorsque vous ins\u00e9rez la carte micro-sd, la cam\u00e9ra allumera automatiquement le mode d&#8217;enregistrement en 24 boucles et l&#8217;enregistrement sera enregistr\u00e9 sur votre fichier de carte micro-sd. (Carte SD ne comprend pas)<\/p>\n<p>2. mode d&#8217;enregistrement de d\u00e9tection de mouvement: lorsque la cam\u00e9ra d\u00e9tecte les objets en mouvement, la cam\u00e9ra allume automatiquement l&#8217;enregistrement.<\/p>\n<\/div>\n<div class=\"detailmodule_image\"><img data-recalc-dims=\"1\" decoding=\"async\" class=\"detail-desc-decorate-image\" src=\"https:\/\/i0.wp.com\/ae01.alicdn.com\/kf\/S2eb84e3361c748828a5d4dd7857959fed.jpg?w=1020&#038;ssl=1\" \/><\/div>\n<div class=\"detailmodule_text\">\n<p class=\"detail-desc-decorate-title\">La lecture \u00e0 distance<\/p>\n<p class=\"detail-desc-decorate-content\">Permet d&#8217;enregistrer la vie merveilleuse \u00e0 nouveau peut \u00e0 tout moment les images de lecture \u00e0 distance stock\u00e9es dans la carte m\u00e9moire<\/p>\n<\/div>\n<div class=\"detailmodule_image\"><img data-recalc-dims=\"1\" decoding=\"async\" class=\"detail-desc-decorate-image\" src=\"https:\/\/i0.wp.com\/ae01.alicdn.com\/kf\/Sc02bda05343a4223abee3ff474e57603U.jpg?w=1020&#038;ssl=1\" \/><\/div>\n<div class=\"detailmodule_text\">\n<p class=\"detail-desc-decorate-title\">Prise en charge de la carte TF 128G<\/p>\n<\/div>\n<div class=\"detailmodule_image\"><img data-recalc-dims=\"1\" decoding=\"async\" class=\"detail-desc-decorate-image\" src=\"https:\/\/i0.wp.com\/ae01.alicdn.com\/kf\/Sd35299095dde444e8d852e5c37867d4eb.jpg?w=1020&#038;ssl=1\" \/><\/div>\n<div class=\"detailmodule_text\">\n<p class=\"detail-desc-decorate-title\">L&#8217;installation ne prend que trois \u00e9tapes<\/p>\n<p class=\"detail-desc-decorate-content\">1. T\u00e9l\u00e9charger app<br \/>\n2. Ouvert cam\u00e9ra<br \/>\n3. Ajouter succ\u00e8s<\/p>\n<\/div>\n<div class=\"detailmodule_image\"><img data-recalc-dims=\"1\" decoding=\"async\" class=\"detail-desc-decorate-image\" src=\"https:\/\/i0.wp.com\/ae01.alicdn.com\/kf\/S852de77f0919465d91a5135703802c326.jpg?w=1020&#038;ssl=1\" \/><\/div>\n<div class=\"detailmodule_text-image\">\n<p class=\"detail-desc-decorate-title\">Facile \u00e0 utiliser et \u00e0 mettre en place<\/p>\n<p class=\"detail-desc-decorate-content\">Une touche marche\/arr\u00eat<br \/>\n&#8212; Appuyez et le bouton 3 secondes pour allumer la cam\u00e9ra stylo<\/p>\n<p>&#8212; Appuyez sur le bouton une fois pour \u00e9teindre<\/p>\n<div><img data-recalc-dims=\"1\" decoding=\"async\" class=\"detail-desc-decorate-image\" src=\"https:\/\/i0.wp.com\/ae01.alicdn.com\/kf\/Sca2cc70caccc4587bbb4076b4f6fbc1eL.jpg?w=1020&#038;ssl=1\" \/><\/div>\n<\/div>\n<div class=\"detailmodule_text-image\">\n<p class=\"detail-desc-decorate-title\">Stockage externe nouvellement con\u00e7u<\/p>\n<p class=\"detail-desc-decorate-content\">Permet d&#8217;acc\u00e9der directement aux donn\u00e9es informatiques<\/p>\n<div><img data-recalc-dims=\"1\" decoding=\"async\" class=\"detail-desc-decorate-image\" src=\"https:\/\/i0.wp.com\/ae01.alicdn.com\/kf\/S3727aafa6d904d90bc1cef84977bdf75G.jpg?w=1020&#038;ssl=1\" \/><\/div>\n<\/div>\n<div class=\"detailmodule_text-image\">\n<p class=\"detail-desc-decorate-title\">Interface de carte m\u00e9moire prise en charge maximale 128GB<\/p>\n<p class=\"detail-desc-decorate-content\">Boucle fichier \u00e9conomie<br \/>\nSupprimez automatiquement les anciens fichiers et enregistrez les nouveaux.<\/p>\n<p>USB DC5V port de Charge<\/p>\n<div><img data-recalc-dims=\"1\" decoding=\"async\" class=\"detail-desc-decorate-image\" src=\"https:\/\/i0.wp.com\/ae01.alicdn.com\/kf\/S0dd244178bfe4cd1b875f3bdc69af1adu.jpg?w=1020&#038;ssl=1\" \/><\/div>\n<\/div>\n<div class=\"detailmodule_text-image\">\n<p class=\"detail-desc-decorate-title\">Facilement Lire Les Fichiers<\/p>\n<p class=\"detail-desc-decorate-content\">Il suffit de le connecter \u00e0 votre ordinateur via une prise USB fournie<\/p>\n<div><img data-recalc-dims=\"1\" decoding=\"async\" class=\"detail-desc-decorate-image\" src=\"https:\/\/i0.wp.com\/ae01.alicdn.com\/kf\/Sfd18d4b41ac04fe0819daa811560607ff.jpg?w=1020&#038;ssl=1\" \/><\/div>\n<\/div>\n<div class=\"detailmodule_text-image\">\n<p class=\"detail-desc-decorate-title\">D\u00e9marrage rapide et fonctionnement \u00e0 un bouton<\/p>\n<p class=\"detail-desc-decorate-content\">Permet d&#8217;acc\u00e9der directement aux donn\u00e9es informatiques<\/p>\n<div><img data-recalc-dims=\"1\" decoding=\"async\" class=\"detail-desc-decorate-image\" src=\"https:\/\/i0.wp.com\/ae01.alicdn.com\/kf\/S0ba9b76c81b846fc9bc04d58389e1872Z.jpg?w=1020&#038;ssl=1\" \/><\/div>\n<\/div>\n<div class=\"detailmodule_text-image\">\n<p class=\"detail-desc-decorate-title\">Utilisez occasion<\/p>\n<div><img data-recalc-dims=\"1\" decoding=\"async\" class=\"detail-desc-decorate-image\" src=\"https:\/\/i0.wp.com\/ae01.alicdn.com\/kf\/Sd0eb78bef1aa429b825f449733668d3en.jpg?w=1020&#038;ssl=1\" \/><img data-recalc-dims=\"1\" decoding=\"async\" class=\"detail-desc-decorate-image\" src=\"https:\/\/i0.wp.com\/ae01.alicdn.com\/kf\/S74ca7f4cf4ca4deb8830e0bd9cbc57029.jpg?w=1020&#038;ssl=1\" \/><img data-recalc-dims=\"1\" decoding=\"async\" class=\"detail-desc-decorate-image\" src=\"https:\/\/i0.wp.com\/ae01.alicdn.com\/kf\/S1eaf178ba19c49b4bab1d05f471bc810q.jpg?w=1020&#038;ssl=1\" \/><\/div>\n<\/div>\n<div class=\"detailmodule_text-image\">\n<p class=\"detail-desc-decorate-title\">Enregistrement en boucle<\/p>\n<div><img data-recalc-dims=\"1\" decoding=\"async\" class=\"detail-desc-decorate-image\" src=\"https:\/\/i0.wp.com\/ae01.alicdn.com\/kf\/S04f0a880eccd477695edbef485ae39d5g.jpg?w=1020&#038;ssl=1\" \/><\/div>\n<\/div>\n<div class=\"detailmodule_image\"><img data-recalc-dims=\"1\" decoding=\"async\" class=\"detail-desc-decorate-image\" src=\"https:\/\/i0.wp.com\/ae01.alicdn.com\/kf\/S0cd3a3caa7d744a7b4e3058f0cd5e6a6x.jpg?w=1020&#038;ssl=1\" \/><\/div>\n<div class=\"detailmodule_text\">\n<p class=\"detail-desc-decorate-title\">Caract\u00e9ristiques du produit<\/p>\n<\/div>\n<div class=\"detailmodule_image\"><img data-recalc-dims=\"1\" decoding=\"async\" class=\"detail-desc-decorate-image\" src=\"https:\/\/i0.wp.com\/ae01.alicdn.com\/kf\/S78de5077d86b4b76a6f5bc20b78c37dc8.jpg?w=1020&#038;ssl=1\" \/><img data-recalc-dims=\"1\" decoding=\"async\" class=\"detail-desc-decorate-image\" src=\"https:\/\/i0.wp.com\/ae01.alicdn.com\/kf\/S2f383fc142fe4e5199fccdbe536f0734J.jpg?w=1020&#038;ssl=1\" \/><\/div>\n<div class=\"detailmodule_image\"><img data-recalc-dims=\"1\" decoding=\"async\" class=\"detail-desc-decorate-image\" src=\"https:\/\/i0.wp.com\/ae01.alicdn.com\/kf\/S888b8ac5bc84426ab93a49ad13970fd1y.jpg?w=1020&#038;ssl=1\" \/><img data-recalc-dims=\"1\" decoding=\"async\" class=\"detail-desc-decorate-image\" src=\"https:\/\/i0.wp.com\/ae01.alicdn.com\/kf\/S48af0f08dcb9400c9ebbc396c5a481aeq.jpg?w=1020&#038;ssl=1\" \/><\/div>\n<div class=\"detailmodule_text\">\n<p class=\"detail-desc-decorate-title\">Liste de paquet<\/p>\n<\/div>\n<div class=\"detailmodule_image\"><img data-recalc-dims=\"1\" decoding=\"async\" class=\"detail-desc-decorate-image\" src=\"https:\/\/i0.wp.com\/ae01.alicdn.com\/kf\/Sd9e96e84a248414db269cbc0c3e63ddaS.jpg?w=1020&#038;ssl=1\" \/><\/div>\n<div class=\"detailmodule_image\"><img data-recalc-dims=\"1\" decoding=\"async\" class=\"detail-desc-decorate-image\" src=\"https:\/\/i0.wp.com\/ae01.alicdn.com\/kf\/S4b2ee8571c4a4f2bbdf4ddfabd9077ee3.jpg?w=1020&#038;ssl=1\" \/><img data-recalc-dims=\"1\" decoding=\"async\" class=\"detail-desc-decorate-image\" src=\"https:\/\/i0.wp.com\/ae01.alicdn.com\/kf\/Scfab5bf9dddf4348807a7cfb34acc53d3.jpg?w=1020&#038;ssl=1\" \/><img data-recalc-dims=\"1\" decoding=\"async\" class=\"detail-desc-decorate-image\" src=\"https:\/\/i0.wp.com\/ae01.alicdn.com\/kf\/Sd998864ad20f4b5daf341b19c68358534.jpg?w=1020&#038;ssl=1\" \/><img data-recalc-dims=\"1\" decoding=\"async\" class=\"detail-desc-decorate-image\" src=\"https:\/\/i0.wp.com\/ae01.alicdn.com\/kf\/Sb2d1cd5d24dd44fa89f557e49eb3c460T.jpg?w=1020&#038;ssl=1\" \/><\/div>\n<div style=\"display:flex; gap:10px;justify-content:center\" class=\"wps-pgfw-pdf-generate-icon__wrapper-frontend\">\n\t\t<a  href=\"https:\/\/ikasougou.com\/kofaisani\/wp-json\/wp\/v2\/product\/1818?action=genpdf&amp;id=1818\" class=\"pgfw-single-pdf-download-button\" ><img src=\"https:\/\/ikasougou.com\/kofaisani\/wp-content\/plugins\/pdf-generator-for-wp\/admin\/src\/images\/PDF_Tray.svg\" title=\"G\u00e9n\u00e9rer un PDF\" style=\"width:auto; height:45px;\"><\/a>\n\t\t<\/div>","protected":false},"excerpt":{"rendered":"<div class=\"product-title\">\n<h5 class=\"product-title-text\" data-spm-anchor-id=\"a2g0o.detail.1000016.i2.64f17064QrtYd9\">Stylo \u00e0 bille Portable FHD, Mini cam\u00e9ra sans fil avec lentille Invisible, contr\u00f4le \u00e0 distance Wifi, enregistrement rapide \u00e0 un bouton<\/h5>\n<\/div>\n","protected":false},"featured_media":1820,"comment_status":"open","ping_status":"closed","template":"","meta":{"jetpack_publicize_message":"","jetpack_publicize_feature_enabled":true,"jetpack_social_post_already_shared":true,"jetpack_social_options":{"image_generator_settings":{"template":"highway","default_image_id":0,"font":"","enabled":false},"version":2}},"product_brand":[],"product_cat":[38],"product_tag":[],"class_list":{"0":"post-1818","1":"product","2":"type-product","3":"status-publish","4":"has-post-thumbnail","6":"product_cat-high-tech","8":"first","9":"instock","10":"shipping-taxable","11":"purchasable","12":"product-type-simple"},"ams_default_variation_id":0,"ams_product_points_reward":[],"ams_product_discount_percentage":0,"ams_price_to_display":50000,"aioseo_notices":[],"ams_acf":[],"jetpack_publicize_connections":[],"jetpack_sharing_enabled":true,"jetpack_likes_enabled":true,"jetpack-related-posts":[],"_links":{"self":[{"href":"https:\/\/ikasougou.com\/kofaisani\/wp-json\/wp\/v2\/product\/1818","targetHints":{"allow":["GET"]}}],"collection":[{"href":"https:\/\/ikasougou.com\/kofaisani\/wp-json\/wp\/v2\/product"}],"about":[{"href":"https:\/\/ikasougou.com\/kofaisani\/wp-json\/wp\/v2\/types\/product"}],"replies":[{"embeddable":true,"href":"https:\/\/ikasougou.com\/kofaisani\/wp-json\/wp\/v2\/comments?post=1818"}],"wp:featuredmedia":[{"embeddable":true,"href":"https:\/\/ikasougou.com\/kofaisani\/wp-json\/wp\/v2\/media\/1820"}],"wp:attachment":[{"href":"https:\/\/ikasougou.com\/kofaisani\/wp-json\/wp\/v2\/media?parent=1818"}],"wp:term":[{"taxonomy":"product_brand","embeddable":true,"href":"https:\/\/ikasougou.com\/kofaisani\/wp-json\/wp\/v2\/product_brand?post=1818"},{"taxonomy":"product_cat","embeddable":true,"href":"https:\/\/ikasougou.com\/kofaisani\/wp-json\/wp\/v2\/product_cat?post=1818"},{"taxonomy":"product_tag","embeddable":true,"href":"https:\/\/ikasougou.com\/kofaisani\/wp-json\/wp\/v2\/product_tag?post=1818"}],"curies":[{"name":"wp","href":"https:\/\/api.w.org\/{rel}","templated":true}]}}