{"id":264,"date":"2019-04-27T16:45:52","date_gmt":"2019-04-27T14:45:52","guid":{"rendered":"https:\/\/ikasougou.com\/latyland\/?post_type=product&#038;p=264"},"modified":"2022-04-21T11:25:28","modified_gmt":"2022-04-21T09:25:28","slug":"jus-dorange-bio-latyland","status":"publish","type":"product","link":"https:\/\/ikasougou.com\/latyland\/produit\/jus-dorange-bio-latyland\/","title":{"rendered":"JUS D&#8217;ORANGE BIO LATYLAND"},"content":{"rendered":"<p>LATYLAND a s\u00e9lectionn\u00e9 une orange originaire m\u00fbrie sous le soleil malien pour une douceur unique.<\/p>\n<p align=\"left\">Ces oranges s\u00e9lectionn\u00e9es sont tr\u00e8s douces, sans acidit\u00e9 avec un go\u00fbt typique et sucr\u00e9, et vous garantissent un jus \u00e0 la saveur \u00e9quilibr\u00e9e toute l\u0092ann\u00e9e. Sans sucres ajout\u00e9s.<\/p>\n<p>La fabrication d\u0092un litre de jus n\u00e9cessite l\u0092utilisation de 13 oranges, \u00e9quivalence par bouteille sur la base de fruits de taille moyenne.<\/p>\n<p><img loading=\"lazy\" decoding=\"async\" class=\"alignnone size-medium wp-image-191\" src=\"https:\/\/ikasougou.com\/latyland\/wp-content\/uploads\/sites\/17\/2018\/07\/Minneola-tangelo_2048x-579x400.png\" alt=\"\" width=\"579\" height=\"400\" srcset=\"https:\/\/ikasougou.com\/latyland\/wp-content\/uploads\/sites\/17\/2018\/07\/Minneola-tangelo_2048x-579x400.png 579w, https:\/\/ikasougou.com\/latyland\/wp-content\/uploads\/sites\/17\/2018\/07\/Minneola-tangelo_2048x-768x530.png 768w, https:\/\/ikasougou.com\/latyland\/wp-content\/uploads\/sites\/17\/2018\/07\/Minneola-tangelo_2048x-510x352.png 510w, https:\/\/ikasougou.com\/latyland\/wp-content\/uploads\/sites\/17\/2018\/07\/Minneola-tangelo_2048x.png 872w\" sizes=\"auto, (max-width: 579px) 100vw, 579px\" \/><\/p>\n<h2>Les propri\u00e9t\u00e9s du jus d\u2019orange<\/h2>\n<h3>Pour l\u2019appareil digestif<\/h3>\n<p>Il est prouv\u00e9 que le jus d\u2019orange a de nombreuses propri\u00e9t\u00e9s pour l\u2019estomac. En effet, il a la capacit\u00e9 de r\u00e9guler ses fonctions en \u00e9vitant certaines complications dans son fonctionnement. On parle par exemple :<\/p>\n<ul>\n<li><strong>Des gastrites et des ulc\u00e8res gastro-duod\u00e9naux :<\/strong>\u00a0 Le jus d\u2019orange est tr\u00e8s efficace pour soulager l\u2019exc\u00e8s d\u2019acide gastrique, il aide aussi \u00e0 gu\u00e9rir les ulc\u00e8res. Ce jus doit \u00eatre consomm\u00e9 entre les repas : il doit \u00eatre bu sans manger aucun aliment \u00e0 c\u00f4t\u00e9. En effet, c\u2019est comme \u00e7a qu\u2019il sera bien plus efficace !<\/li>\n<li><strong>Du foie :<\/strong> Si le jus d\u2019orange est la seule chose que l\u2019on consomme entre les repas, il sera tr\u00e8s utile pour le foie. En effet, il a la capacit\u00e9 d\u2019\u00e9viter une mauvaise digestion, des ballonnements et une fermentation des aliments.<\/li>\n<li><strong>D\u2019une insuffisance biliaire :<\/strong> Ce jus vous aidera \u00e0 produire plus de bile, et c\u2019est d\u2019ailleurs pour cette raison qu\u2019on le consid\u00e8re comme tr\u00e8s utile pour les personnes souffrant d\u2019insuffisance biliaire.<\/li>\n<li><strong>De la diarrh\u00e9e et de la constipation :<\/strong> C\u2019est bien connu, lorsque des \u00e9pisodes de diarrh\u00e9e ou de constipation se produisent, les intestins souffrent beaucoup. C\u2019est pour cela que nous recommandons la consommation de ce jus. En effet, il a la capacit\u00e9 de r\u00e9guler et de stabiliser les fonctions de cet organe !<\/li>\n<li><strong>De l\u2019indigestion :<\/strong>\u00a0De m\u00eame, le jus d\u2019orange peut am\u00e9liorer grandement les probl\u00e8mes caus\u00e9s par une mauvaise digestion.<\/li>\n<\/ul>\n<div style=\"display:flex; gap:10px;justify-content:center\" class=\"wps-pgfw-pdf-generate-icon__wrapper-frontend\">\n\t\t<a  href=\"https:\/\/ikasougou.com\/latyland\/wp-json\/wp\/v2\/product\/264?action=genpdf&amp;id=264\" class=\"pgfw-single-pdf-download-button\" ><img src=\"https:\/\/ikasougou.com\/latyland\/wp-content\/plugins\/pdf-generator-for-wp\/admin\/src\/images\/PDF_Tray.svg\" title=\"G\u00e9n\u00e9rer un PDF\" style=\"width:auto; height:45px;\"><\/a>\n\t\t<\/div>","protected":false},"excerpt":{"rendered":"<p>LATYLAND a s\u00e9lectionn\u00e9 une orange originaire m\u00fbrie sous le soleil malien pour une douceur unique. Ces oranges s\u00e9lectionn\u00e9es sont tr\u00e8s douces, sans acidit\u00e9 avec un go\u00fbt typique et sucr\u00e9, et vous garantissent un jus \u00e0 la saveur \u00e9quilibr\u00e9e toute l\u0092ann\u00e9e. Sans sucres ajout\u00e9s. La fabrication d\u0092un litre de jus n\u00e9cessite l\u0092utilisation de 13 oranges, \u00e9quivalence [&#8230;]\n","protected":false},"featured_media":259,"comment_status":"open","ping_status":"closed","template":"","meta":{"jetpack_post_was_ever_published":false,"jetpack_publicize_message":"","jetpack_publicize_feature_enabled":true,"jetpack_social_post_already_shared":true,"jetpack_social_options":{"image_generator_settings":{"template":"highway","default_image_id":0,"font":"","enabled":false},"version":2}},"product_brand":[],"product_cat":[18,19],"product_tag":[],"class_list":{"0":"post-264","1":"product","2":"type-product","3":"status-publish","4":"has-post-thumbnail","6":"product_cat-alimentaires","7":"product_cat-boissons","9":"first","10":"instock","11":"shipping-taxable","12":"purchasable","13":"product-type-simple"},"ams_default_variation_id":0,"ams_product_points_reward":[],"ams_product_discount_percentage":0,"ams_price_to_display":2500,"aioseo_notices":[],"ams_acf":[],"jetpack_publicize_connections":[],"jetpack_sharing_enabled":true,"jetpack_likes_enabled":true,"_links":{"self":[{"href":"https:\/\/ikasougou.com\/latyland\/wp-json\/wp\/v2\/product\/264","targetHints":{"allow":["GET"]}}],"collection":[{"href":"https:\/\/ikasougou.com\/latyland\/wp-json\/wp\/v2\/product"}],"about":[{"href":"https:\/\/ikasougou.com\/latyland\/wp-json\/wp\/v2\/types\/product"}],"replies":[{"embeddable":true,"href":"https:\/\/ikasougou.com\/latyland\/wp-json\/wp\/v2\/comments?post=264"}],"wp:featuredmedia":[{"embeddable":true,"href":"https:\/\/ikasougou.com\/latyland\/wp-json\/wp\/v2\/media\/259"}],"wp:attachment":[{"href":"https:\/\/ikasougou.com\/latyland\/wp-json\/wp\/v2\/media?parent=264"}],"wp:term":[{"taxonomy":"product_brand","embeddable":true,"href":"https:\/\/ikasougou.com\/latyland\/wp-json\/wp\/v2\/product_brand?post=264"},{"taxonomy":"product_cat","embeddable":true,"href":"https:\/\/ikasougou.com\/latyland\/wp-json\/wp\/v2\/product_cat?post=264"},{"taxonomy":"product_tag","embeddable":true,"href":"https:\/\/ikasougou.com\/latyland\/wp-json\/wp\/v2\/product_tag?post=264"}],"curies":[{"name":"wp","href":"https:\/\/api.w.org\/{rel}","templated":true}]}}