{"id":1116,"date":"2019-10-15T02:06:47","date_gmt":"2019-10-15T00:06:47","guid":{"rendered":"https:\/\/ikasougou.com\/mamydelices\/produit\/gateau-anniversaire-theme-reine-des-neiges\/"},"modified":"2020-01-18T13:34:29","modified_gmt":"2020-01-18T12:34:29","slug":"gateau-anniversaire-theme-reine-des-neiges","status":"publish","type":"product","link":"https:\/\/ikasougou.com\/mamydelices\/produit\/gateau-anniversaire-theme-reine-des-neiges\/","title":{"rendered":"G\u00e2teau Anniversaire Th\u00e8me Reine des neiges"},"content":{"rendered":"<section class=\"page-product-box\">\n<div class=\"rte\">\n<p>La reine des Neiges est imprim\u00e9 sur du papier alimentaire et coll\u00e9s sur ce beau gateau .Succ\u00e8s garanti aupr\u00e8s de vos princesses!<\/p>\n<\/div>\n<p><img loading=\"lazy\" decoding=\"async\" class=\"size-medium wp-image-1117 aligncenter\" src=\"http:\/\/mamydelices.ml\/wp-content\/uploads\/2019\/10\/WhatsApp-Image-2019-10-13-at-23.31.351-389x400.jpeg\" alt=\"\" width=\"389\" height=\"400\" \/><\/p>\n<\/section>\n<div style=\"display:flex; gap:10px;justify-content:center\" class=\"wps-pgfw-pdf-generate-icon__wrapper-frontend\">\n\t\t<a  href=\"https:\/\/ikasougou.com\/mamydelices\/wp-json\/wp\/v2\/product\/1116?action=genpdf&amp;id=1116\" class=\"pgfw-single-pdf-download-button\" ><img src=\"https:\/\/ikasougou.com\/mamydelices\/wp-content\/plugins\/pdf-generator-for-wp\/admin\/src\/images\/PDF_Tray.svg\" title=\"G\u00e9n\u00e9rer un PDF\" style=\"width:auto; height:45px;\"><\/a>\n\t\t<\/div>","protected":false},"excerpt":{"rendered":"<p>La reine des Neiges est imprim\u00e9 sur du papier alimentaire et coll\u00e9s sur ce beau gateau .Succ\u00e8s garanti aupr\u00e8s de vos princesses!<\/p>\n","protected":false},"featured_media":1117,"comment_status":"open","ping_status":"closed","template":"","meta":{"jetpack_publicize_message":"","jetpack_publicize_feature_enabled":true,"jetpack_social_post_already_shared":false,"jetpack_social_options":{"image_generator_settings":{"template":"highway","default_image_id":0,"font":"","enabled":false},"version":2}},"product_brand":[],"product_cat":[104,95,96,48],"product_tag":[57],"class_list":{"0":"post-1116","1":"product","2":"type-product","3":"status-publish","4":"has-post-thumbnail","6":"product_cat-disney","7":"product_cat-gateaux","8":"product_cat-gateaux-danniversaire","9":"product_cat-patisserieviennoiserie","10":"product_tag-reine-des-neiges","12":"first","13":"instock","14":"shipping-taxable","15":"purchasable","16":"product-type-variable"},"ams_default_variation_id":0,"ams_product_points_reward":[],"ams_product_discount_percentage":0,"ams_price_to_display":30000,"aioseo_notices":[],"ams_acf":[],"jetpack_publicize_connections":[],"jetpack_sharing_enabled":true,"jetpack_likes_enabled":true,"_links":{"self":[{"href":"https:\/\/ikasougou.com\/mamydelices\/wp-json\/wp\/v2\/product\/1116","targetHints":{"allow":["GET"]}}],"collection":[{"href":"https:\/\/ikasougou.com\/mamydelices\/wp-json\/wp\/v2\/product"}],"about":[{"href":"https:\/\/ikasougou.com\/mamydelices\/wp-json\/wp\/v2\/types\/product"}],"replies":[{"embeddable":true,"href":"https:\/\/ikasougou.com\/mamydelices\/wp-json\/wp\/v2\/comments?post=1116"}],"wp:featuredmedia":[{"embeddable":true,"href":"https:\/\/ikasougou.com\/mamydelices\/wp-json\/wp\/v2\/media\/1117"}],"wp:attachment":[{"href":"https:\/\/ikasougou.com\/mamydelices\/wp-json\/wp\/v2\/media?parent=1116"}],"wp:term":[{"taxonomy":"product_brand","embeddable":true,"href":"https:\/\/ikasougou.com\/mamydelices\/wp-json\/wp\/v2\/product_brand?post=1116"},{"taxonomy":"product_cat","embeddable":true,"href":"https:\/\/ikasougou.com\/mamydelices\/wp-json\/wp\/v2\/product_cat?post=1116"},{"taxonomy":"product_tag","embeddable":true,"href":"https:\/\/ikasougou.com\/mamydelices\/wp-json\/wp\/v2\/product_tag?post=1116"}],"curies":[{"name":"wp","href":"https:\/\/api.w.org\/{rel}","templated":true}]}}