{"id":3118,"date":"2019-10-11T01:02:05","date_gmt":"2019-10-10T23:02:05","guid":{"rendered":"https:\/\/ikasougou.com\/boubacarbathily\/?post_type=product&#038;p=3118"},"modified":"2019-10-11T02:14:31","modified_gmt":"2019-10-11T00:14:31","slug":"3-bazins-vip-getzner-3451bonus","status":"publish","type":"product","link":"https:\/\/ikasougou.com\/momobazin\/produit\/3-bazins-vip-getzner-3451bonus\/","title":{"rendered":"3 BAZINS VIP GETZNER (3,4,5+1bonus)"},"content":{"rendered":"<p>Voici une s\u00e9lection de 3 BAZINS VIP GETZNER de 3metres, 4metres et 5m\u00e8tres plus bonus id\u00e9al pour faire des tenues pour les grand \u00e9ventrements chic et classe vous ne jamais pas passer inaper\u00e7u.S\u00e9lectionnez votre mod\u00e8le dans la barre de choix:<\/p>\n<p>1<\/p>\n<p><img data-recalc-dims=\"1\" loading=\"lazy\" decoding=\"async\" class=\"alignnone size-medium wp-image-3122\" src=\"https:\/\/i0.wp.com\/ikasougou.com\/boubacarbathily\/wp-content\/uploads\/sites\/5\/2019\/10\/WhatsApp-Image-2019-09-22-at-21.27.08-300x400.jpeg?resize=300%2C400&#038;ssl=1\" alt=\"\" width=\"300\" height=\"400\" srcset=\"https:\/\/i0.wp.com\/ikasougou.com\/momobazin\/wp-content\/uploads\/sites\/5\/2019\/10\/WhatsApp-Image-2019-09-22-at-21.27.08.jpeg?resize=300%2C400&amp;ssl=1 300w, https:\/\/i0.wp.com\/ikasougou.com\/momobazin\/wp-content\/uploads\/sites\/5\/2019\/10\/WhatsApp-Image-2019-09-22-at-21.27.08.jpeg?w=600&amp;ssl=1 600w, https:\/\/i0.wp.com\/ikasougou.com\/momobazin\/wp-content\/uploads\/sites\/5\/2019\/10\/WhatsApp-Image-2019-09-22-at-21.27.08.jpeg?resize=510%2C680&amp;ssl=1 510w\" sizes=\"auto, (max-width: 300px) 100vw, 300px\" \/><\/p>\n<p>2<\/p>\n<p><img data-recalc-dims=\"1\" loading=\"lazy\" decoding=\"async\" class=\"alignnone size-medium wp-image-3121\" src=\"https:\/\/i0.wp.com\/ikasougou.com\/boubacarbathily\/wp-content\/uploads\/sites\/5\/2019\/10\/WhatsApp-Image-2019-09-22-at-21.26.39-388x400.jpeg?resize=388%2C400&#038;ssl=1\" alt=\"\" width=\"388\" height=\"400\" srcset=\"https:\/\/i0.wp.com\/ikasougou.com\/momobazin\/wp-content\/uploads\/sites\/5\/2019\/10\/WhatsApp-Image-2019-09-22-at-21.26.39.jpeg?resize=388%2C400&amp;ssl=1 388w, https:\/\/i0.wp.com\/ikasougou.com\/momobazin\/wp-content\/uploads\/sites\/5\/2019\/10\/WhatsApp-Image-2019-09-22-at-21.26.39.jpeg?resize=510%2C526&amp;ssl=1 510w, https:\/\/i0.wp.com\/ikasougou.com\/momobazin\/wp-content\/uploads\/sites\/5\/2019\/10\/WhatsApp-Image-2019-09-22-at-21.26.39.jpeg?w=720&amp;ssl=1 720w\" sizes=\"auto, (max-width: 388px) 100vw, 388px\" \/><\/p>\n<p>3<\/p>\n<p><img data-recalc-dims=\"1\" loading=\"lazy\" decoding=\"async\" class=\"alignnone size-medium wp-image-3120\" src=\"https:\/\/i0.wp.com\/ikasougou.com\/boubacarbathily\/wp-content\/uploads\/sites\/5\/2019\/10\/WhatsApp-Image-2019-09-22-at-21.26.05-252x400.jpeg?resize=252%2C400&#038;ssl=1\" alt=\"\" width=\"252\" height=\"400\" srcset=\"https:\/\/i0.wp.com\/ikasougou.com\/momobazin\/wp-content\/uploads\/sites\/5\/2019\/10\/WhatsApp-Image-2019-09-22-at-21.26.05.jpeg?resize=252%2C400&amp;ssl=1 252w, https:\/\/i0.wp.com\/ikasougou.com\/momobazin\/wp-content\/uploads\/sites\/5\/2019\/10\/WhatsApp-Image-2019-09-22-at-21.26.05.jpeg?resize=504%2C800&amp;ssl=1 504w, https:\/\/i0.wp.com\/ikasougou.com\/momobazin\/wp-content\/uploads\/sites\/5\/2019\/10\/WhatsApp-Image-2019-09-22-at-21.26.05.jpeg?resize=510%2C809&amp;ssl=1 510w, https:\/\/i0.wp.com\/ikasougou.com\/momobazin\/wp-content\/uploads\/sites\/5\/2019\/10\/WhatsApp-Image-2019-09-22-at-21.26.05.jpeg?w=539&amp;ssl=1 539w\" sizes=\"auto, (max-width: 252px) 100vw, 252px\" \/><\/p>\n<p>&nbsp;<\/p>\n<div style=\"display:flex; gap:10px;justify-content:center\" class=\"wps-pgfw-pdf-generate-icon__wrapper-frontend\">\n\t\t<a  href=\"https:\/\/ikasougou.com\/momobazin\/wp-json\/wp\/v2\/product\/3118?action=genpdf&amp;id=3118\" class=\"pgfw-single-pdf-download-button\" ><img src=\"https:\/\/ikasougou.com\/momobazin\/wp-content\/plugins\/pdf-generator-for-wp\/admin\/src\/images\/PDF_Tray.svg\" title=\"G\u00e9n\u00e9rer un PDF\" style=\"width:auto; height:45px;\"><\/a>\n\t\t<\/div>","protected":false},"excerpt":{"rendered":"<p>Voici une s\u00e9lection de 3 BAZINS VIP GETZNER de 3metres, 4metres et 5m\u00e8tres plus bonus id\u00e9al pour faire des tenues pour les grand \u00e9ventrements chic et classe vous ne jamais pas passer inaper\u00e7u.S\u00e9lectionnez votre mod\u00e8le dans la barre de choix: 1 2 3 &nbsp;<\/p>\n","protected":false},"featured_media":3120,"comment_status":"open","ping_status":"closed","template":"","meta":{"jetpack_post_was_ever_published":false,"jetpack_publicize_message":"","jetpack_publicize_feature_enabled":true,"jetpack_social_post_already_shared":true,"jetpack_social_options":{"image_generator_settings":{"template":"highway","default_image_id":0,"font":"","enabled":false},"version":2}},"product_brand":[],"product_cat":[17,16,30],"product_tag":[31],"class_list":{"0":"post-3118","1":"product","2":"type-product","3":"status-publish","4":"has-post-thumbnail","6":"product_cat-bazin","7":"product_cat-textile-bijoux","8":"product_cat-vip","9":"product_tag-bazins-vip-getzner","11":"first","12":"instock","13":"sale","14":"shipping-taxable","15":"purchasable","16":"product-type-variable"},"ams_default_variation_id":0,"ams_product_points_reward":[],"ams_product_discount_percentage":0,"ams_price_to_display":35000,"aioseo_notices":[],"ams_acf":[],"jetpack_publicize_connections":[],"jetpack_sharing_enabled":true,"jetpack_likes_enabled":true,"jetpack-related-posts":[],"_links":{"self":[{"href":"https:\/\/ikasougou.com\/momobazin\/wp-json\/wp\/v2\/product\/3118","targetHints":{"allow":["GET"]}}],"collection":[{"href":"https:\/\/ikasougou.com\/momobazin\/wp-json\/wp\/v2\/product"}],"about":[{"href":"https:\/\/ikasougou.com\/momobazin\/wp-json\/wp\/v2\/types\/product"}],"replies":[{"embeddable":true,"href":"https:\/\/ikasougou.com\/momobazin\/wp-json\/wp\/v2\/comments?post=3118"}],"wp:featuredmedia":[{"embeddable":true,"href":"https:\/\/ikasougou.com\/momobazin\/wp-json\/wp\/v2\/media\/3120"}],"wp:attachment":[{"href":"https:\/\/ikasougou.com\/momobazin\/wp-json\/wp\/v2\/media?parent=3118"}],"wp:term":[{"taxonomy":"product_brand","embeddable":true,"href":"https:\/\/ikasougou.com\/momobazin\/wp-json\/wp\/v2\/product_brand?post=3118"},{"taxonomy":"product_cat","embeddable":true,"href":"https:\/\/ikasougou.com\/momobazin\/wp-json\/wp\/v2\/product_cat?post=3118"},{"taxonomy":"product_tag","embeddable":true,"href":"https:\/\/ikasougou.com\/momobazin\/wp-json\/wp\/v2\/product_tag?post=3118"}],"curies":[{"name":"wp","href":"https:\/\/api.w.org\/{rel}","templated":true}]}}