{"id":82,"date":"2022-06-28T15:01:04","date_gmt":"2022-06-28T13:01:04","guid":{"rendered":"https:\/\/ikasougou.com\/noorhijab\/?post_type=product&#038;p=82"},"modified":"2022-07-19T13:43:27","modified_gmt":"2022-07-19T11:43:27","slug":"ballerine","status":"publish","type":"product","link":"https:\/\/ikasougou.com\/noorhijab\/produit\/ballerine\/","title":{"rendered":"Ballerine"},"content":{"rendered":"<p>Les ballerines pour fille font partie des incontournables de la garde-robe. Ces ballerines adoptent un design parmi les plus classiques, avec une corde au milieu et un pompom d\u00e9coratif sur le c\u00f4t\u00e9. Cette ballerine classique est une valeur s\u00fbre pour vos petites princesses, pour aller avec leurs tenues de tous les jours comme avec les tenues de f\u00eate.<\/p>\n<div style=\"display:flex; gap:10px;justify-content:center\" class=\"wps-pgfw-pdf-generate-icon__wrapper-frontend\">\n\t\t<a  href=\"https:\/\/ikasougou.com\/noorhijab\/wp-json\/wp\/v2\/product\/82?action=genpdf&amp;id=82\" class=\"pgfw-single-pdf-download-button\" ><img src=\"https:\/\/ikasougou.com\/noorhijab\/wp-content\/plugins\/pdf-generator-for-wp\/admin\/src\/images\/PDF_Tray.svg\" title=\"G\u00e9n\u00e9rer un PDF\" style=\"width:auto; height:45px;\"><\/a>\n\t\t<\/div>","protected":false},"excerpt":{"rendered":"<p>Les ballerines pour fille font partie des incontournables de la garde-robe. Ces ballerines adoptent un design parmi les plus classiques, avec une corde au milieu et un pompom d\u00e9coratif sur le c\u00f4t\u00e9. Cette ballerine classique est une valeur s\u00fbre pour vos petites princesses, pour aller avec leurs tenues de tous les jours comme avec les [&#8230;]\n","protected":false},"featured_media":83,"comment_status":"open","ping_status":"closed","template":"","meta":{"jetpack_post_was_ever_published":false},"product_brand":[],"product_cat":[18],"product_tag":[],"class_list":{"0":"post-82","1":"product","2":"type-product","3":"status-publish","4":"has-post-thumbnail","6":"product_cat-accessoiresdemode","8":"first","9":"instock","10":"shipping-taxable","11":"purchasable","12":"product-type-simple"},"ams_default_variation_id":0,"ams_product_points_reward":[],"ams_product_discount_percentage":0,"ams_price_to_display":7500,"aioseo_notices":[],"ams_acf":[],"jetpack_sharing_enabled":true,"jetpack-related-posts":[],"_links":{"self":[{"href":"https:\/\/ikasougou.com\/noorhijab\/wp-json\/wp\/v2\/product\/82","targetHints":{"allow":["GET"]}}],"collection":[{"href":"https:\/\/ikasougou.com\/noorhijab\/wp-json\/wp\/v2\/product"}],"about":[{"href":"https:\/\/ikasougou.com\/noorhijab\/wp-json\/wp\/v2\/types\/product"}],"replies":[{"embeddable":true,"href":"https:\/\/ikasougou.com\/noorhijab\/wp-json\/wp\/v2\/comments?post=82"}],"wp:featuredmedia":[{"embeddable":true,"href":"https:\/\/ikasougou.com\/noorhijab\/wp-json\/wp\/v2\/media\/83"}],"wp:attachment":[{"href":"https:\/\/ikasougou.com\/noorhijab\/wp-json\/wp\/v2\/media?parent=82"}],"wp:term":[{"taxonomy":"product_brand","embeddable":true,"href":"https:\/\/ikasougou.com\/noorhijab\/wp-json\/wp\/v2\/product_brand?post=82"},{"taxonomy":"product_cat","embeddable":true,"href":"https:\/\/ikasougou.com\/noorhijab\/wp-json\/wp\/v2\/product_cat?post=82"},{"taxonomy":"product_tag","embeddable":true,"href":"https:\/\/ikasougou.com\/noorhijab\/wp-json\/wp\/v2\/product_tag?post=82"}],"curies":[{"name":"wp","href":"https:\/\/api.w.org\/{rel}","templated":true}]}}