{"id":114,"date":"2023-01-26T00:33:09","date_gmt":"2023-01-25T23:33:09","guid":{"rendered":"https:\/\/ikasougou.com\/samsung\/?post_type=product&#038;p=114"},"modified":"2023-01-26T00:33:09","modified_gmt":"2023-01-25T23:33:09","slug":"samsung-s21fe-128gb-ou-256gb-8gb-ram","status":"publish","type":"product","link":"https:\/\/ikasougou.com\/samsung\/produit\/samsung-s21fe-128gb-ou-256gb-8gb-ram\/","title":{"rendered":"SAMSUNG S21FE (128GB ou 256GB) 8GB RAM"},"content":{"rendered":"<p>Le Samsung Galaxy S21 FE est une nouvelle it\u00e9ration de la gamme Samsung Galaxy S21 annonc\u00e9 en aout 2021. Il est \u00e9quip\u00e9 d&#8217;un SoC Qualcomm Snapdragon 888 \u00e9paul\u00e9 par 6 \u00e0 8 Go de RAM. Il dispose d&#8217;un triple capteur photo (12+8+12 m\u00e9gapixels) polyvalent et d&#8217;une batterie de 4500 mAh.<\/p>\n<p>&nbsp;<\/p>\n<p>&nbsp;<\/p>\n<h2 class=\"has-text-primary m-0\"><img data-recalc-dims=\"1\" loading=\"lazy\" decoding=\"async\" class=\"alignnone size-medium wp-image-115\" src=\"https:\/\/i0.wp.com\/ikasougou.com\/samsung\/wp-content\/uploads\/sites\/113\/2023\/01\/2-Configurator-S21FE-GroupKV2-MB-720x720-1.jpeg?resize=300%2C225&#038;ssl=1\" alt=\"\" width=\"300\" height=\"225\" srcset=\"https:\/\/i0.wp.com\/ikasougou.com\/samsung\/wp-content\/uploads\/sites\/113\/2023\/01\/2-Configurator-S21FE-GroupKV2-MB-720x720-1.jpeg?resize=300%2C225&amp;ssl=1 300w, https:\/\/i0.wp.com\/ikasougou.com\/samsung\/wp-content\/uploads\/sites\/113\/2023\/01\/2-Configurator-S21FE-GroupKV2-MB-720x720-1.jpeg?resize=600%2C450&amp;ssl=1 600w, https:\/\/i0.wp.com\/ikasougou.com\/samsung\/wp-content\/uploads\/sites\/113\/2023\/01\/2-Configurator-S21FE-GroupKV2-MB-720x720-1.jpeg?w=720&amp;ssl=1 720w\" sizes=\"auto, (max-width: 300px) 100vw, 300px\" \/> <img data-recalc-dims=\"1\" loading=\"lazy\" decoding=\"async\" class=\"alignnone size-medium wp-image-116\" src=\"https:\/\/i0.wp.com\/ikasougou.com\/samsung\/wp-content\/uploads\/sites\/113\/2023\/01\/S21FE_Carousel_Video_Thumbnail_MO.jpeg?resize=300%2C300&#038;ssl=1\" alt=\"\" width=\"300\" height=\"300\" srcset=\"https:\/\/i0.wp.com\/ikasougou.com\/samsung\/wp-content\/uploads\/sites\/113\/2023\/01\/S21FE_Carousel_Video_Thumbnail_MO.jpeg?resize=300%2C300&amp;ssl=1 300w, https:\/\/i0.wp.com\/ikasougou.com\/samsung\/wp-content\/uploads\/sites\/113\/2023\/01\/S21FE_Carousel_Video_Thumbnail_MO.jpeg?resize=150%2C150&amp;ssl=1 150w, https:\/\/i0.wp.com\/ikasougou.com\/samsung\/wp-content\/uploads\/sites\/113\/2023\/01\/S21FE_Carousel_Video_Thumbnail_MO.jpeg?resize=600%2C600&amp;ssl=1 600w, https:\/\/i0.wp.com\/ikasougou.com\/samsung\/wp-content\/uploads\/sites\/113\/2023\/01\/S21FE_Carousel_Video_Thumbnail_MO.jpeg?resize=100%2C100&amp;ssl=1 100w, https:\/\/i0.wp.com\/ikasougou.com\/samsung\/wp-content\/uploads\/sites\/113\/2023\/01\/S21FE_Carousel_Video_Thumbnail_MO.jpeg?w=720&amp;ssl=1 720w\" sizes=\"auto, (max-width: 300px) 100vw, 300px\" \/><\/h2>\n<p class=\"product-technical-specs__list-title has-text-ternary is-uppercase is-size-4-tablet is-size-6-mobile has-text-weight-bold mb-4-mobile mb-4 mt-5-mobile mt-5 pt-4-mobile pt-4\"><strong>\u00c9CRAN :<\/strong> <span style=\"color: #333333; font-size: 14.4px;\">Taille de l&#8217;\u00e9cran <\/span><span style=\"color: #333333; font-size: 14.4px;\">6.41 pouces <\/span><span style=\"color: #333333; font-size: 14.4px;\">D\u00e9finition<\/span><span style=\"color: #333333; font-size: 14.4px;\">\u00a02400 x 1080 pixels<\/span><span style=\"color: #333333; font-size: 14.4px;\">\u00a0Dalle<\/span><span style=\"color: #333333; font-size: 14.4px;\">\u00a0Super AMOLED <\/span><span style=\"color: #333333; font-size: 14.4px;\">Fr\u00e9quence d&#8217;affichage <\/span><span style=\"color: #333333; font-size: 14.4px;\">120 Hz<\/span><\/p>\n<p class=\"product-technical-specs__list-title has-text-ternary is-uppercase is-size-4-tablet is-size-6-mobile has-text-weight-bold mb-4-mobile mb-4 mt-5-mobile mt-5 pt-4-mobile pt-4\"><strong>STOCKAGE:<\/strong> <span style=\"color: #333333; font-size: 14.4px;\">\u00a0M\u00e9moire<\/span><span style=\"color: #333333; font-size: 14.4px;\">\u00a0128 Go, 256 Go<\/span><span style=\"color: #333333; font-size: 14.4px;\">\u00a0Stockage extensible<\/span><span style=\"color: #333333; font-size: 14.4px;\">\u00a0Non<\/span><span style=\"color: #333333; font-size: 14.4px;\">\u00a0OTG <\/span><span style=\"color: #333333; font-size: 14.4px;\">Oui<\/span><\/p>\n<p class=\"product-technical-specs__list-title has-text-ternary is-uppercase is-size-4-tablet is-size-6-mobile has-text-weight-bold mb-4-mobile mb-4 mt-5-mobile mt-5 pt-4-mobile pt-4\"><strong>PERFORMANCE :<\/strong> <span style=\"color: #333333; font-size: 14.4px;\">RAM <\/span><span style=\"color: #333333; font-size: 14.4px;\">6 Go <\/span><span style=\"color: #333333; font-size: 14.4px;\">CPU <\/span><span style=\"color: #333333; font-size: 14.4px;\">Octa-core<\/span><\/p>\n<p class=\"product-technical-specs__list-title has-text-ternary is-uppercase is-size-4-tablet is-size-6-mobile has-text-weight-bold mb-4-mobile mb-4 mt-5-mobile mt-5 pt-4-mobile pt-4\"><strong>AUDIO :<\/strong> <span style=\"color: #333333; font-size: 14.4px;\">Nombre de haut-parleurs <\/span><span style=\"color: #333333; font-size: 14.4px;\">2<\/span><\/p>\n<p class=\"product-technical-specs__list-title has-text-ternary is-uppercase is-size-4-tablet is-size-6-mobile has-text-weight-bold mb-4-mobile mb-4 mt-5-mobile mt-5 pt-4-mobile pt-4\"><strong>BATTERIE :<\/strong> <span style=\"color: #333333; font-size: 14.4px;\">Capacit\u00e9 <\/span><span style=\"color: #333333; font-size: 14.4px;\">4500 mAh <\/span><span style=\"color: #333333; font-size: 14.4px;\">Technologie de la batterie <\/span><span style=\"color: #333333; font-size: 14.4px;\">Li-Po <\/span><span style=\"color: #333333; font-size: 14.4px;\">Batterie amovible <\/span><span style=\"color: #333333; font-size: 14.4px;\">Non <\/span><span style=\"color: #333333; font-size: 14.4px;\">Chargement sans fil <\/span><span style=\"color: #333333; font-size: 14.4px;\">Oui <\/span><span style=\"color: #333333; font-size: 14.4px;\">Charge rapide <\/span><span style=\"color: #333333; font-size: 14.4px;\">Oui<\/span><\/p>\n<p class=\"product-technical-specs__list-title has-text-ternary is-uppercase is-size-4-tablet is-size-6-mobile has-text-weight-bold mb-4-mobile mb-4 mt-5-mobile mt-5 pt-4-mobile pt-4\"><strong>SYST\u00c8ME D&#8217;EXPLOITATION (OS) :<\/strong> <span style=\"color: #333333; font-size: 14.4px;\">Syst\u00e8me d&#8217;exploitation <\/span><span style=\"color: #333333; font-size: 14.4px;\">Android <\/span><span style=\"color: #333333; font-size: 14.4px;\">Version du syst\u00e8me d&#8217;exploitation (OS) <\/span><span style=\"color: #333333; font-size: 14.4px;\">Android 11 <\/span><span style=\"color: #333333; font-size: 14.4px;\">Interface Android <\/span><span style=\"color: #333333; font-size: 14.4px;\">One UI <\/span><span style=\"color: #333333; font-size: 14.4px;\">Assistant <\/span><span style=\"color: #333333; font-size: 14.4px;\">Google Assistant, Samsung Bixby<\/span><\/p>\n<p class=\"product-technical-specs__list-title has-text-ternary is-uppercase is-size-4-tablet is-size-6-mobile has-text-weight-bold mb-4-mobile mb-4 mt-5-mobile mt-5 pt-4-mobile pt-4\"><strong>APPAREIL PHOTO :<\/strong> <span style=\"color: #333333; font-size: 14.4px;\">Cam\u00e9ra <\/span><span style=\"color: #333333; font-size: 14.4px;\">12 Mpx, 8 Mpx, 12 Mpx <\/span><span style=\"color: #333333; font-size: 14.4px;\">Nombre de capteurs (arri\u00e8re et avant) <\/span><span style=\"color: #333333; font-size: 14.4px;\">4 <\/span><span style=\"color: #333333; font-size: 14.4px;\">D\u00e9finition Enregistrement Vid\u00e9o <\/span><span style=\"color: #333333; font-size: 14.4px;\">4K@60 IPS <\/span><span style=\"color: #333333; font-size: 14.4px;\">Flash arri\u00e8re <\/span><span style=\"color: #333333; font-size: 14.4px;\">Flash LED <\/span><span style=\"color: #333333; font-size: 14.4px;\">Flash \u00e0 l&#8217;avant <\/span><span style=\"color: #333333; font-size: 14.4px;\">Non <\/span><span style=\"color: #333333; font-size: 14.4px;\">Stabilisateur d&#8217;image <\/span><span style=\"color: #333333; font-size: 14.4px;\">\u00c9lectronique <\/span><span style=\"color: #333333; font-size: 14.4px;\">Taille des photosites <\/span><span style=\"color: #333333; font-size: 14.4px;\">1.0 \u03bcm <\/span><span style=\"color: #333333; font-size: 14.4px;\">Ouverture objectif photo <\/span><span style=\"color: #333333; font-size: 14.4px;\">f\/1.8 <\/span><span style=\"color: #333333; font-size: 14.4px;\">Ouverture second objectif photo <\/span><span style=\"color: #333333; font-size: 14.4px;\">f\/2.2 <\/span><span style=\"color: #333333; font-size: 14.4px;\">Capteur photo frontal <\/span><span style=\"color: #333333; font-size: 14.4px;\">32 Mpx<\/span><\/p>\n<p class=\"product-technical-specs__list-title has-text-ternary is-uppercase is-size-4-tablet is-size-6-mobile has-text-weight-bold mb-4-mobile mb-4 mt-5-mobile mt-5 pt-4-mobile pt-4\"><strong>R\u00c9SEAU :<\/strong> <span style=\"color: #333333; font-size: 14.4px;\">Type de SIM <\/span><span style=\"color: #333333; font-size: 14.4px;\">nano SIM <\/span><span style=\"color: #333333; font-size: 14.4px;\">Compatibilit\u00e9 double SIM <\/span><span style=\"color: #333333; font-size: 14.4px;\">Oui <\/span><span style=\"color: #333333; font-size: 14.4px;\">Compatibilit\u00e9 4G <\/span><span style=\"color: #333333; font-size: 14.4px;\">Oui <\/span><span style=\"color: #333333; font-size: 14.4px;\">Compatibilit\u00e9 5G <\/span><span style=\"color: #333333; font-size: 14.4px;\">Oui <\/span><span style=\"color: #333333; font-size: 14.4px;\">VoLTE <\/span><span style=\"color: #333333; font-size: 14.4px;\">Oui<\/span><\/p>\n<p class=\"product-technical-specs__list-title has-text-ternary is-uppercase is-size-4-tablet is-size-6-mobile has-text-weight-bold mb-4-mobile mb-4 mt-5-mobile mt-5 pt-4-mobile pt-4\"><strong>CONNECTIVIT\u00c9 : <\/strong><span style=\"color: #333333; font-size: 14.4px;\">NFC <\/span><span style=\"color: #333333; font-size: 14.4px;\">Inconnu <\/span><span style=\"color: #333333; font-size: 14.4px;\">Prise jack <\/span><span style=\"color: #333333; font-size: 14.4px;\">Non <\/span><span style=\"color: #333333; font-size: 14.4px;\">GPS <\/span><span style=\"color: #333333; font-size: 14.4px;\">Oui\u00a0<\/span><strong>CAPTEURS : <\/strong><span style=\"color: #333333; font-size: 14.4px;\">Acc\u00e9l\u00e9rom\u00e8tre et Boussole \u00e9lectronique <\/span><span style=\"color: #333333; font-size: 14.4px;\">Oui <\/span><span style=\"color: #333333; font-size: 14.4px;\">Gyroscope <\/span><span style=\"color: #333333; font-size: 14.4px;\">Oui <\/span><span style=\"color: #333333; font-size: 14.4px;\">Infrarouge <\/span><span style=\"color: #333333; font-size: 14.4px;\">Non <\/span><span style=\"color: #333333; font-size: 14.4px;\">Capteur de lumi\u00e8re ambiante <\/span><span style=\"color: #333333; font-size: 14.4px;\">Oui<\/span><\/p>\n<p class=\"product-technical-specs__list-title has-text-ternary is-uppercase is-size-4-tablet is-size-6-mobile has-text-weight-bold mb-4-mobile mb-4 mt-5-mobile mt-5 pt-4-mobile pt-4\"><strong>POIDS ET DIMENSIONS : <\/strong><span style=\"color: #333333; font-size: 14.4px;\">Epaisseur <\/span><span style=\"color: #333333; font-size: 14.4px;\">7.9 mm <\/span><span style=\"color: #333333; font-size: 14.4px;\">Largeur <\/span><span style=\"color: #333333; font-size: 14.4px;\">71.2 mm <\/span><span style=\"color: #333333; font-size: 14.4px;\">Hauteur <\/span><span style=\"color: #333333; font-size: 14.4px;\">151.7 mm<\/span><\/p>\n<p class=\"product-technical-specs__list-title has-text-ternary is-uppercase is-size-4-tablet is-size-6-mobile has-text-weight-bold mb-4-mobile mb-4 mt-5-mobile mt-5 pt-4-mobile pt-4\">DIVERS : <span style=\"color: #333333; font-size: 14.4px;\">Famille <\/span><span style=\"color: #333333; font-size: 14.4px;\">Galaxy S <\/span><span style=\"color: #333333; font-size: 14.4px;\">Couleur <\/span><span style=\"color: #333333; font-size: 14.4px;\">Blanc, Violet, Bleu, Vert, Gris <\/span><span style=\"color: #333333; font-size: 14.4px;\">Apparence <\/span><span style=\"color: #333333; font-size: 14.4px;\">Plastique<\/span><\/p>\n<ul>\n<li class=\"product-technical-specs__list-item\">\n<div class=\"columns is-mobile\">\n<div class=\"column has-text-weight-semibold\"><\/div>\n<\/div>\n<\/li>\n<li class=\"product-technical-specs__list-item\">\n<div class=\"columns is-mobile\">\n<div class=\"column\">\n<div class=\"pl-5 pr-5\"><\/div>\n<\/div>\n<\/div>\n<\/li>\n<\/ul>\n<div style=\"display:flex; gap:10px;justify-content:center\" class=\"wps-pgfw-pdf-generate-icon__wrapper-frontend\">\n\t\t<a  href=\"https:\/\/ikasougou.com\/samsung\/wp-json\/wp\/v2\/product\/114?action=genpdf&amp;id=114\" class=\"pgfw-single-pdf-download-button\" ><img src=\"https:\/\/ikasougou.com\/samsung\/wp-content\/plugins\/pdf-generator-for-wp\/admin\/src\/images\/PDF_Tray.svg\" title=\"G\u00e9n\u00e9rer un PDF\" style=\"width:auto; height:45px;\"><\/a>\n\t\t<\/div>","protected":false},"excerpt":{"rendered":"<p>Le Samsung Galaxy S21 FE est une nouvelle it\u00e9ration de la gamme Samsung Galaxy S21 annonc\u00e9 en aout 2021. Il est \u00e9quip\u00e9 d&#8217;un SoC Qualcomm Snapdragon 888 \u00e9paul\u00e9 par 6 \u00e0 8 Go de RAM. Il dispose d&#8217;un triple capteur photo (12+8+12 m\u00e9gapixels) polyvalent et d&#8217;une batterie de 4500 mAh. &nbsp; &nbsp; \u00c9CRAN : Taille [&#8230;]\n","protected":false},"featured_media":117,"comment_status":"open","ping_status":"closed","template":"","meta":[],"product_brand":[],"product_cat":[50,26,29],"product_tag":[22,21,34,24,23,52,25],"class_list":{"0":"post-114","1":"product","2":"type-product","3":"status-publish","4":"has-post-thumbnail","6":"product_cat-galaxy-s","7":"product_cat-galaxys","8":"product_cat-high-tech","9":"product_tag-bamako","10":"product_tag-mali","11":"product_tag-samsung","12":"product_tag-telephone","13":"product_tag-telephone-haut-de-gamme","14":"product_tag-telephone-samsung","15":"product_tag-top-produits","17":"first","18":"instock","19":"shipping-taxable","20":"purchasable","21":"product-type-variable"},"ams_default_variation_id":0,"ams_product_points_reward":[],"ams_product_discount_percentage":0,"ams_price_to_display":390000,"aioseo_notices":[],"ams_acf":[],"jetpack-related-posts":[],"jetpack_sharing_enabled":true,"_links":{"self":[{"href":"https:\/\/ikasougou.com\/samsung\/wp-json\/wp\/v2\/product\/114","targetHints":{"allow":["GET"]}}],"collection":[{"href":"https:\/\/ikasougou.com\/samsung\/wp-json\/wp\/v2\/product"}],"about":[{"href":"https:\/\/ikasougou.com\/samsung\/wp-json\/wp\/v2\/types\/product"}],"replies":[{"embeddable":true,"href":"https:\/\/ikasougou.com\/samsung\/wp-json\/wp\/v2\/comments?post=114"}],"wp:featuredmedia":[{"embeddable":true,"href":"https:\/\/ikasougou.com\/samsung\/wp-json\/wp\/v2\/media\/117"}],"wp:attachment":[{"href":"https:\/\/ikasougou.com\/samsung\/wp-json\/wp\/v2\/media?parent=114"}],"wp:term":[{"taxonomy":"product_brand","embeddable":true,"href":"https:\/\/ikasougou.com\/samsung\/wp-json\/wp\/v2\/product_brand?post=114"},{"taxonomy":"product_cat","embeddable":true,"href":"https:\/\/ikasougou.com\/samsung\/wp-json\/wp\/v2\/product_cat?post=114"},{"taxonomy":"product_tag","embeddable":true,"href":"https:\/\/ikasougou.com\/samsung\/wp-json\/wp\/v2\/product_tag?post=114"}],"curies":[{"name":"wp","href":"https:\/\/api.w.org\/{rel}","templated":true}]}}