{"id":95,"date":"2023-01-25T14:30:25","date_gmt":"2023-01-25T13:30:25","guid":{"rendered":"https:\/\/ikasougou.com\/samsung\/?post_type=product&#038;p=95"},"modified":"2023-01-25T14:30:25","modified_gmt":"2023-01-25T13:30:25","slug":"samsung-galaxy-z-flip-256gb-8gb-ram","status":"publish","type":"product","link":"https:\/\/ikasougou.com\/samsung\/produit\/samsung-galaxy-z-flip-256gb-8gb-ram\/","title":{"rendered":"SAMSUNG GALAXY Z FLIP 256GB 8GB RAM"},"content":{"rendered":"<p>Le Samsung Galaxy Z Flip est un smartphone pliable haut de gamme de Samsung annonc\u00e9 en f\u00e9vrier 2020. Deuxi\u00e8me it\u00e9ration du smartphone pliable vu par Samsung apr\u00e8s le Galaxy Fold, il est \u00e9quip\u00e9 d&#8217;un \u00e9cran AMOLED de 6,7 pouces certifi\u00e9 HDR10+ qui se replie sur lui-m\u00eame. Il dispose \u00e9galement d&#8217;un double capteur photo polyvalent avec ultra grand-angle et d&#8217;un processeur Qualcomm Snapdragon 855+ grav\u00e9 en 7 nm \u00e9paul\u00e9 par 8 Go de RAM. Il est disponible en version 4G avec 256 Go de stockage.<\/p>\n<p><img data-recalc-dims=\"1\" loading=\"lazy\" decoding=\"async\" class=\"alignnone size-medium wp-image-101\" src=\"https:\/\/i0.wp.com\/ikasougou.com\/samsung\/wp-content\/uploads\/sites\/113\/2023\/01\/a7f0c1005cac167098a85abc27ee2e83.png?resize=300%2C225&#038;ssl=1\" alt=\"\" width=\"300\" height=\"225\" srcset=\"https:\/\/i0.wp.com\/ikasougou.com\/samsung\/wp-content\/uploads\/sites\/113\/2023\/01\/a7f0c1005cac167098a85abc27ee2e83.png?resize=300%2C225&amp;ssl=1 300w, https:\/\/i0.wp.com\/ikasougou.com\/samsung\/wp-content\/uploads\/sites\/113\/2023\/01\/a7f0c1005cac167098a85abc27ee2e83.png?resize=600%2C450&amp;ssl=1 600w, https:\/\/i0.wp.com\/ikasougou.com\/samsung\/wp-content\/uploads\/sites\/113\/2023\/01\/a7f0c1005cac167098a85abc27ee2e83.png?w=747&amp;ssl=1 747w\" sizes=\"auto, (max-width: 300px) 100vw, 300px\" \/><\/p>\n<p>&nbsp;<\/p>\n<p class=\"product-technical-specs__list-title has-text-ternary is-uppercase is-size-4-tablet is-size-6-mobile has-text-weight-bold mb-4-mobile mb-4 mt-5-mobile mt-5 pt-4-mobile pt-4\"><strong>\u00c9CRAN<\/strong> : <span style=\"color: #333333; font-size: 14.4px;\">Taille de l&#8217;\u00e9cran <\/span><span style=\"color: #333333; font-size: 14.4px;\">6.7 pouces <\/span><span style=\"color: #333333; font-size: 14.4px;\">D\u00e9finition <\/span><span style=\"color: #333333; font-size: 14.4px;\">2636 x 1080 pixels <\/span><span style=\"color: #333333; font-size: 14.4px;\">Dalle <\/span><span style=\"color: #333333; font-size: 14.4px;\">Super AMOLED <\/span><span style=\"color: #333333; font-size: 14.4px;\">Fr\u00e9quence d&#8217;affichage <\/span><span style=\"color: #333333; font-size: 14.4px;\">60 Hz <\/span><span style=\"color: #333333; font-size: 14.4px;\">DPI <\/span><span style=\"color: #333333; font-size: 14.4px;\">425 ppp<\/span><\/p>\n<p class=\"product-technical-specs__list-title has-text-ternary is-uppercase is-size-4-tablet is-size-6-mobile has-text-weight-bold mb-4-mobile mb-4 mt-5-mobile mt-5 pt-4-mobile pt-4\"><strong>STOCKAGE<\/strong> ; <span style=\"color: #333333; font-size: 14.4px;\">M\u00e9moire <\/span><span style=\"color: #333333; font-size: 14.4px;\">256 Go <\/span><span style=\"color: #333333; font-size: 14.4px;\">Stockage extensible <\/span><span style=\"color: #333333; font-size: 14.4px;\">Non <\/span><span style=\"color: #333333; font-size: 14.4px;\">OTG <\/span><span style=\"color: #333333; font-size: 14.4px;\">Oui<\/span><\/p>\n<p class=\"product-technical-specs__list-title has-text-ternary is-uppercase is-size-4-tablet is-size-6-mobile has-text-weight-bold mb-4-mobile mb-4 mt-5-mobile mt-5 pt-4-mobile pt-4\"><strong>PERFORMANCE<\/strong> : <span style=\"color: #333333; font-size: 14.4px;\">Processeur <\/span><span style=\"color: #333333; font-size: 14.4px;\">Snapdragon 855 Plus <\/span><span style=\"color: #333333; font-size: 14.4px;\">RAM <\/span><span style=\"color: #333333; font-size: 14.4px;\">8 Go <\/span><span style=\"color: #333333; font-size: 14.4px;\">Fabricant du processeur <\/span><span style=\"color: #333333; font-size: 14.4px;\">Qualcomm <\/span><span style=\"color: #333333; font-size: 14.4px;\">Carte Graphique <\/span><span style=\"color: #333333; font-size: 14.4px;\">Qualcomm Adreno 640 <\/span><span style=\"color: #333333; font-size: 14.4px;\">Fr\u00e9quence du processeur <\/span><span style=\"color: #333333; font-size: 14.4px;\">2.96 GHz <\/span><span style=\"color: #333333; font-size: 14.4px;\">CPU<\/span><span style=\"color: #333333; font-size: 14.4px;\">\u00a0Octa-Core <\/span><span style=\"color: #333333; font-size: 14.4px;\">Finesse de gravure <\/span><span style=\"color: #333333; font-size: 14.4px;\">7 nm<\/span><\/p>\n<p class=\"product-technical-specs__list-title has-text-ternary is-uppercase is-size-4-tablet is-size-6-mobile has-text-weight-bold mb-4-mobile mb-4 mt-5-mobile mt-5 pt-4-mobile pt-4\"><strong>AUDIO<\/strong> <span style=\"color: #333333; font-size: 14.4px;\">Nombre de haut-parleurs <\/span><span style=\"color: #333333; font-size: 14.4px;\">2<\/span><\/p>\n<p class=\"product-technical-specs__list-title has-text-ternary is-uppercase is-size-4-tablet is-size-6-mobile has-text-weight-bold mb-4-mobile mb-4 mt-5-mobile mt-5 pt-4-mobile pt-4\"><strong>BATTERIE<\/strong> : <span style=\"color: #333333; font-size: 14.4px;\">Capacit\u00e9 <\/span><span style=\"color: #333333; font-size: 14.4px;\">3300 mAh <\/span><span style=\"color: #333333; font-size: 14.4px;\">Technologie de la batterie <\/span><span style=\"color: #333333; font-size: 14.4px;\">Li-Po <\/span><span style=\"color: #333333; font-size: 14.4px;\">Batterie amovible N<\/span><span style=\"color: #333333; font-size: 14.4px;\">on <\/span><span style=\"color: #333333; font-size: 14.4px;\">Chargement sans fil O<\/span><span style=\"color: #333333; font-size: 14.4px;\">ui\u00a0 <\/span><span style=\"color: #333333; font-size: 14.4px;\">Charge rapide O<\/span><span style=\"color: #333333; font-size: 14.4px;\">ui <\/span><span style=\"color: #333333; font-size: 14.4px;\">Puissance de la charge rapide <\/span><span style=\"color: #333333; font-size: 14.4px;\">15 watts<\/span><\/p>\n<p><img data-recalc-dims=\"1\" loading=\"lazy\" decoding=\"async\" class=\"alignnone size-medium wp-image-97\" src=\"https:\/\/i0.wp.com\/ikasougou.com\/samsung\/wp-content\/uploads\/sites\/113\/2023\/01\/Samsung-Galaxy-Z-Flip-600x600-1.jpeg?resize=300%2C300&#038;ssl=1\" alt=\"\" width=\"300\" height=\"300\" srcset=\"https:\/\/i0.wp.com\/ikasougou.com\/samsung\/wp-content\/uploads\/sites\/113\/2023\/01\/Samsung-Galaxy-Z-Flip-600x600-1.jpeg?resize=300%2C300&amp;ssl=1 300w, https:\/\/i0.wp.com\/ikasougou.com\/samsung\/wp-content\/uploads\/sites\/113\/2023\/01\/Samsung-Galaxy-Z-Flip-600x600-1.jpeg?resize=150%2C150&amp;ssl=1 150w, https:\/\/i0.wp.com\/ikasougou.com\/samsung\/wp-content\/uploads\/sites\/113\/2023\/01\/Samsung-Galaxy-Z-Flip-600x600-1.jpeg?resize=100%2C100&amp;ssl=1 100w, https:\/\/i0.wp.com\/ikasougou.com\/samsung\/wp-content\/uploads\/sites\/113\/2023\/01\/Samsung-Galaxy-Z-Flip-600x600-1.jpeg?w=600&amp;ssl=1 600w\" sizes=\"auto, (max-width: 300px) 100vw, 300px\" \/><\/p>\n<p class=\"product-technical-specs__list-title has-text-ternary is-uppercase is-size-4-tablet is-size-6-mobile has-text-weight-bold mb-4-mobile mb-4 mt-5-mobile mt-5 pt-4-mobile pt-4\"><strong>AFFICHAGE : <\/strong><span style=\"color: #333333; font-size: 14.4px;\">HDR <\/span><span style=\"color: #333333; font-size: 14.4px;\">HDR10+<\/span><\/p>\n<p class=\"product-technical-specs__list-title has-text-ternary is-uppercase is-size-4-tablet is-size-6-mobile has-text-weight-bold mb-4-mobile mb-4 mt-5-mobile mt-5 pt-4-mobile pt-4\"><strong>SYST\u00c8ME D&#8217;EXPLOITATION (OS)<\/strong> : <span style=\"color: #333333; font-size: 14.4px;\">Syst\u00e8me d&#8217;exploitation <\/span><span style=\"color: #333333; font-size: 14.4px;\">Android <\/span><span style=\"color: #333333; font-size: 14.4px;\">Version du syst\u00e8me d&#8217;exploitation (OS) <\/span><span style=\"color: #333333; font-size: 14.4px;\">Android 10 Q <\/span><span style=\"color: #333333; font-size: 14.4px;\">Interface Android <\/span><span style=\"color: #333333; font-size: 14.4px;\">Samsung One UI <\/span><span style=\"color: #333333; font-size: 14.4px;\">Assistant <\/span><span style=\"color: #333333; font-size: 14.4px;\">Google Assistant, Samsung Bixby<\/span><\/p>\n<p class=\"product-technical-specs__list-title has-text-ternary is-uppercase is-size-4-tablet is-size-6-mobile has-text-weight-bold mb-4-mobile mb-4 mt-5-mobile mt-5 pt-4-mobile pt-4\"><strong>APPAREIL PHOTO : <\/strong><span style=\"color: #333333; font-size: 14.4px;\">Cam\u00e9ra <\/span><span style=\"color: #333333; font-size: 14.4px;\">12 Mpx, 12 Mpx <\/span><span style=\"color: #333333; font-size: 14.4px;\">Nombre de capteurs (arri\u00e8re et avant) <\/span><span style=\"color: #333333; font-size: 14.4px;\">3 <\/span><span style=\"color: #333333; font-size: 14.4px;\">Capteur LIDAR <\/span><span style=\"color: #333333; font-size: 14.4px;\">Inconnu <\/span><span style=\"color: #333333; font-size: 14.4px;\">Capteur ToF <\/span><span style=\"color: #333333; font-size: 14.4px;\">Inconnu <\/span><span style=\"color: #333333; font-size: 14.4px;\">f\/1.8 <\/span><span style=\"color: #333333; font-size: 14.4px;\">Ouverture second objectif photo <\/span><span style=\"color: #333333; font-size: 14.4px;\">f\/2.2 <\/span><span style=\"color: #333333; font-size: 14.4px;\">Capteur photo frontal <\/span><span style=\"color: #333333; font-size: 14.4px;\">10 Mpx<\/span><\/p>\n<p><img data-recalc-dims=\"1\" loading=\"lazy\" decoding=\"async\" class=\"alignnone size-medium wp-image-98\" src=\"https:\/\/i0.wp.com\/ikasougou.com\/samsung\/wp-content\/uploads\/sites\/113\/2023\/01\/samsung-galaxy-z-flip-frandroid-2020-768x768-1.png?resize=300%2C300&#038;ssl=1\" alt=\"\" width=\"300\" height=\"300\" srcset=\"https:\/\/i0.wp.com\/ikasougou.com\/samsung\/wp-content\/uploads\/sites\/113\/2023\/01\/samsung-galaxy-z-flip-frandroid-2020-768x768-1.png?resize=300%2C300&amp;ssl=1 300w, https:\/\/i0.wp.com\/ikasougou.com\/samsung\/wp-content\/uploads\/sites\/113\/2023\/01\/samsung-galaxy-z-flip-frandroid-2020-768x768-1.png?resize=150%2C150&amp;ssl=1 150w, https:\/\/i0.wp.com\/ikasougou.com\/samsung\/wp-content\/uploads\/sites\/113\/2023\/01\/samsung-galaxy-z-flip-frandroid-2020-768x768-1.png?resize=100%2C100&amp;ssl=1 100w, https:\/\/i0.wp.com\/ikasougou.com\/samsung\/wp-content\/uploads\/sites\/113\/2023\/01\/samsung-galaxy-z-flip-frandroid-2020-768x768-1.png?w=580&amp;ssl=1 580w\" sizes=\"auto, (max-width: 300px) 100vw, 300px\" \/><\/p>\n<p class=\"product-technical-specs__list-title has-text-ternary is-uppercase is-size-4-tablet is-size-6-mobile has-text-weight-bold mb-4-mobile mb-4 mt-5-mobile mt-5 pt-4-mobile pt-4\"><strong>R\u00c9SEAU: <\/strong><span style=\"color: #333333; font-size: 14.4px;\">Type de SIM <\/span><span style=\"color: #333333; font-size: 14.4px;\">nano SIM <\/span><span style=\"color: #333333; font-size: 14.4px;\">Compatibilit\u00e9 double SIM <\/span><span style=\"color: #333333; font-size: 14.4px;\">Non <\/span><span style=\"color: #333333; font-size: 14.4px;\">Compatibilit\u00e9 4G <\/span><span style=\"color: #333333; font-size: 14.4px;\">Oui <\/span><span style=\"color: #333333; font-size: 14.4px;\">Bandes 4G support\u00e9es <\/span><span style=\"color: #333333; font-size: 14.4px;\">2100 MHz (B1), 800 MHz (B20), 1800 MHz (B3), 2600 MHz (B7), 700 MHz (B28)\u00a0 <\/span><span style=\"color: #333333; font-size: 14.4px;\">Cat\u00e9gorie 4G\u00a0 <\/span><span style=\"color: #333333; font-size: 14.4px;\">Cat\u00e9gorie 20 <\/span><span style=\"color: #333333; font-size: 14.4px;\">Compatibilit\u00e9 5G <\/span><span style=\"color: #333333; font-size: 14.4px;\">Non <\/span><span style=\"color: #333333; font-size: 14.4px;\">VoLTE <\/span><span style=\"color: #333333; font-size: 14.4px;\">Oui<\/span><\/p>\n<p class=\"product-technical-specs__list-title has-text-ternary is-uppercase is-size-4-tablet is-size-6-mobile has-text-weight-bold mb-4-mobile mb-4 mt-5-mobile mt-5 pt-4-mobile pt-4\"><strong>CONNECTIVIT\u00c9:\u00a0 <\/strong><span style=\"color: #333333; font-size: 14.4px;\">Norme Wi-Fi <\/span><span style=\"color: #333333; font-size: 14.4px;\">Wi-Fi 6 (ax) <\/span><span style=\"color: #333333; font-size: 14.4px;\">Version du Bluetooth <\/span><span style=\"color: #333333; font-size: 14.4px;\">5.0 <\/span><span style=\"color: #333333; font-size: 14.4px;\">NFC <\/span><span style=\"color: #333333; font-size: 14.4px;\">Oui <\/span><span style=\"color: #333333; font-size: 14.4px;\">Version USB <\/span><span style=\"color: #333333; font-size: 14.4px;\">3.1 <\/span><span style=\"color: #333333; font-size: 14.4px;\">Prise jack <\/span><span style=\"color: #333333; font-size: 14.4px;\">Non <\/span><span style=\"color: #333333; font-size: 14.4px;\">Type de connecteur <\/span><span style=\"color: #333333; font-size: 14.4px;\">USB Type-C <\/span><span style=\"color: #333333; font-size: 14.4px;\">GPS <\/span><span style=\"color: #333333; font-size: 14.4px;\">Oui<\/span><\/p>\n<p><img data-recalc-dims=\"1\" loading=\"lazy\" decoding=\"async\" class=\"alignnone size-medium wp-image-100\" src=\"https:\/\/i0.wp.com\/ikasougou.com\/samsung\/wp-content\/uploads\/sites\/113\/2023\/01\/zflip_600x.png?resize=300%2C300&#038;ssl=1\" alt=\"\" width=\"300\" height=\"300\" srcset=\"https:\/\/i0.wp.com\/ikasougou.com\/samsung\/wp-content\/uploads\/sites\/113\/2023\/01\/zflip_600x.png?resize=300%2C300&amp;ssl=1 300w, https:\/\/i0.wp.com\/ikasougou.com\/samsung\/wp-content\/uploads\/sites\/113\/2023\/01\/zflip_600x.png?resize=150%2C150&amp;ssl=1 150w, https:\/\/i0.wp.com\/ikasougou.com\/samsung\/wp-content\/uploads\/sites\/113\/2023\/01\/zflip_600x.png?resize=100%2C100&amp;ssl=1 100w, https:\/\/i0.wp.com\/ikasougou.com\/samsung\/wp-content\/uploads\/sites\/113\/2023\/01\/zflip_600x.png?w=600&amp;ssl=1 600w\" sizes=\"auto, (max-width: 300px) 100vw, 300px\" \/><\/p>\n<p class=\"product-technical-specs__list-title has-text-ternary is-uppercase is-size-4-tablet is-size-6-mobile has-text-weight-bold mb-4-mobile mb-4 mt-5-mobile mt-5 pt-4-mobile pt-4\"><strong>CAPTEURS :\u00a0 <\/strong><span style=\"color: #333333; font-size: 14.4px;\">Capteur d&#8217;empreinte digitale <\/span><span style=\"color: #333333; font-size: 14.4px;\">Oui <\/span><span style=\"color: #333333; font-size: 14.4px;\">Acc\u00e9l\u00e9rom\u00e8tre et Boussole \u00e9lectronique <\/span><span style=\"color: #333333; font-size: 14.4px;\">Oui <\/span><span style=\"color: #333333; font-size: 14.4px;\">Gyroscope <\/span><span style=\"color: #333333; font-size: 14.4px;\">Oui <\/span><span style=\"color: #333333; font-size: 14.4px;\">Infrarouge <\/span><span style=\"color: #333333; font-size: 14.4px;\">Non <\/span><span style=\"color: #333333; font-size: 14.4px;\">Capteur de lumi\u00e8re ambiante <\/span><span style=\"color: #333333; font-size: 14.4px;\">Oui<\/span><\/p>\n<p class=\"product-technical-specs__list-title has-text-ternary is-uppercase is-size-4-tablet is-size-6-mobile has-text-weight-bold mb-4-mobile mb-4 mt-5-mobile mt-5 pt-4-mobile pt-4\"><strong>POIDS ET DIMENSIONS :\u00a0 <\/strong><span style=\"color: #333333; font-size: 14.4px;\">Poids <\/span><span style=\"color: #333333; font-size: 14.4px;\">183 grammes <\/span><span style=\"color: #333333; font-size: 14.4px;\">Epaisseur <\/span><span style=\"color: #333333; font-size: 14.4px;\">7.2 mm <\/span><span style=\"color: #333333; font-size: 14.4px;\">Largeur <\/span><span style=\"color: #333333; font-size: 14.4px;\">73.6 mm <\/span><span style=\"color: #333333; font-size: 14.4px;\">Hauteur <\/span><span style=\"color: #333333; font-size: 14.4px;\">167.3 mm<\/span><\/p>\n<p class=\"product-technical-specs__list-title has-text-ternary is-uppercase is-size-4-tablet is-size-6-mobile has-text-weight-bold mb-4-mobile mb-4 mt-5-mobile mt-5 pt-4-mobile pt-4\"><strong>DIVERS : <\/strong><span style=\"color: #333333; font-size: 14.4px;\">Famille <\/span><span style=\"color: #333333; font-size: 14.4px;\">Samsung Galaxy Z <\/span><span style=\"color: #333333; font-size: 14.4px;\">Couleur <\/span><span style=\"color: #333333; font-size: 14.4px;\">Noir, Violet <\/span><span style=\"color: #333333; font-size: 14.4px;\">Apparence <\/span><span style=\"color: #333333; font-size: 14.4px;\">Verre <\/span><span style=\"color: #333333; font-size: 14.4px;\">Date de sortie <\/span><span style=\"color: #333333; font-size: 14.4px;\">14\/02\/2020 <\/span><span style=\"color: #333333; font-size: 14.4px;\">Clavier complet <\/span><span style=\"color: #333333; font-size: 14.4px;\">Non <\/span><span style=\"color: #333333; font-size: 14.4px;\">\u00c9tanche <\/span><span style=\"color: #333333; font-size: 14.4px;\">Non<\/span><\/p>\n<p><img data-recalc-dims=\"1\" loading=\"lazy\" decoding=\"async\" class=\"alignnone size-medium wp-image-99\" src=\"https:\/\/i0.wp.com\/ikasougou.com\/samsung\/wp-content\/uploads\/sites\/113\/2023\/01\/1.png?resize=300%2C202&#038;ssl=1\" alt=\"\" width=\"300\" height=\"202\" srcset=\"https:\/\/i0.wp.com\/ikasougou.com\/samsung\/wp-content\/uploads\/sites\/113\/2023\/01\/1.png?resize=300%2C202&amp;ssl=1 300w, https:\/\/i0.wp.com\/ikasougou.com\/samsung\/wp-content\/uploads\/sites\/113\/2023\/01\/1.png?w=550&amp;ssl=1 550w\" sizes=\"auto, (max-width: 300px) 100vw, 300px\" \/><\/p>\n<div style=\"display:flex; gap:10px;justify-content:center\" class=\"wps-pgfw-pdf-generate-icon__wrapper-frontend\">\n\t\t<a  href=\"https:\/\/ikasougou.com\/samsung\/wp-json\/wp\/v2\/product\/95?action=genpdf&amp;id=95\" class=\"pgfw-single-pdf-download-button\" ><img src=\"https:\/\/ikasougou.com\/samsung\/wp-content\/plugins\/pdf-generator-for-wp\/admin\/src\/images\/PDF_Tray.svg\" title=\"G\u00e9n\u00e9rer un PDF\" style=\"width:auto; height:45px;\"><\/a>\n\t\t<\/div>","protected":false},"excerpt":{"rendered":"<p>Le Samsung Galaxy Z Flip est un smartphone pliable haut de gamme de Samsung annonc\u00e9 en f\u00e9vrier 2020. Deuxi\u00e8me it\u00e9ration du smartphone pliable vu par Samsung apr\u00e8s le Galaxy Fold, il est \u00e9quip\u00e9 d&#8217;un \u00e9cran AMOLED de 6,7 pouces certifi\u00e9 HDR10+ qui se replie sur lui-m\u00eame. Il dispose \u00e9galement d&#8217;un double capteur photo polyvalent avec [&#8230;]\n","protected":false},"featured_media":100,"comment_status":"open","ping_status":"closed","template":"","meta":[],"product_brand":[],"product_cat":[19,29,39,30],"product_tag":[49,48],"class_list":{"0":"post-95","1":"product","2":"type-product","3":"status-publish","4":"has-post-thumbnail","6":"product_cat-galaxy-z","7":"product_cat-high-tech","8":"product_cat-samsung","9":"product_cat-telephones-tablettes","10":"product_tag-samsung-galaxy-z-flip","11":"product_tag-samsung-galaxy-z-flip-256gb-8gb-ram","13":"first","14":"instock","15":"shipping-taxable","16":"purchasable","17":"product-type-simple"},"ams_default_variation_id":0,"ams_product_points_reward":[],"ams_product_discount_percentage":0,"ams_price_to_display":525000,"aioseo_notices":[],"ams_acf":[],"jetpack-related-posts":[],"jetpack_sharing_enabled":true,"_links":{"self":[{"href":"https:\/\/ikasougou.com\/samsung\/wp-json\/wp\/v2\/product\/95","targetHints":{"allow":["GET"]}}],"collection":[{"href":"https:\/\/ikasougou.com\/samsung\/wp-json\/wp\/v2\/product"}],"about":[{"href":"https:\/\/ikasougou.com\/samsung\/wp-json\/wp\/v2\/types\/product"}],"replies":[{"embeddable":true,"href":"https:\/\/ikasougou.com\/samsung\/wp-json\/wp\/v2\/comments?post=95"}],"wp:featuredmedia":[{"embeddable":true,"href":"https:\/\/ikasougou.com\/samsung\/wp-json\/wp\/v2\/media\/100"}],"wp:attachment":[{"href":"https:\/\/ikasougou.com\/samsung\/wp-json\/wp\/v2\/media?parent=95"}],"wp:term":[{"taxonomy":"product_brand","embeddable":true,"href":"https:\/\/ikasougou.com\/samsung\/wp-json\/wp\/v2\/product_brand?post=95"},{"taxonomy":"product_cat","embeddable":true,"href":"https:\/\/ikasougou.com\/samsung\/wp-json\/wp\/v2\/product_cat?post=95"},{"taxonomy":"product_tag","embeddable":true,"href":"https:\/\/ikasougou.com\/samsung\/wp-json\/wp\/v2\/product_tag?post=95"}],"curies":[{"name":"wp","href":"https:\/\/api.w.org\/{rel}","templated":true}]}}