{"id":19,"date":"2021-12-27T14:13:41","date_gmt":"2021-12-27T13:13:41","guid":{"rendered":"https:\/\/ikasougou.com\/smb\/?post_type=product&#038;p=19"},"modified":"2022-02-04T10:57:49","modified_gmt":"2022-02-04T09:57:49","slug":"extra-orange-12-bouteilles","status":"publish","type":"product","link":"https:\/\/ikasougou.com\/smb\/produit\/extra-orange-12-bouteilles\/","title":{"rendered":"Extra Orange 12 Bouteilles"},"content":{"rendered":"<p>Vitamin\u00e9e, aromatis\u00e9e \u00e0 l\u2019orange, Extra Orange est la boisson p\u00e9tillante qui vous apporte rafra\u00eechissement et douceur au quotidien !<br \/>\n\u00c0 d\u00e9guster frais.<\/p>\n<div style=\"display:flex; gap:10px;justify-content:center\" class=\"wps-pgfw-pdf-generate-icon__wrapper-frontend\">\n\t\t<a  href=\"https:\/\/ikasougou.com\/smb\/wp-json\/wp\/v2\/product\/19?action=genpdf&amp;id=19\" class=\"pgfw-single-pdf-download-button\" ><img src=\"https:\/\/ikasougou.com\/smb\/wp-content\/plugins\/pdf-generator-for-wp\/admin\/src\/images\/PDF_Tray.svg\" title=\"G\u00e9n\u00e9rer un PDF\" style=\"width:auto; height:45px;\"><\/a>\n\t\t<\/div>","protected":false},"excerpt":{"rendered":"<p>Vitamin\u00e9e, aromatis\u00e9e \u00e0 l\u2019orange, Extra Orange est la boisson p\u00e9tillante qui vous apporte rafra\u00eechissement et douceur au quotidien !<\/p>\n","protected":false},"featured_media":20,"comment_status":"open","ping_status":"closed","template":"","meta":{"jetpack_publicize_message":"","jetpack_publicize_feature_enabled":true,"jetpack_social_post_already_shared":false,"jetpack_social_options":{"image_generator_settings":{"template":"highway","default_image_id":0,"font":"","enabled":false},"version":2}},"product_brand":[],"product_cat":[16],"product_tag":[23,24],"class_list":{"0":"post-19","1":"product","2":"type-product","3":"status-publish","4":"has-post-thumbnail","6":"product_cat-boissons","7":"product_tag-aromatisee","8":"product_tag-orange","10":"first","11":"instock","12":"shipping-taxable","13":"purchasable","14":"product-type-simple"},"ams_default_variation_id":0,"ams_product_points_reward":[],"ams_product_discount_percentage":0,"ams_price_to_display":2000,"aioseo_notices":[],"ams_acf":[],"jetpack_publicize_connections":[],"jetpack-related-posts":[],"jetpack_sharing_enabled":true,"_links":{"self":[{"href":"https:\/\/ikasougou.com\/smb\/wp-json\/wp\/v2\/product\/19","targetHints":{"allow":["GET"]}}],"collection":[{"href":"https:\/\/ikasougou.com\/smb\/wp-json\/wp\/v2\/product"}],"about":[{"href":"https:\/\/ikasougou.com\/smb\/wp-json\/wp\/v2\/types\/product"}],"replies":[{"embeddable":true,"href":"https:\/\/ikasougou.com\/smb\/wp-json\/wp\/v2\/comments?post=19"}],"wp:featuredmedia":[{"embeddable":true,"href":"https:\/\/ikasougou.com\/smb\/wp-json\/wp\/v2\/media\/20"}],"wp:attachment":[{"href":"https:\/\/ikasougou.com\/smb\/wp-json\/wp\/v2\/media?parent=19"}],"wp:term":[{"taxonomy":"product_brand","embeddable":true,"href":"https:\/\/ikasougou.com\/smb\/wp-json\/wp\/v2\/product_brand?post=19"},{"taxonomy":"product_cat","embeddable":true,"href":"https:\/\/ikasougou.com\/smb\/wp-json\/wp\/v2\/product_cat?post=19"},{"taxonomy":"product_tag","embeddable":true,"href":"https:\/\/ikasougou.com\/smb\/wp-json\/wp\/v2\/product_tag?post=19"}],"curies":[{"name":"wp","href":"https:\/\/api.w.org\/{rel}","templated":true}]}}