{"id":148,"date":"2021-06-17T13:36:16","date_gmt":"2021-06-17T11:36:16","guid":{"rendered":"https:\/\/ikasougou.com\/supermarchekane\/?post_type=product&#038;p=148"},"modified":"2021-06-17T13:36:17","modified_gmt":"2021-06-17T11:36:17","slug":"ira-jus-dananas","status":"publish","type":"product","link":"https:\/\/ikasougou.com\/supermarchekane\/produit\/ira-jus-dananas\/","title":{"rendered":"IRA Jus d&#8217;Ananas"},"content":{"rendered":"<p>100% pur et naturel sans ajout d\u2019eau, de sucre, de colorants, de conservateur ni d\u2019aucun produit chimique.<\/p>\n<h4 class=\"mt-4\">Constituants Nutritives<\/h4>\n<p>Fructose\u00a0: sucre naturel constituant une source d\u2019\u00e9nergie musculaire; Sel potassique\u00a0: sel naturel ayant un effet positif sur le c\u0153ur et r\u00e9gule la tension art\u00e9rielle; Vitamine A\u00a0: am\u00e9liore la vue; B1\u00a0: transforme instantan\u00e9ment le glucide en \u00e9nergie; Brom\u00e9line\u00a0: permet de booster la digestion et lutte contre les troubles digestifs, elle est utilis\u00e9e dans la lutte contre le cancer et fonctionne plus qu\u2019une chimioth\u00e9rapie, c\u2019est aussi un antiparasites et un excellent vermifuge.<\/p>\n<div style=\"display:flex; gap:10px;justify-content:center\" class=\"wps-pgfw-pdf-generate-icon__wrapper-frontend\">\n\t\t<a  href=\"https:\/\/ikasougou.com\/supermarchekane\/wp-json\/wp\/v2\/product\/148?action=genpdf&amp;id=148\" class=\"pgfw-single-pdf-download-button\" ><img src=\"https:\/\/ikasougou.com\/supermarchekane\/wp-content\/plugins\/pdf-generator-for-wp\/admin\/src\/images\/PDF_Tray.svg\" title=\"G\u00e9n\u00e9rer un PDF\" style=\"width:auto; height:45px;\"><\/a>\n\t\t<\/div>","protected":false},"excerpt":{"rendered":"<p>100% pur et naturel sans ajout d\u2019eau, de sucre, de colorants, de conservateur ni d\u2019aucun produit chimique. Constituants Nutritives Fructose\u00a0: sucre naturel constituant une source d\u2019\u00e9nergie musculaire; Sel potassique\u00a0: sel naturel ayant un effet positif sur le c\u0153ur et r\u00e9gule la tension art\u00e9rielle; Vitamine A\u00a0: am\u00e9liore la vue; B1\u00a0: transforme instantan\u00e9ment le glucide en \u00e9nergie; [&#8230;]\n","protected":false},"featured_media":150,"comment_status":"open","ping_status":"closed","template":"","meta":[],"product_brand":[],"product_cat":[16,74],"product_tag":[30,41,101,87,31,49],"class_list":{"0":"post-148","1":"product","2":"type-product","3":"status-publish","4":"has-post-thumbnail","6":"product_cat-alimentaires","7":"product_cat-fruits-legumes","8":"product_tag-bamako","9":"product_tag-ikasougou","10":"product_tag-ira","11":"product_tag-jus-dananas","12":"product_tag-mali","13":"product_tag-supermarchekane","15":"first","16":"instock","17":"shipping-taxable","18":"purchasable","19":"product-type-simple"},"ams_default_variation_id":0,"ams_product_points_reward":[],"ams_product_discount_percentage":0,"ams_price_to_display":500,"aioseo_notices":[],"ams_acf":[],"_links":{"self":[{"href":"https:\/\/ikasougou.com\/supermarchekane\/wp-json\/wp\/v2\/product\/148","targetHints":{"allow":["GET"]}}],"collection":[{"href":"https:\/\/ikasougou.com\/supermarchekane\/wp-json\/wp\/v2\/product"}],"about":[{"href":"https:\/\/ikasougou.com\/supermarchekane\/wp-json\/wp\/v2\/types\/product"}],"replies":[{"embeddable":true,"href":"https:\/\/ikasougou.com\/supermarchekane\/wp-json\/wp\/v2\/comments?post=148"}],"wp:featuredmedia":[{"embeddable":true,"href":"https:\/\/ikasougou.com\/supermarchekane\/wp-json\/wp\/v2\/media\/150"}],"wp:attachment":[{"href":"https:\/\/ikasougou.com\/supermarchekane\/wp-json\/wp\/v2\/media?parent=148"}],"wp:term":[{"taxonomy":"product_brand","embeddable":true,"href":"https:\/\/ikasougou.com\/supermarchekane\/wp-json\/wp\/v2\/product_brand?post=148"},{"taxonomy":"product_cat","embeddable":true,"href":"https:\/\/ikasougou.com\/supermarchekane\/wp-json\/wp\/v2\/product_cat?post=148"},{"taxonomy":"product_tag","embeddable":true,"href":"https:\/\/ikasougou.com\/supermarchekane\/wp-json\/wp\/v2\/product_tag?post=148"}],"curies":[{"name":"wp","href":"https:\/\/api.w.org\/{rel}","templated":true}]}}