{"id":482,"date":"2024-12-17T17:59:50","date_gmt":"2024-12-17T16:59:50","guid":{"rendered":"https:\/\/ikasougou.com\/tvsmotors\/?post_type=product&#038;p=482"},"modified":"2024-12-17T18:19:39","modified_gmt":"2024-12-17T17:19:39","slug":"jupiter-110","status":"publish","type":"product","link":"https:\/\/ikasougou.com\/tvsmotors\/produit\/jupiter-110\/","title":{"rendered":"Jupiter 110"},"content":{"rendered":"<div class=\"paragraph normal ng-star-inserted\" data-start-index=\"130\"><span class=\"ng-star-inserted\" data-start-index=\"130\">Le <\/span><span class=\"bold ng-star-inserted\" data-start-index=\"133\">TVS Jupiter 110<\/span><span class=\"ng-star-inserted\" data-start-index=\"148\"> est plus qu&#8217;un simple scooter ; c&#8217;est un compagnon de confiance pour plus de 6,5 millions d&#8217;Indiens depuis plus d&#8217;une d\u00e9cennie<\/span><span class=\"ng-star-inserted\" data-start-index=\"275\">. Il incarne le progr\u00e8s, la croissance personnelle et un esprit de &#8220;PLUS&#8221;<\/span><span class=\"ng-star-inserted\" data-start-index=\"348\">. Con\u00e7u pour r\u00e9pondre aux besoins de toute la famille, chaque aspect du nouveau Jupiter est \u00e9labor\u00e9 pour am\u00e9liorer l&#8217;exp\u00e9rience de conduite<\/span><span class=\"ng-star-inserted\" data-start-index=\"487\">.<\/span><\/div>\n<div class=\"paragraph normal ng-star-inserted\" data-start-index=\"488\"><span class=\"bold ng-star-inserted\" data-start-index=\"488\">Caract\u00e9ristiques principales\u00a0:<\/span><\/div>\n<div class=\"bullet normal ng-star-inserted\">\u25cf<img data-recalc-dims=\"1\" loading=\"lazy\" decoding=\"async\" class=\"alignnone size-medium wp-image-487\" src=\"https:\/\/i0.wp.com\/ikasougou.com\/tvsmotors\/wp-content\/uploads\/sites\/112\/2024\/12\/990x600.png?resize=300%2C182&#038;ssl=1\" alt=\"\" width=\"300\" height=\"182\" srcset=\"https:\/\/i0.wp.com\/ikasougou.com\/tvsmotors\/wp-content\/uploads\/sites\/112\/2024\/12\/990x600.png?resize=300%2C182&amp;ssl=1 300w, https:\/\/i0.wp.com\/ikasougou.com\/tvsmotors\/wp-content\/uploads\/sites\/112\/2024\/12\/990x600.png?resize=768%2C465&amp;ssl=1 768w, https:\/\/i0.wp.com\/ikasougou.com\/tvsmotors\/wp-content\/uploads\/sites\/112\/2024\/12\/990x600.png?w=990&amp;ssl=1 990w\" sizes=\"auto, (max-width: 300px) 100vw, 300px\" \/><\/div>\n<div class=\"paragraph normal ng-star-inserted\" data-start-index=\"518\"><span class=\"bold ng-star-inserted\" data-start-index=\"518\">Polyvalence et confort\u00a0:<\/span><span class=\"ng-star-inserted\" data-start-index=\"542\"> Le TVS Jupiter 110 est con\u00e7u pour offrir <\/span><span class=\"bold ng-star-inserted\" data-start-index=\"584\">plus de style, plus de kilom\u00e9trage, plus de performance, plus de confort, plus de commodit\u00e9 et plus de s\u00e9curit\u00e9<\/span><span class=\"ng-star-inserted\" data-start-index=\"695\">. Il est adapt\u00e9 \u00e0 tous les types de conducteurs gr\u00e2ce \u00e0 une <\/span><span class=\"bold ng-star-inserted\" data-start-index=\"755\">selle longue<\/span><span class=\"ng-star-inserted\" data-start-index=\"767\">, offrant un confort exceptionnel \u00e0 chaque trajet<\/span><span class=\"ng-star-inserted\" data-start-index=\"816\">. La position de conduite est optimis\u00e9e pour un confort maximal, tant pour le conducteur que pour le passager<\/span><span class=\"ng-star-inserted\" data-start-index=\"925\">.<\/span><\/div>\n<div class=\"bullet normal ng-star-inserted\">\u25cf<img data-recalc-dims=\"1\" loading=\"lazy\" decoding=\"async\" class=\"alignnone size-medium wp-image-484\" src=\"https:\/\/i0.wp.com\/ikasougou.com\/tvsmotors\/wp-content\/uploads\/sites\/112\/2024\/12\/Price-533x541-1.png?resize=296%2C300&#038;ssl=1\" alt=\"\" width=\"296\" height=\"300\" srcset=\"https:\/\/i0.wp.com\/ikasougou.com\/tvsmotors\/wp-content\/uploads\/sites\/112\/2024\/12\/Price-533x541-1.png?resize=296%2C300&amp;ssl=1 296w, https:\/\/i0.wp.com\/ikasougou.com\/tvsmotors\/wp-content\/uploads\/sites\/112\/2024\/12\/Price-533x541-1.png?resize=100%2C100&amp;ssl=1 100w, https:\/\/i0.wp.com\/ikasougou.com\/tvsmotors\/wp-content\/uploads\/sites\/112\/2024\/12\/Price-533x541-1.png?w=533&amp;ssl=1 533w\" sizes=\"auto, (max-width: 296px) 100vw, 296px\" \/> <img data-recalc-dims=\"1\" loading=\"lazy\" decoding=\"async\" class=\"alignnone size-medium wp-image-483\" src=\"https:\/\/i0.wp.com\/ikasougou.com\/tvsmotors\/wp-content\/uploads\/sites\/112\/2024\/12\/image1.png?resize=300%2C200&#038;ssl=1\" alt=\"\" width=\"300\" height=\"200\" srcset=\"https:\/\/i0.wp.com\/ikasougou.com\/tvsmotors\/wp-content\/uploads\/sites\/112\/2024\/12\/image1.png?resize=300%2C200&amp;ssl=1 300w, https:\/\/i0.wp.com\/ikasougou.com\/tvsmotors\/wp-content\/uploads\/sites\/112\/2024\/12\/image1.png?resize=768%2C512&amp;ssl=1 768w, https:\/\/i0.wp.com\/ikasougou.com\/tvsmotors\/wp-content\/uploads\/sites\/112\/2024\/12\/image1.png?w=800&amp;ssl=1 800w\" sizes=\"auto, (max-width: 300px) 100vw, 300px\" \/><\/div>\n<div class=\"paragraph normal ng-star-inserted\" data-start-index=\"926\"><span class=\"bold ng-star-inserted\" data-start-index=\"926\">Technologie iGO Assist\u00a0:<\/span><span class=\"ng-star-inserted\" data-start-index=\"950\"> Le TVS Jupiter est \u00e9quip\u00e9 de la technologie <\/span><span class=\"bold ng-star-inserted\" data-start-index=\"995\">iGO Assist<\/span><span class=\"ng-star-inserted\" data-start-index=\"1005\"> qui offre <\/span><span class=\"bold ng-star-inserted\" data-start-index=\"1016\">10\u00a0% de kilom\u00e9trage en plus<\/span><span class=\"ng-star-inserted\" data-start-index=\"1043\"> et un suppl\u00e9ment de puissance lorsque vous en avez besoin<\/span><span class=\"ng-star-inserted\" data-start-index=\"1101\">. Cette technologie utilise un d\u00e9marreur-g\u00e9n\u00e9rateur int\u00e9gr\u00e9 et une batterie de 5 Ah plus puissante pour fournir une acc\u00e9l\u00e9ration suppl\u00e9mentaire sans consommer plus de carburant<\/span><span class=\"ng-star-inserted\" data-start-index=\"1277\">.<\/span><\/div>\n<div class=\"bullet normal ng-star-inserted\">\u25cf<img data-recalc-dims=\"1\" loading=\"lazy\" decoding=\"async\" class=\"alignnone size-medium wp-image-485\" style=\"font-size: 14.4px;\" src=\"https:\/\/i0.wp.com\/ikasougou.com\/tvsmotors\/wp-content\/uploads\/sites\/112\/2024\/12\/image1-2.png?resize=300%2C200&#038;ssl=1\" alt=\"\" width=\"300\" height=\"200\" srcset=\"https:\/\/i0.wp.com\/ikasougou.com\/tvsmotors\/wp-content\/uploads\/sites\/112\/2024\/12\/image1-2.png?resize=300%2C200&amp;ssl=1 300w, https:\/\/i0.wp.com\/ikasougou.com\/tvsmotors\/wp-content\/uploads\/sites\/112\/2024\/12\/image1-2.png?resize=768%2C512&amp;ssl=1 768w, https:\/\/i0.wp.com\/ikasougou.com\/tvsmotors\/wp-content\/uploads\/sites\/112\/2024\/12\/image1-2.png?w=800&amp;ssl=1 800w\" sizes=\"auto, (max-width: 300px) 100vw, 300px\" \/><\/div>\n<div class=\"paragraph normal ng-star-inserted\" data-start-index=\"1278\"><span class=\"bold ng-star-inserted\" data-start-index=\"1278\">S\u00e9curit\u00e9 accrue\u00a0:<\/span><span class=\"ng-star-inserted\" data-start-index=\"1295\"> Le scooter est dot\u00e9 de plusieurs dispositifs de s\u00e9curit\u00e9, notamment un <\/span><span class=\"bold ng-star-inserted\" data-start-index=\"1367\">syst\u00e8me de freinage synchrone (SBT) avec frein \u00e0 disque<\/span><span class=\"ng-star-inserted\" data-start-index=\"1422\">, un <\/span><span class=\"bold ng-star-inserted\" data-start-index=\"1427\">avertissement de freinage d&#8217;urgence<\/span><span class=\"ng-star-inserted\" data-start-index=\"1462\">, un <\/span><span class=\"bold ng-star-inserted\" data-start-index=\"1467\">r\u00e9initialisation automatique des clignotants<\/span><span class=\"ng-star-inserted\" data-start-index=\"1511\">, et des <\/span><span class=\"bold ng-star-inserted\" data-start-index=\"1520\">feux de d\u00e9tresse<\/span><span class=\"ng-star-inserted\" data-start-index=\"1536\">. De plus, un <\/span><span class=\"bold ng-star-inserted\" data-start-index=\"1550\">indicateur de b\u00e9quille lat\u00e9rale<\/span><span class=\"ng-star-inserted\" data-start-index=\"1581\"> et un inhibiteur de moteur emp\u00eachent les d\u00e9marrages accidentels<\/span><\/div>\n<div class=\"bullet normal ng-star-inserted\">\u25cf<img data-recalc-dims=\"1\" loading=\"lazy\" decoding=\"async\" class=\"alignnone size-medium wp-image-486\" style=\"font-size: 14.4px;\" src=\"https:\/\/i0.wp.com\/ikasougou.com\/tvsmotors\/wp-content\/uploads\/sites\/112\/2024\/12\/image1-1.png?resize=300%2C200&#038;ssl=1\" alt=\"\" width=\"300\" height=\"200\" srcset=\"https:\/\/i0.wp.com\/ikasougou.com\/tvsmotors\/wp-content\/uploads\/sites\/112\/2024\/12\/image1-1.png?resize=300%2C200&amp;ssl=1 300w, https:\/\/i0.wp.com\/ikasougou.com\/tvsmotors\/wp-content\/uploads\/sites\/112\/2024\/12\/image1-1.png?resize=768%2C512&amp;ssl=1 768w, https:\/\/i0.wp.com\/ikasougou.com\/tvsmotors\/wp-content\/uploads\/sites\/112\/2024\/12\/image1-1.png?w=800&amp;ssl=1 800w\" sizes=\"auto, (max-width: 300px) 100vw, 300px\" \/><\/div>\n<div class=\"paragraph normal ng-star-inserted\" style=\"text-align: center;\" data-start-index=\"1646\"><span class=\"bold ng-star-inserted\" data-start-index=\"1646\">Connectivit\u00e9 et commodit\u00e9\u00a0:<\/span><span class=\"ng-star-inserted\" data-start-index=\"1673\"> Le TVS Jupiter est \u00e9quip\u00e9 de fonctionnalit\u00e9s connect\u00e9es telles que la <\/span><span class=\"bold ng-star-inserted\" data-start-index=\"1744\">navigation vocale<span style=\"color: #000000; font-family: Arial;\"><span style=\"font-size: 13.3333px; background-color: #efefef;\"> .<\/span><\/span><\/span><span class=\"ng-star-inserted\" data-start-index=\"1761\">\u00a0les <\/span><span class=\"bold ng-star-inserted\" data-start-index=\"1767\">alertes d&#8217;appels et de SMS<\/span><span class=\"ng-star-inserted\" data-start-index=\"1793\">, la fonction <\/span><span class=\"bold ng-star-inserted\" data-start-index=\"1807\">&#8220;Find my vehicle&#8221;<\/span><span class=\"ng-star-inserted\" data-start-index=\"1824\"> pour localiser votre scooter<\/span><span class=\"ng-star-inserted\" data-start-index=\"1853\">, et des <\/span><span class=\"bold ng-star-inserted\" data-start-index=\"1862\">indicateurs de consommation de carburant<\/span><span class=\"ng-star-inserted\" data-start-index=\"1902\">. Il est \u00e9galement dot\u00e9 d&#8217;un <\/span><span class=\"bold ng-star-inserted\" data-start-index=\"1931\">port de recharge USB<\/span><span class=\"ng-star-inserted\" data-start-index=\"1951\">, d&#8217;un syst\u00e8me de <\/span><span class=\"bold ng-star-inserted\" data-start-index=\"1969\">remplissage de carburant avant externe<\/span><span class=\"ng-star-inserted\" data-start-index=\"2007\">, et d&#8217;un <\/span><span class=\"bold ng-star-inserted\" data-start-index=\"2017\">verrou tout-en-un<\/span><span class=\"ng-star-inserted\" data-start-index=\"2034\">.<\/span><\/div>\n<div class=\"bullet normal ng-star-inserted\">\u25cf<\/div>\n<div class=\"paragraph normal ng-star-inserted\" data-start-index=\"2035\"><span class=\"bold ng-star-inserted\" data-start-index=\"2035\">Rangements optimis\u00e9s\u00a0:<\/span><span class=\"ng-star-inserted\" data-start-index=\"2057\"> Il dispose du plus <\/span><span class=\"bold ng-star-inserted\" data-start-index=\"2077\">grand espace de rangement sous le si\u00e8ge<\/span><span class=\"ng-star-inserted\" data-start-index=\"2116\"> de sa cat\u00e9gorie, pouvant accueillir deux casques<\/span><span class=\"ng-star-inserted\" data-start-index=\"2165\">\u00a0ainsi qu&#8217;une <\/span><span class=\"bold ng-star-inserted\" data-start-index=\"2180\">bo\u00eete \u00e0 gants avant de 2 litres<\/span><span class=\"ng-star-inserted\" data-start-index=\"2211\">. Un grand espace pour les jambes permet de se d\u00e9tendre pendant la conduite<\/span><span class=\"ng-star-inserted\" data-start-index=\"2286\">.<\/span><\/div>\n<div class=\"bullet normal ng-star-inserted\">\u25cf<\/div>\n<div class=\"paragraph normal ng-star-inserted\" data-start-index=\"2287\"><span class=\"bold ng-star-inserted\" data-start-index=\"2287\">Style\u00a0distinctif<\/span><span class=\"ng-star-inserted\" data-start-index=\"2303\"> : Le Jupiter se distingue par sa <\/span><span class=\"bold ng-star-inserted\" data-start-index=\"2337\">barre lumineuse Infinity<\/span><span class=\"ng-star-inserted\" data-start-index=\"2361\"> \u00e0 l&#8217;avant et \u00e0 l&#8217;arri\u00e8re<\/span><span class=\"ng-star-inserted\" data-start-index=\"2386\">\u00a0des <\/span><span class=\"bold ng-star-inserted\" data-start-index=\"2392\">phares \u00e0 LED<\/span><span class=\"ng-star-inserted\" data-start-index=\"2404\">\u00a0une <\/span><span class=\"bold ng-star-inserted\" data-start-index=\"2410\">finition noir piano<\/span><span class=\"ng-star-inserted\" data-start-index=\"2429\">, et un <\/span><span class=\"bold ng-star-inserted\" data-start-index=\"2437\">embl\u00e8me 3D<\/span><span class=\"ng-star-inserted\" data-start-index=\"2447\">.<\/span><\/div>\n<div class=\"bullet normal ng-star-inserted\">\u25cf<\/div>\n<div class=\"paragraph normal ng-star-inserted\" data-start-index=\"2448\"><span class=\"bold ng-star-inserted\" data-start-index=\"2448\">D\u00e9marrage silencieux<\/span><span class=\"ng-star-inserted\" data-start-index=\"2468\">\u00a0: Le scooter est dot\u00e9 du syst\u00e8me <\/span><span class=\"bold ng-star-inserted\" data-start-index=\"2502\">i-Touch start<\/span><span class=\"ng-star-inserted\" data-start-index=\"2515\"> pour des d\u00e9marrages silencieux et fiables<\/span><span class=\"ng-star-inserted\" data-start-index=\"2557\">.<\/span><\/div>\n<div class=\"paragraph normal ng-star-inserted\" data-start-index=\"2558\"><span class=\"bold ng-star-inserted\" data-start-index=\"2558\">Sp\u00e9cifications techniques\u00a0:<\/span><\/div>\n<div class=\"bullet normal ng-star-inserted\">\u25cf<\/div>\n<div class=\"paragraph normal ng-star-inserted\" data-start-index=\"2585\"><span class=\"bold ng-star-inserted\" data-start-index=\"2585\">Moteur\u00a0:<\/span><span class=\"ng-star-inserted\" data-start-index=\"2593\"> monocylindre de 113\u00a0cc, 4 temps<\/span><span class=\"ng-star-inserted\" data-start-index=\"2625\">.<\/span><\/div>\n<div class=\"bullet normal ng-star-inserted\">\u25cf<\/div>\n<div class=\"paragraph normal ng-star-inserted\" data-start-index=\"2626\"><span class=\"bold ng-star-inserted\" data-start-index=\"2626\">Puissance maximale\u00a0:<\/span><span class=\"ng-star-inserted\" data-start-index=\"2646\"> 5,9\u00a0kW \u00e0 6\u00a0500\u00a0tr\/min<\/span><span class=\"ng-star-inserted\" data-start-index=\"2668\">.<\/span><\/div>\n<div class=\"bullet normal ng-star-inserted\">\u25cf<\/div>\n<div class=\"paragraph normal ng-star-inserted\" data-start-index=\"2669\"><span class=\"bold ng-star-inserted\" data-start-index=\"2669\">Couple maximal\u00a0:<\/span><span class=\"ng-star-inserted\" data-start-index=\"2685\"> 9,8\u00a0Nm \u00e0 5\u00a0000\u00a0tr\/min (avec assistance)<\/span><span class=\"ng-star-inserted\" data-start-index=\"2725\">.<\/span><\/div>\n<div class=\"bullet normal ng-star-inserted\">\u25cf<\/div>\n<div class=\"paragraph normal ng-star-inserted\" data-start-index=\"2726\"><span class=\"bold ng-star-inserted\" data-start-index=\"2726\">Transmission\u00a0:<\/span><span class=\"ng-star-inserted\" data-start-index=\"2740\"> automatique CVT<\/span><span class=\"ng-star-inserted\" data-start-index=\"2756\">.<\/span><\/div>\n<div class=\"bullet normal ng-star-inserted\">\u25cf<\/div>\n<div class=\"paragraph normal ng-star-inserted\" data-start-index=\"2757\"><span class=\"bold ng-star-inserted\" data-start-index=\"2757\">Suspension avant\u00a0:<\/span><span class=\"ng-star-inserted\" data-start-index=\"2775\"> t\u00e9lescopique hydraulique<\/span><span class=\"ng-star-inserted\" data-start-index=\"2800\">.<\/span><\/div>\n<div class=\"bullet normal ng-star-inserted\">\u25cf<\/div>\n<div class=\"paragraph normal ng-star-inserted\" data-start-index=\"2801\"><span class=\"bold ng-star-inserted\" data-start-index=\"2801\">Suspension arri\u00e8re\u00a0:<\/span><span class=\"ng-star-inserted\" data-start-index=\"2821\"> amortisseur \u00e0 \u00e9mulsion bitube avec r\u00e9glage en 3 \u00e9tapes<\/span><span class=\"ng-star-inserted\" data-start-index=\"2876\">.<\/span><\/div>\n<div class=\"bullet normal ng-star-inserted\">\u25cf<\/div>\n<div class=\"paragraph normal ng-star-inserted\" data-start-index=\"2877\"><span class=\"bold ng-star-inserted\" data-start-index=\"2877\">Freins avant\u00a0:<\/span><span class=\"ng-star-inserted\" data-start-index=\"2891\"> disque de 220\u00a0mm<\/span><span class=\"ng-star-inserted\" data-start-index=\"2908\">.<\/span><\/div>\n<div class=\"bullet normal ng-star-inserted\">\u25cf<\/div>\n<div class=\"paragraph normal ng-star-inserted\" data-start-index=\"2909\"><span class=\"bold ng-star-inserted\" data-start-index=\"2909\">Freins arri\u00e8re<\/span><span class=\"ng-star-inserted\" data-start-index=\"2923\">: tambour de 130 mm<\/span><\/div>\n<div class=\"bullet normal ng-star-inserted\">\u25cf<\/div>\n<div class=\"paragraph normal ng-star-inserted\" data-start-index=\"2943\"><span class=\"bold ng-star-inserted\" data-start-index=\"2943\">Pneus\u00a0:<\/span><span class=\"ng-star-inserted\" data-start-index=\"2950\"> 90\/90 -12 &#8211; 54\u00a0J (avant et arri\u00e8re)<\/span><\/div>\n<div class=\"bullet normal ng-star-inserted\">\u25cf<\/div>\n<div class=\"paragraph normal ng-star-inserted\" data-start-index=\"2987\"><span class=\"bold ng-star-inserted\" data-start-index=\"2987\">Capacit\u00e9 du r\u00e9servoir\u00a0:<\/span><span class=\"ng-star-inserted\" data-start-index=\"3010\"> 5,1\u00a0litres<\/span><span class=\"ng-star-inserted\" data-start-index=\"3021\">.<\/span><\/div>\n<div class=\"bullet normal ng-star-inserted\">\u25cf<\/div>\n<div class=\"paragraph normal ng-star-inserted\" data-start-index=\"3022\"><span class=\"bold ng-star-inserted\" data-start-index=\"3022\">Stockage sous le si\u00e8ge\u00a0:<\/span><span class=\"ng-star-inserted\" data-start-index=\"3046\"> 33\u00a0litres<\/span><span class=\"ng-star-inserted\" data-start-index=\"3056\">.<\/span><\/div>\n<div class=\"bullet normal ng-star-inserted\">\u25cf<\/div>\n<div class=\"paragraph normal ng-star-inserted\" data-start-index=\"3057\"><span class=\"bold ng-star-inserted\" data-start-index=\"3057\">Bo\u00eete \u00e0 gants avant\u00a0:<\/span><span class=\"ng-star-inserted\" data-start-index=\"3078\"> 2\u00a0litres<\/span><span class=\"ng-star-inserted\" data-start-index=\"3087\">.<\/span><\/div>\n<div class=\"bullet normal ng-star-inserted\">\u25cf<\/div>\n<div class=\"paragraph normal ng-star-inserted\" data-start-index=\"3088\"><span class=\"bold ng-star-inserted\" data-start-index=\"3088\">Poids \u00e0 vide<\/span><span class=\"ng-star-inserted\" data-start-index=\"3100\">: 105 kg (pour toutes les versions sauf le SXC Disc qui p\u00e8se 106 kg)<\/span><\/div>\n<div class=\"paragraph normal ng-star-inserted\" data-start-index=\"3168\"><span class=\"bold ng-star-inserted\" data-start-index=\"3168\">Variantes et couleurs disponibles\u00a0:<\/span><\/div>\n<div class=\"paragraph normal ng-star-inserted\" data-start-index=\"3203\"><span class=\"ng-star-inserted\" data-start-index=\"3203\">Le TVS Jupiter est disponible en 4 variantes\u00a0: <\/span><span class=\"bold ng-star-inserted\" data-start-index=\"3250\">Drum, Drum Alloy, SmartXonnect Drum et SmartXonnect Disc<\/span><span class=\"ng-star-inserted\" data-start-index=\"3306\">. Il est offert en 6 couleurs attrayantes\u00a0: <\/span><span class=\"bold ng-star-inserted\" data-start-index=\"3350\">Dawn Blue Matte, Galactic Copper Matte, Starlight Blue Gloss, Titanium Grey Matte, Lunar White Gloss et Meteor Red Gloss<\/span><span class=\"ng-star-inserted\" data-start-index=\"3470\">.<\/span><\/div>\n<div class=\"paragraph normal ng-star-inserted\" data-start-index=\"3471\"><span class=\"bold ng-star-inserted\" data-start-index=\"3471\">En r\u00e9sum\u00e9<\/span><span class=\"ng-star-inserted\" data-start-index=\"3480\">, le TVS Jupiter 110 est un scooter <\/span><span class=\"bold ng-star-inserted\" data-start-index=\"3516\">fiable, confortable et pratique<\/span><span class=\"ng-star-inserted\" data-start-index=\"3547\">, dot\u00e9 de nombreuses fonctionnalit\u00e9s innovantes. Il est id\u00e9al pour les d\u00e9placements quotidiens et les trajets plus longs, offrant un excellent rapport qualit\u00e9-prix<\/span><span class=\"ng-star-inserted\" data-start-index=\"3710\">.<\/span><\/div>\n<div class=\"paragraph normal ng-star-inserted\" data-start-index=\"3711\"><span class=\"ng-star-inserted\" data-start-index=\"3711\">Pour plus d&#8217;informations ou pour r\u00e9server un essai routier, vous pouvez consulter le site web de TVS, utiliser le localisateur de concessionnaires, ou contacter le service client<\/span><span class=\"ng-star-inserted\" data-start-index=\"3889\">.<\/span><\/div>\n<p>&nbsp;<\/p>\n<div style=\"display:flex; gap:10px;justify-content:center\" class=\"wps-pgfw-pdf-generate-icon__wrapper-frontend\">\n\t\t<a  href=\"https:\/\/ikasougou.com\/tvsmotors\/wp-json\/wp\/v2\/product\/482?action=genpdf&amp;id=482\" class=\"pgfw-single-pdf-download-button\" ><img src=\"https:\/\/ikasougou.com\/tvsmotors\/wp-content\/plugins\/pdf-generator-for-wp\/admin\/src\/images\/PDF_Tray.svg\" title=\"G\u00e9n\u00e9rer un PDF\" style=\"width:auto; height:45px;\"><\/a>\n\t\t<\/div>","protected":false},"excerpt":{"rendered":"<p>https:\/\/youtu.be\/rDWVA8gSGbY<\/p>\n","protected":false},"featured_media":486,"comment_status":"open","ping_status":"closed","template":"","meta":[],"product_brand":[],"product_cat":[16],"product_tag":[22,23,19,65,20,66],"class_list":{"0":"post-482","1":"product","2":"type-product","3":"status-publish","4":"has-post-thumbnail","6":"product_cat-motostvs","7":"product_tag-bamako","8":"product_tag-mali","9":"product_tag-moto","10":"product_tag-scooter","11":"product_tag-tvs","12":"product_tag-tvsmali","14":"first","15":"instock","16":"shipping-taxable","17":"purchasable","18":"product-type-simple"},"ams_default_variation_id":0,"ams_product_points_reward":[],"ams_product_discount_percentage":0,"ams_price_to_display":800000,"aioseo_notices":[],"ams_acf":[],"jetpack-related-posts":[],"jetpack_sharing_enabled":true,"_links":{"self":[{"href":"https:\/\/ikasougou.com\/tvsmotors\/wp-json\/wp\/v2\/product\/482","targetHints":{"allow":["GET"]}}],"collection":[{"href":"https:\/\/ikasougou.com\/tvsmotors\/wp-json\/wp\/v2\/product"}],"about":[{"href":"https:\/\/ikasougou.com\/tvsmotors\/wp-json\/wp\/v2\/types\/product"}],"replies":[{"embeddable":true,"href":"https:\/\/ikasougou.com\/tvsmotors\/wp-json\/wp\/v2\/comments?post=482"}],"wp:featuredmedia":[{"embeddable":true,"href":"https:\/\/ikasougou.com\/tvsmotors\/wp-json\/wp\/v2\/media\/486"}],"wp:attachment":[{"href":"https:\/\/ikasougou.com\/tvsmotors\/wp-json\/wp\/v2\/media?parent=482"}],"wp:term":[{"taxonomy":"product_brand","embeddable":true,"href":"https:\/\/ikasougou.com\/tvsmotors\/wp-json\/wp\/v2\/product_brand?post=482"},{"taxonomy":"product_cat","embeddable":true,"href":"https:\/\/ikasougou.com\/tvsmotors\/wp-json\/wp\/v2\/product_cat?post=482"},{"taxonomy":"product_tag","embeddable":true,"href":"https:\/\/ikasougou.com\/tvsmotors\/wp-json\/wp\/v2\/product_tag?post=482"}],"curies":[{"name":"wp","href":"https:\/\/api.w.org\/{rel}","templated":true}]}}