{"id":52,"date":"2022-11-02T16:29:32","date_gmt":"2022-11-02T15:29:32","guid":{"rendered":"https:\/\/ikasougou.com\/tvsmotor\/?post_type=product&#038;p=52"},"modified":"2025-07-28T13:41:11","modified_gmt":"2025-07-28T11:41:11","slug":"tvs-apache-180","status":"publish","type":"product","link":"https:\/\/ikasougou.com\/tvsmotors\/produit\/tvs-apache-180\/","title":{"rendered":"TVS Apache 180"},"content":{"rendered":"<p><strong>MOTEUR<\/strong><\/p>\n<p>Type de moteur 4 temps, refroidisseur d&#8217;air D\u00e9placement du moteur (CC) 177.4 CC Nombre de cylindres 1 Puissance (PS @ tr\/min) 17,5 PS Couple (Nm \u00e0 tr\/min) 15,5 Nm Type de carburant<\/p>\n<p>Essence Type de transmission Cha\u00eene<\/p>\n<p><img data-recalc-dims=\"1\" loading=\"lazy\" decoding=\"async\" class=\"alignnone size-medium wp-image-526\" src=\"https:\/\/i0.wp.com\/ikasougou.com\/tvsmotors\/wp-content\/uploads\/sites\/112\/2022\/11\/moteur-apache-180.jpg?resize=300%2C192&#038;ssl=1\" alt=\"\" width=\"300\" height=\"192\" srcset=\"https:\/\/i0.wp.com\/ikasougou.com\/tvsmotors\/wp-content\/uploads\/sites\/112\/2022\/11\/moteur-apache-180.jpg?resize=300%2C192&amp;ssl=1 300w, https:\/\/i0.wp.com\/ikasougou.com\/tvsmotors\/wp-content\/uploads\/sites\/112\/2022\/11\/moteur-apache-180.jpg?resize=768%2C492&amp;ssl=1 768w, https:\/\/i0.wp.com\/ikasougou.com\/tvsmotors\/wp-content\/uploads\/sites\/112\/2022\/11\/moteur-apache-180.jpg?w=924&amp;ssl=1 924w\" sizes=\"auto, (max-width: 300px) 100vw, 300px\" \/> <img data-recalc-dims=\"1\" loading=\"lazy\" decoding=\"async\" class=\"alignnone size-medium wp-image-520\" src=\"https:\/\/i0.wp.com\/ikasougou.com\/tvsmotors\/wp-content\/uploads\/sites\/112\/2022\/11\/engine-1.jpg?resize=300%2C300&#038;ssl=1\" alt=\"\" width=\"300\" height=\"300\" srcset=\"https:\/\/i0.wp.com\/ikasougou.com\/tvsmotors\/wp-content\/uploads\/sites\/112\/2022\/11\/engine-1.jpg?resize=300%2C300&amp;ssl=1 300w, https:\/\/i0.wp.com\/ikasougou.com\/tvsmotors\/wp-content\/uploads\/sites\/112\/2022\/11\/engine-1.jpg?resize=150%2C150&amp;ssl=1 150w, https:\/\/i0.wp.com\/ikasougou.com\/tvsmotors\/wp-content\/uploads\/sites\/112\/2022\/11\/engine-1.jpg?resize=100%2C100&amp;ssl=1 100w, https:\/\/i0.wp.com\/ikasougou.com\/tvsmotors\/wp-content\/uploads\/sites\/112\/2022\/11\/engine-1.jpg?w=502&amp;ssl=1 502w\" sizes=\"auto, (max-width: 300px) 100vw, 300px\" \/><\/p>\n<p><strong>TRANSMISSION<\/strong><\/p>\n<p>Taper Manuel Pas de Gears 5 Sch\u00e9ma boite de vitesses 1 haut 4 bas<\/p>\n<p><img data-recalc-dims=\"1\" loading=\"lazy\" decoding=\"async\" class=\"alignnone size-medium wp-image-519\" src=\"https:\/\/i0.wp.com\/ikasougou.com\/tvsmotors\/wp-content\/uploads\/sites\/112\/2022\/11\/susp-2.jpg?resize=300%2C300&#038;ssl=1\" alt=\"\" width=\"300\" height=\"300\" srcset=\"https:\/\/i0.wp.com\/ikasougou.com\/tvsmotors\/wp-content\/uploads\/sites\/112\/2022\/11\/susp-2.jpg?resize=300%2C300&amp;ssl=1 300w, https:\/\/i0.wp.com\/ikasougou.com\/tvsmotors\/wp-content\/uploads\/sites\/112\/2022\/11\/susp-2.jpg?resize=150%2C150&amp;ssl=1 150w, https:\/\/i0.wp.com\/ikasougou.com\/tvsmotors\/wp-content\/uploads\/sites\/112\/2022\/11\/susp-2.jpg?resize=100%2C100&amp;ssl=1 100w, https:\/\/i0.wp.com\/ikasougou.com\/tvsmotors\/wp-content\/uploads\/sites\/112\/2022\/11\/susp-2.jpg?w=502&amp;ssl=1 502w\" sizes=\"auto, (max-width: 300px) 100vw, 300px\" \/> <img data-recalc-dims=\"1\" loading=\"lazy\" decoding=\"async\" class=\"alignnone size-medium wp-image-521\" src=\"https:\/\/i0.wp.com\/ikasougou.com\/tvsmotors\/wp-content\/uploads\/sites\/112\/2022\/11\/suspension-180.jpg?resize=300%2C192&#038;ssl=1\" alt=\"\" width=\"300\" height=\"192\" srcset=\"https:\/\/i0.wp.com\/ikasougou.com\/tvsmotors\/wp-content\/uploads\/sites\/112\/2022\/11\/suspension-180.jpg?resize=300%2C192&amp;ssl=1 300w, https:\/\/i0.wp.com\/ikasougou.com\/tvsmotors\/wp-content\/uploads\/sites\/112\/2022\/11\/suspension-180.jpg?resize=768%2C492&amp;ssl=1 768w, https:\/\/i0.wp.com\/ikasougou.com\/tvsmotors\/wp-content\/uploads\/sites\/112\/2022\/11\/suspension-180.jpg?w=924&amp;ssl=1 924w\" sizes=\"auto, (max-width: 300px) 100vw, 300px\" \/><\/p>\n<p><strong>CH\u00c2SSIS<\/strong><\/p>\n<p>FREIN Freins avant Disque Freins arri\u00e8re Disque<\/p>\n<p><img data-recalc-dims=\"1\" loading=\"lazy\" decoding=\"async\" class=\"alignnone size-medium wp-image-520\" src=\"https:\/\/i0.wp.com\/ikasougou.com\/tvsmotors\/wp-content\/uploads\/sites\/112\/2022\/11\/engine-1.jpg?resize=300%2C300&#038;ssl=1\" alt=\"\" width=\"300\" height=\"300\" srcset=\"https:\/\/i0.wp.com\/ikasougou.com\/tvsmotors\/wp-content\/uploads\/sites\/112\/2022\/11\/engine-1.jpg?resize=300%2C300&amp;ssl=1 300w, https:\/\/i0.wp.com\/ikasougou.com\/tvsmotors\/wp-content\/uploads\/sites\/112\/2022\/11\/engine-1.jpg?resize=150%2C150&amp;ssl=1 150w, https:\/\/i0.wp.com\/ikasougou.com\/tvsmotors\/wp-content\/uploads\/sites\/112\/2022\/11\/engine-1.jpg?resize=100%2C100&amp;ssl=1 100w, https:\/\/i0.wp.com\/ikasougou.com\/tvsmotors\/wp-content\/uploads\/sites\/112\/2022\/11\/engine-1.jpg?w=502&amp;ssl=1 502w\" sizes=\"auto, (max-width: 300px) 100vw, 300px\" \/><\/p>\n<p><strong>PERFORMANCE<\/strong><\/p>\n<p>Vitesse maximale (km\/h) 124 Taper Taper<\/p>\n<p><strong>SUSPENSION<\/strong><\/p>\n<p>Suspension avant Fourche t\u00e9lescopique Suspension arri\u00e8re Mono Tube gaz invers\u00e9 Rempli Shox Avec printemps annonce<\/p>\n<p><strong>PNEUS ET JANTES<\/strong><\/p>\n<p>Taille de pneus (avant) 90\/90&#215;17 Taille de pneus (arri\u00e8re) 110\/80&#215;17 Type de pneus alliage\/acier compress\u00e9) Alliage Dimensions volant 17<\/p>\n<p><strong>DIMENSIONS<\/strong><\/p>\n<p>Rayon de braquage minimum Informations indisponibles Poids bordure 139 Kg Longueur*Largeur*Hauteur 2085*730*1105 Volume (mm) 1326 millim\u00e8tres Distance avec le sol (mm) 165 millim\u00e8tres Contenance en combustible (Litres) 16 Litres, 2.5 de r\u00e9serve<\/p>\n<p><strong>\u00c9CONOMIE DE CARBURANT<\/strong><\/p>\n<p>Mondial 45 kmpl<\/p>\n<p>&nbsp;<\/p>\n<div style=\"display:flex; gap:10px;justify-content:center\" class=\"wps-pgfw-pdf-generate-icon__wrapper-frontend\">\n\t\t<a  href=\"https:\/\/ikasougou.com\/tvsmotors\/wp-json\/wp\/v2\/product\/52?action=genpdf&amp;id=52\" class=\"pgfw-single-pdf-download-button\" ><img src=\"https:\/\/ikasougou.com\/tvsmotors\/wp-content\/plugins\/pdf-generator-for-wp\/admin\/src\/images\/PDF_Tray.svg\" title=\"G\u00e9n\u00e9rer un PDF\" style=\"width:auto; height:45px;\"><\/a>\n\t\t<\/div>","protected":false},"excerpt":{"rendered":"<p>MOTEUR Type de moteur 4 temps, refroidisseur d&#8217;air D\u00e9placement du moteur (CC) 177.4 CC Nombre de cylindres 1 Puissance (PS @ tr\/min) 17,5 PS Couple (Nm \u00e0 tr\/min) 15,5 Nm Type de carburant Essence Type de transmission Cha\u00eene TRANSMISSION Taper Manuel Pas de Gears 5 Sch\u00e9ma boite de vitesses 1 haut 4 bas CH\u00c2SSIS FREIN [&#8230;]\n","protected":false},"featured_media":530,"comment_status":"open","ping_status":"closed","template":"","meta":[],"product_brand":[],"product_cat":[59,16],"product_tag":[22,27,21,23,19,20],"class_list":{"0":"post-52","1":"product","2":"type-product","3":"status-publish","4":"has-post-thumbnail","6":"product_cat-apche","7":"product_cat-motostvs","8":"product_tag-bamako","9":"product_tag-bestmototvs","10":"product_tag-indienne","11":"product_tag-mali","12":"product_tag-moto","13":"product_tag-tvs","15":"first","16":"instock","17":"sale","18":"shipping-taxable","19":"purchasable","20":"product-type-simple"},"ams_default_variation_id":0,"ams_product_points_reward":[],"ams_product_discount_percentage":1.27,"ams_price_to_display":1170000,"aioseo_notices":[],"ams_acf":[],"jetpack-related-posts":[],"jetpack_sharing_enabled":true,"_links":{"self":[{"href":"https:\/\/ikasougou.com\/tvsmotors\/wp-json\/wp\/v2\/product\/52","targetHints":{"allow":["GET"]}}],"collection":[{"href":"https:\/\/ikasougou.com\/tvsmotors\/wp-json\/wp\/v2\/product"}],"about":[{"href":"https:\/\/ikasougou.com\/tvsmotors\/wp-json\/wp\/v2\/types\/product"}],"replies":[{"embeddable":true,"href":"https:\/\/ikasougou.com\/tvsmotors\/wp-json\/wp\/v2\/comments?post=52"}],"wp:featuredmedia":[{"embeddable":true,"href":"https:\/\/ikasougou.com\/tvsmotors\/wp-json\/wp\/v2\/media\/530"}],"wp:attachment":[{"href":"https:\/\/ikasougou.com\/tvsmotors\/wp-json\/wp\/v2\/media?parent=52"}],"wp:term":[{"taxonomy":"product_brand","embeddable":true,"href":"https:\/\/ikasougou.com\/tvsmotors\/wp-json\/wp\/v2\/product_brand?post=52"},{"taxonomy":"product_cat","embeddable":true,"href":"https:\/\/ikasougou.com\/tvsmotors\/wp-json\/wp\/v2\/product_cat?post=52"},{"taxonomy":"product_tag","embeddable":true,"href":"https:\/\/ikasougou.com\/tvsmotors\/wp-json\/wp\/v2\/product_tag?post=52"}],"curies":[{"name":"wp","href":"https:\/\/api.w.org\/{rel}","templated":true}]}}