{"id":79,"date":"2022-11-05T16:07:48","date_gmt":"2022-11-05T15:07:48","guid":{"rendered":"https:\/\/ikasougou.com\/tvsmotor\/?post_type=product&#038;p=79"},"modified":"2025-04-29T18:44:28","modified_gmt":"2025-04-29T16:44:28","slug":"tvs-zt-125","status":"publish","type":"product","link":"https:\/\/ikasougou.com\/tvsmotors\/produit\/tvs-zt-125\/","title":{"rendered":"TVS ZT 125"},"content":{"rendered":"<div class=\"paragraph normal ng-star-inserted\" data-start-index=\"125\"><span class=\"ng-star-inserted\" data-start-index=\"125\">La <\/span><span class=\"bold ng-star-inserted\" data-start-index=\"128\">TVS ZT 125<\/span><span class=\"ng-star-inserted\" data-start-index=\"138\"> est une moto con\u00e7ue pour vous emmener partout, quel que soit le terrain<\/span><span class=\"ng-star-inserted\" data-start-index=\"210\">. Elle allie <\/span><span class=\"bold ng-star-inserted\" data-start-index=\"223\">performance, s\u00e9curit\u00e9 et confort<\/span><span class=\"ng-star-inserted\" data-start-index=\"255\">. Son style est soigneusement con\u00e7u pour assurer une exp\u00e9rience de conduite agr\u00e9able<\/span><span class=\"ng-star-inserted\" data-start-index=\"339\">.<\/span><\/div>\n<div data-start-index=\"125\"><img data-recalc-dims=\"1\" loading=\"lazy\" decoding=\"async\" class=\"alignnone size-medium wp-image-80\" src=\"https:\/\/i0.wp.com\/ikasougou.com\/tvsmotor\/wp-content\/uploads\/sites\/112\/2022\/11\/ikasougou-8-300x200.jpg?resize=300%2C200&#038;ssl=1\" alt=\"\" width=\"300\" height=\"200\" srcset=\"https:\/\/i0.wp.com\/ikasougou.com\/tvsmotors\/wp-content\/uploads\/sites\/112\/2022\/11\/ikasougou-8-scaled.jpg?resize=300%2C200&amp;ssl=1 300w, https:\/\/i0.wp.com\/ikasougou.com\/tvsmotors\/wp-content\/uploads\/sites\/112\/2022\/11\/ikasougou-8-scaled.jpg?resize=1024%2C683&amp;ssl=1 1024w, https:\/\/i0.wp.com\/ikasougou.com\/tvsmotors\/wp-content\/uploads\/sites\/112\/2022\/11\/ikasougou-8-scaled.jpg?resize=768%2C512&amp;ssl=1 768w, https:\/\/i0.wp.com\/ikasougou.com\/tvsmotors\/wp-content\/uploads\/sites\/112\/2022\/11\/ikasougou-8-scaled.jpg?resize=1536%2C1024&amp;ssl=1 1536w, https:\/\/i0.wp.com\/ikasougou.com\/tvsmotors\/wp-content\/uploads\/sites\/112\/2022\/11\/ikasougou-8-scaled.jpg?resize=2048%2C1365&amp;ssl=1 2048w, https:\/\/i0.wp.com\/ikasougou.com\/tvsmotors\/wp-content\/uploads\/sites\/112\/2022\/11\/ikasougou-8-scaled.jpg?resize=600%2C400&amp;ssl=1 600w\" sizes=\"auto, (max-width: 300px) 100vw, 300px\" \/><\/div>\n<div data-start-index=\"125\"><\/div>\n<div class=\"paragraph normal ng-star-inserted\" data-start-index=\"340\"><span class=\"bold ng-star-inserted\" data-start-index=\"340\">Caract\u00e9ristiques principales :<\/span><\/div>\n<div data-start-index=\"340\"><\/div>\n<div class=\"bullet normal ng-star-inserted\">\u25cf<span class=\"bold ng-star-inserted\" data-start-index=\"370\">Moteur Eco-thrust<\/span><span class=\"ng-star-inserted\" data-start-index=\"387\"> : La TVS ZT 125 est \u00e9quip\u00e9e d&#8217;un <\/span><span class=\"bold ng-star-inserted\" data-start-index=\"421\">moteur Eco-thrust de 125 cc<\/span><span class=\"ng-star-inserted\" data-start-index=\"448\">, con\u00e7u pour offrir un <\/span><span class=\"bold ng-star-inserted\" data-start-index=\"471\">kilom\u00e9trage maximal<\/span><span class=\"ng-star-inserted\" data-start-index=\"490\"> tout en fournissant une puissance optimale<\/span><span class=\"ng-star-inserted\" data-start-index=\"533\">.<\/span><\/div>\n<div><img data-recalc-dims=\"1\" loading=\"lazy\" decoding=\"async\" class=\"alignnone size-medium wp-image-539\" src=\"https:\/\/i0.wp.com\/ikasougou.com\/tvsmotors\/wp-content\/uploads\/sites\/112\/2022\/11\/engine-1.png?resize=275%2C300&#038;ssl=1\" alt=\"\" width=\"275\" height=\"300\" srcset=\"https:\/\/i0.wp.com\/ikasougou.com\/tvsmotors\/wp-content\/uploads\/sites\/112\/2022\/11\/engine-1.png?resize=275%2C300&amp;ssl=1 275w, https:\/\/i0.wp.com\/ikasougou.com\/tvsmotors\/wp-content\/uploads\/sites\/112\/2022\/11\/engine-1.png?w=424&amp;ssl=1 424w\" sizes=\"auto, (max-width: 275px) 100vw, 275px\" \/><\/div>\n<div class=\"bullet normal ng-star-inserted\">\u25cf<span class=\"bold ng-star-inserted\" data-start-index=\"534\">S\u00e9curit\u00e9 am\u00e9lior\u00e9e<\/span><span class=\"ng-star-inserted\" data-start-index=\"552\"> : Elle dispose d&#8217;un <\/span><span class=\"bold ng-star-inserted\" data-start-index=\"573\">frein \u00e0 disque de type p\u00e9tale<\/span><span class=\"ng-star-inserted\" data-start-index=\"602\">, assurant un <\/span><span class=\"bold ng-star-inserted\" data-start-index=\"616\">freinage efficace et rapide<\/span><span class=\"ng-star-inserted\" data-start-index=\"643\"> m\u00eame \u00e0 des vitesses \u00e9lev\u00e9es, augmentant ainsi la s\u00e9curit\u00e9 du conducteur<\/span><span class=\"ng-star-inserted\" data-start-index=\"715\">.<\/span><\/div>\n<div class=\"bullet normal ng-star-inserted\">\u25cf<span class=\"bold ng-star-inserted\" data-start-index=\"716\">Confort optimal<\/span><span class=\"ng-star-inserted\" data-start-index=\"731\"> : Le design de la moto est pens\u00e9 pour le <\/span><span class=\"bold ng-star-inserted\" data-start-index=\"773\">confort du conducteur<\/span><span class=\"ng-star-inserted\" data-start-index=\"794\">, vous permettant de parcourir de longues distances sans fatigue<\/span><span class=\"ng-star-inserted\" data-start-index=\"858\">.<\/span><\/div>\n<div class=\"bullet normal ng-star-inserted\">\u25cf<span class=\"bold ng-star-inserted\" data-start-index=\"859\">Commodit\u00e9<\/span><span class=\"ng-star-inserted\" data-start-index=\"868\">: La TVS ZT 125 est dot\u00e9e d&#8217;un <\/span><span class=\"bold ng-star-inserted\" data-start-index=\"899\">chargeur de t\u00e9l\u00e9phone portable USB<\/span><span class=\"ng-star-inserted\" data-start-index=\"933\">, permettant de charger vos appareils \u00e0 tout moment<\/span><span class=\"ng-star-inserted\" data-start-index=\"984\">.<\/span><\/div>\n<div class=\"paragraph normal ng-star-inserted\" data-start-index=\"985\"><span class=\"bold ng-star-inserted\" data-start-index=\"985\">Sp\u00e9cifications techniques :<\/span><\/div>\n<div data-start-index=\"985\"><\/div>\n<div class=\"bullet normal ng-star-inserted\">\u25cf<span class=\"bold ng-star-inserted\" data-start-index=\"1012\">Type de moteur<\/span><span class=\"ng-star-inserted\" data-start-index=\"1026\"> : 4 temps, refroidi par air<\/span><\/div>\n<div class=\"bullet normal ng-star-inserted\">\u25cf<span class=\"bold ng-star-inserted\" data-start-index=\"1054\">Cylindr\u00e9e<\/span><span class=\"ng-star-inserted\" data-start-index=\"1063\"> : 124.5 cc<\/span><\/div>\n<div class=\"bullet normal ng-star-inserted\">\u25cf<span class=\"bold ng-star-inserted\" data-start-index=\"1074\">Couple maximal<\/span><span class=\"ng-star-inserted\" data-start-index=\"1088\"> : 10.80 Nm \u00e0 5500 tr\/min<\/span><\/div>\n<div class=\"bullet normal ng-star-inserted\">\u25cf<span class=\"bold ng-star-inserted\" data-start-index=\"1113\">Puissance maximale<\/span><span class=\"ng-star-inserted\" data-start-index=\"1131\"> : 10.85 bhp \u00e0 8000 tr\/min<\/span><\/div>\n<div class=\"bullet normal ng-star-inserted\">\u25cf<span class=\"bold ng-star-inserted\" data-start-index=\"1157\">Syst\u00e8me de d\u00e9marrage<\/span><span class=\"ng-star-inserted\" data-start-index=\"1177\"> : D\u00e9marreur \u00e9lectrique et \u00e0 kick<\/span><\/div>\n<div class=\"bullet normal ng-star-inserted\">\u25cf<span class=\"bold ng-star-inserted\" data-start-index=\"1210\">Transmission<\/span><span class=\"ng-star-inserted\" data-start-index=\"1222\"> : Manuelle<\/span><\/div>\n<div class=\"bullet normal ng-star-inserted\">\u25cf<span class=\"bold ng-star-inserted\" data-start-index=\"1233\">Suspension avant<\/span><span class=\"ng-star-inserted\" data-start-index=\"1249\"> : Hydraulique t\u00e9lescopique<\/span><\/div>\n<div class=\"bullet normal ng-star-inserted\">\u25cf<span class=\"bold ng-star-inserted\" data-start-index=\"1276\">Suspension arri\u00e8re<\/span><span class=\"ng-star-inserted\" data-start-index=\"1294\"> : Ressorts en s\u00e9rie<\/span><\/div>\n<div class=\"bullet normal ng-star-inserted\">\u25cf<span class=\"bold ng-star-inserted\" data-start-index=\"1314\">Dimensions<\/span><span class=\"ng-star-inserted\" data-start-index=\"1324\"> :<\/span><\/div>\n<div class=\"bullet normal ng-star-inserted\">\u25cb<span class=\"ng-star-inserted\" data-start-index=\"1326\">Longueur : 2000 mm<\/span><\/div>\n<div class=\"bullet normal ng-star-inserted\">\u25cb<span class=\"ng-star-inserted\" data-start-index=\"1344\">Largeur : 760 mm<\/span><\/div>\n<div class=\"bullet normal ng-star-inserted\">\u25cb<span class=\"ng-star-inserted\" data-start-index=\"1360\">Hauteur : 1075 mm<\/span><\/div>\n<div class=\"bullet normal ng-star-inserted\">\u25cb<span class=\"ng-star-inserted\" data-start-index=\"1377\">Empattement : 1275 mm<\/span><\/div>\n<div class=\"bullet normal ng-star-inserted\">\u25cb<span class=\"ng-star-inserted\" data-start-index=\"1398\">Poids \u00e0 sec : 110 kg<\/span><\/div>\n<div class=\"bullet normal ng-star-inserted\">\u25cf<span class=\"bold ng-star-inserted\" data-start-index=\"1418\">Pneus<\/span><span class=\"ng-star-inserted\" data-start-index=\"1423\"> :<\/span><\/div>\n<div class=\"bullet normal ng-star-inserted\">\u25cb<span class=\"ng-star-inserted\" data-start-index=\"1425\">Avant : 70\/90-19<\/span><\/div>\n<div class=\"bullet normal ng-star-inserted\">\u25cb<span class=\"ng-star-inserted\" data-start-index=\"1441\">Arri\u00e8re : 90\/100-16<\/span><\/div>\n<div><img data-recalc-dims=\"1\" loading=\"lazy\" decoding=\"async\" class=\"alignnone size-medium wp-image-541\" src=\"https:\/\/i0.wp.com\/ikasougou.com\/tvsmotors\/wp-content\/uploads\/sites\/112\/2022\/11\/Suspension.png?resize=275%2C300&#038;ssl=1\" alt=\"\" width=\"275\" height=\"300\" srcset=\"https:\/\/i0.wp.com\/ikasougou.com\/tvsmotors\/wp-content\/uploads\/sites\/112\/2022\/11\/Suspension.png?resize=275%2C300&amp;ssl=1 275w, https:\/\/i0.wp.com\/ikasougou.com\/tvsmotors\/wp-content\/uploads\/sites\/112\/2022\/11\/Suspension.png?w=424&amp;ssl=1 424w\" sizes=\"auto, (max-width: 275px) 100vw, 275px\" \/><\/div>\n<div class=\"bullet normal ng-star-inserted\">\u25cf<span class=\"bold ng-star-inserted\" data-start-index=\"1460\">Freins<\/span><span class=\"ng-star-inserted\" data-start-index=\"1466\"> :<\/span><\/div>\n<div class=\"bullet normal ng-star-inserted\">\u25cb<span class=\"ng-star-inserted\" data-start-index=\"1468\">Avant : Tambour, 130 mm<\/span><\/div>\n<div class=\"bullet normal ng-star-inserted\">\u25cb<span class=\"ng-star-inserted\" data-start-index=\"1491\">Arri\u00e8re : Disque, 240 mm<\/span><\/div>\n<div class=\"bullet normal ng-star-inserted\">\u25cf<span class=\"bold ng-star-inserted\" data-start-index=\"1515\">Capacit\u00e9 du r\u00e9servoir de carburant<\/span><span class=\"ng-star-inserted\" data-start-index=\"1549\"> : 14.5 litres<\/span><\/div>\n<div><\/div>\n<div class=\"paragraph normal ng-star-inserted\" data-start-index=\"1563\"><span class=\"bold ng-star-inserted\" data-start-index=\"1563\">Couleurs disponibles :<\/span><\/div>\n<div data-start-index=\"1563\"><img data-recalc-dims=\"1\" loading=\"lazy\" decoding=\"async\" class=\"alignnone size-medium wp-image-546\" src=\"https:\/\/i0.wp.com\/ikasougou.com\/tvsmotors\/wp-content\/uploads\/sites\/112\/2022\/11\/zt-bluewhite.jpg?resize=300%2C222&#038;ssl=1\" alt=\"\" width=\"300\" height=\"222\" srcset=\"https:\/\/i0.wp.com\/ikasougou.com\/tvsmotors\/wp-content\/uploads\/sites\/112\/2022\/11\/zt-bluewhite.jpg?resize=300%2C222&amp;ssl=1 300w, https:\/\/i0.wp.com\/ikasougou.com\/tvsmotors\/wp-content\/uploads\/sites\/112\/2022\/11\/zt-bluewhite.jpg?resize=768%2C567&amp;ssl=1 768w, https:\/\/i0.wp.com\/ikasougou.com\/tvsmotors\/wp-content\/uploads\/sites\/112\/2022\/11\/zt-bluewhite.jpg?w=880&amp;ssl=1 880w\" sizes=\"auto, (max-width: 300px) 100vw, 300px\" \/> <img data-recalc-dims=\"1\" loading=\"lazy\" decoding=\"async\" class=\"alignnone size-medium wp-image-545\" src=\"https:\/\/i0.wp.com\/ikasougou.com\/tvsmotors\/wp-content\/uploads\/sites\/112\/2022\/11\/ZT-125-CW-Green-Pillion.jpg?resize=300%2C200&#038;ssl=1\" alt=\"\" width=\"300\" height=\"200\" srcset=\"https:\/\/i0.wp.com\/ikasougou.com\/tvsmotors\/wp-content\/uploads\/sites\/112\/2022\/11\/ZT-125-CW-Green-Pillion.jpg?resize=300%2C200&amp;ssl=1 300w, https:\/\/i0.wp.com\/ikasougou.com\/tvsmotors\/wp-content\/uploads\/sites\/112\/2022\/11\/ZT-125-CW-Green-Pillion.jpg?resize=768%2C512&amp;ssl=1 768w, https:\/\/i0.wp.com\/ikasougou.com\/tvsmotors\/wp-content\/uploads\/sites\/112\/2022\/11\/ZT-125-CW-Green-Pillion.jpg?w=880&amp;ssl=1 880w\" sizes=\"auto, (max-width: 300px) 100vw, 300px\" \/> <img data-recalc-dims=\"1\" loading=\"lazy\" decoding=\"async\" class=\"alignnone size-medium wp-image-544\" src=\"https:\/\/i0.wp.com\/ikasougou.com\/tvsmotors\/wp-content\/uploads\/sites\/112\/2022\/11\/ZT-125-CW-180-degree-Orange-Right-Pillion-1.jpg?resize=300%2C200&#038;ssl=1\" alt=\"\" width=\"300\" height=\"200\" srcset=\"https:\/\/i0.wp.com\/ikasougou.com\/tvsmotors\/wp-content\/uploads\/sites\/112\/2022\/11\/ZT-125-CW-180-degree-Orange-Right-Pillion-1.jpg?resize=300%2C200&amp;ssl=1 300w, https:\/\/i0.wp.com\/ikasougou.com\/tvsmotors\/wp-content\/uploads\/sites\/112\/2022\/11\/ZT-125-CW-180-degree-Orange-Right-Pillion-1.jpg?resize=768%2C512&amp;ssl=1 768w, https:\/\/i0.wp.com\/ikasougou.com\/tvsmotors\/wp-content\/uploads\/sites\/112\/2022\/11\/ZT-125-CW-180-degree-Orange-Right-Pillion-1.jpg?w=880&amp;ssl=1 880w\" sizes=\"auto, (max-width: 300px) 100vw, 300px\" \/><\/div>\n<div class=\"paragraph normal ng-star-inserted\" data-start-index=\"1585\"><span class=\"ng-star-inserted\" data-start-index=\"1585\">La TVS ZT 125 est disponible en trois couleurs\u00a0: <\/span><span class=\"bold ng-star-inserted\" data-start-index=\"1634\">Bleue, Verte et Orange<\/span><span class=\"ng-star-inserted\" data-start-index=\"1656\">.<\/span><\/div>\n<div class=\"paragraph normal ng-star-inserted\" data-start-index=\"1657\"><span class=\"bold ng-star-inserted\" data-start-index=\"1657\">En r\u00e9sum\u00e9,<\/span><span class=\"ng-star-inserted\" data-start-index=\"1667\"> la TVS ZT 125 est une moto <\/span><span class=\"bold ng-star-inserted\" data-start-index=\"1695\">polyvalente et performante<\/span><span class=\"ng-star-inserted\" data-start-index=\"1721\">, id\u00e9ale pour ceux qui recherchent un v\u00e9hicule fiable, s\u00fbr et confortable<\/span><span class=\"ng-star-inserted\" data-start-index=\"1794\">. Elle est con\u00e7ue pour affronter tous les types de terrains tout en offrant une exp\u00e9rience de conduite agr\u00e9able<\/span><span class=\"ng-star-inserted\" data-start-index=\"1905\">.<\/span><\/div>\n<div class=\"paragraph normal ng-star-inserted\" data-start-index=\"1906\"><span class=\"ng-star-inserted\" data-start-index=\"1906\">Pour plus d&#8217;informations, vous pouvez t\u00e9l\u00e9charger la brochure \u00e9lectronique et le manuel du propri\u00e9taire via les liens fournis<\/span><span class=\"ng-star-inserted\" data-start-index=\"2031\">. Vous pouvez \u00e9galement contacter TVS pour toute question via le formulaire de contact, par t\u00e9l\u00e9phone ou par courriel<\/span><\/div>\n<p><strong>MOTEUR<\/strong><\/p>\n<p>Type de moteur 4 Temps Volume du Cylindre 124.53 cc Puissance max 8.10 KW\/8000 RPM<\/p>\n<p>Couple max 10.8 NM\/5500 RPM Al\u00e9sage x Course 57 mm x 48.8 mm<\/p>\n<p>&nbsp;<\/p>\n<p><strong>TRANSMISSION<\/strong><\/p>\n<p>Manuel Suspension Avant T\u00e9lescopique Hydraulique Suspension Arri\u00e8re S\u00e9rie Ressorts Hauteur Hors Tout 1090mm Longueur Totale 2015 mm Largeur hors tout 760 mm Empattement 1275 mm Roue Avant Dimension 70\/90-19 Roue Arri\u00e8re Dimension 90\/100-16 Frein Avant Disque, 240 mm Frein Arri\u00e8re Tambour, 130 mm Capacit\u00e9 du R\u00e9servoir 14.5 litres<\/p>\n<p>&nbsp;<\/p>\n<p>&nbsp;<\/p>\n<p><img data-recalc-dims=\"1\" loading=\"lazy\" decoding=\"async\" class=\"alignnone size-medium wp-image-81\" src=\"https:\/\/i0.wp.com\/ikasougou.com\/tvsmotor\/wp-content\/uploads\/sites\/112\/2022\/11\/ikasougou-9-300x200.jpg?resize=300%2C200&#038;ssl=1\" alt=\"\" width=\"300\" height=\"200\" srcset=\"https:\/\/i0.wp.com\/ikasougou.com\/tvsmotors\/wp-content\/uploads\/sites\/112\/2022\/11\/ikasougou-9-scaled.jpg?resize=300%2C200&amp;ssl=1 300w, https:\/\/i0.wp.com\/ikasougou.com\/tvsmotors\/wp-content\/uploads\/sites\/112\/2022\/11\/ikasougou-9-scaled.jpg?resize=1024%2C683&amp;ssl=1 1024w, https:\/\/i0.wp.com\/ikasougou.com\/tvsmotors\/wp-content\/uploads\/sites\/112\/2022\/11\/ikasougou-9-scaled.jpg?resize=768%2C512&amp;ssl=1 768w, https:\/\/i0.wp.com\/ikasougou.com\/tvsmotors\/wp-content\/uploads\/sites\/112\/2022\/11\/ikasougou-9-scaled.jpg?resize=1536%2C1024&amp;ssl=1 1536w, https:\/\/i0.wp.com\/ikasougou.com\/tvsmotors\/wp-content\/uploads\/sites\/112\/2022\/11\/ikasougou-9-scaled.jpg?resize=2048%2C1365&amp;ssl=1 2048w, https:\/\/i0.wp.com\/ikasougou.com\/tvsmotors\/wp-content\/uploads\/sites\/112\/2022\/11\/ikasougou-9-scaled.jpg?resize=600%2C400&amp;ssl=1 600w\" sizes=\"auto, (max-width: 300px) 100vw, 300px\" \/> <img data-recalc-dims=\"1\" loading=\"lazy\" decoding=\"async\" class=\"alignnone size-medium wp-image-82\" src=\"https:\/\/i0.wp.com\/ikasougou.com\/tvsmotor\/wp-content\/uploads\/sites\/112\/2022\/11\/ikasougou-10-300x200.jpg?resize=300%2C200&#038;ssl=1\" alt=\"\" width=\"300\" height=\"200\" srcset=\"https:\/\/i0.wp.com\/ikasougou.com\/tvsmotors\/wp-content\/uploads\/sites\/112\/2022\/11\/ikasougou-10-scaled.jpg?resize=300%2C200&amp;ssl=1 300w, https:\/\/i0.wp.com\/ikasougou.com\/tvsmotors\/wp-content\/uploads\/sites\/112\/2022\/11\/ikasougou-10-scaled.jpg?resize=1024%2C683&amp;ssl=1 1024w, https:\/\/i0.wp.com\/ikasougou.com\/tvsmotors\/wp-content\/uploads\/sites\/112\/2022\/11\/ikasougou-10-scaled.jpg?resize=768%2C512&amp;ssl=1 768w, https:\/\/i0.wp.com\/ikasougou.com\/tvsmotors\/wp-content\/uploads\/sites\/112\/2022\/11\/ikasougou-10-scaled.jpg?resize=1536%2C1024&amp;ssl=1 1536w, https:\/\/i0.wp.com\/ikasougou.com\/tvsmotors\/wp-content\/uploads\/sites\/112\/2022\/11\/ikasougou-10-scaled.jpg?resize=2048%2C1365&amp;ssl=1 2048w, https:\/\/i0.wp.com\/ikasougou.com\/tvsmotors\/wp-content\/uploads\/sites\/112\/2022\/11\/ikasougou-10-scaled.jpg?resize=600%2C400&amp;ssl=1 600w\" sizes=\"auto, (max-width: 300px) 100vw, 300px\" \/><\/p>\n<div class=\"wps-pgfw-pdf-generate-icon__wrapper-frontend pgfw-icon-display pgfw-icon-display--default\" style=\"--pgfw-icon-justify:center;\"><a href=\"https:\/\/ikasougou.com\/tvsmotors\/wp-json\/wp\/v2\/product\/79?action=genpdf&#038;id=79\" class=\"pgfw-single-pdf-download-button pgfw-single-pdf-download-button--default pgfw-single-pdf-download-button--icon-only\" title=\"G\u00e9n\u00e9rer un PDF\" style=\"--pgfw-icon-width:25px;--pgfw-icon-height:45px;\" aria-label=\"Download PDF\"><span class=\"pgfw-single-pdf-download-button__media\" aria-hidden=\"true\"><img src=\"https:\/\/ikasougou.com\/tvsmotors\/wp-content\/plugins\/pdf-generator-for-wp\/admin\/src\/images\/PDF_Tray.svg\" alt=\"\" decoding=\"async\"><\/span><\/a><\/div>","protected":false},"excerpt":{"rendered":"<p>La TVS ZT 125 est une moto con\u00e7ue pour vous emmener partout, quel que soit le terrain. Elle allie performance, s\u00e9curit\u00e9 et confort. Son style est soigneusement con\u00e7u pour assurer une exp\u00e9rience de conduite agr\u00e9able. Caract\u00e9ristiques principales : \u25cfMoteur Eco-thrust : La TVS ZT 125 est \u00e9quip\u00e9e d&#8217;un moteur Eco-thrust de 125 cc, con\u00e7u pour [&#8230;]\n","protected":false},"featured_media":543,"comment_status":"open","ping_status":"closed","template":"","meta":[],"product_brand":[],"product_cat":[16],"product_tag":[22,24,27,21,23,19,20],"class_list":{"0":"post-79","1":"product","2":"type-product","3":"status-publish","4":"has-post-thumbnail","6":"product_cat-motostvs","7":"product_tag-bamako","8":"product_tag-bestmoto","9":"product_tag-bestmototvs","10":"product_tag-indienne","11":"product_tag-mali","12":"product_tag-moto","13":"product_tag-tvs","15":"first","16":"outofstock","17":"shipping-taxable","18":"purchasable","19":"product-type-simple"},"ams_default_variation_id":0,"ams_product_points_reward":[],"ams_product_discount_percentage":0,"ams_price_to_display":715000,"aioseo_notices":[],"ams_acf":[],"jetpack-related-posts":[],"jetpack_sharing_enabled":true,"_links":{"self":[{"href":"https:\/\/ikasougou.com\/tvsmotors\/wp-json\/wp\/v2\/product\/79","targetHints":{"allow":["GET"]}}],"collection":[{"href":"https:\/\/ikasougou.com\/tvsmotors\/wp-json\/wp\/v2\/product"}],"about":[{"href":"https:\/\/ikasougou.com\/tvsmotors\/wp-json\/wp\/v2\/types\/product"}],"replies":[{"embeddable":true,"href":"https:\/\/ikasougou.com\/tvsmotors\/wp-json\/wp\/v2\/comments?post=79"}],"wp:featuredmedia":[{"embeddable":true,"href":"https:\/\/ikasougou.com\/tvsmotors\/wp-json\/wp\/v2\/media\/543"}],"wp:attachment":[{"href":"https:\/\/ikasougou.com\/tvsmotors\/wp-json\/wp\/v2\/media?parent=79"}],"wp:term":[{"taxonomy":"product_brand","embeddable":true,"href":"https:\/\/ikasougou.com\/tvsmotors\/wp-json\/wp\/v2\/product_brand?post=79"},{"taxonomy":"product_cat","embeddable":true,"href":"https:\/\/ikasougou.com\/tvsmotors\/wp-json\/wp\/v2\/product_cat?post=79"},{"taxonomy":"product_tag","embeddable":true,"href":"https:\/\/ikasougou.com\/tvsmotors\/wp-json\/wp\/v2\/product_tag?post=79"}],"curies":[{"name":"wp","href":"https:\/\/api.w.org\/{rel}","templated":true}]}}