{"id":577,"date":"2022-01-13T15:38:13","date_gmt":"2022-01-13T14:38:13","guid":{"rendered":"https:\/\/ikasougou.com\/ventengros\/?post_type=product&#038;p=577"},"modified":"2022-01-24T11:55:47","modified_gmt":"2022-01-24T10:55:47","slug":"huile-dolive-intense-spar-1l-x-15","status":"publish","type":"product","link":"https:\/\/ikasougou.com\/ventengros\/produit\/huile-dolive-intense-spar-1l-x-15\/","title":{"rendered":"15 HUILE D&#8217;OLIVE INTENSE SPAR 1L"},"content":{"rendered":"<p>Maintenant, vous pouvez acheter\u00a0l&#8217;huile d&#8217;olive\u00a0de marque Spar dans Your Spanish Corner en ligne. C&#8217;est un peu moins cher que les autres marques, mais de la m\u00eame qualit\u00e9. Il contient exclusivement des huiles d&#8217;olive raffin\u00e9es et des huiles d&#8217;olive vierges et est emball\u00e9 dans une bouteille en plastique de 1 litre. Profitez de vos repas avec cette huile d&#8217;olive intense.<\/p>\n<div style=\"display:flex; gap:10px;justify-content:center\" class=\"wps-pgfw-pdf-generate-icon__wrapper-frontend\">\n\t\t<a  href=\"https:\/\/ikasougou.com\/ventengros\/wp-json\/wp\/v2\/product\/577?action=genpdf&amp;id=577\" class=\"pgfw-single-pdf-download-button\" ><img src=\"https:\/\/ikasougou.com\/ventengros\/wp-content\/plugins\/pdf-generator-for-wp\/admin\/src\/images\/PDF_Tray.svg\" title=\"G\u00e9n\u00e9rer un PDF\" style=\"width:auto; height:45px;\"><\/a>\n\t\t<\/div>","protected":false},"excerpt":{"rendered":"<p>Maintenant, vous pouvez acheter\u00a0l&#8217;huile d&#8217;olive\u00a0de marque Spar dans Your Spanish Corner en ligne. C&#8217;est un peu moins cher que les autres marques, mais de la m\u00eame qualit\u00e9. Il contient exclusivement des huiles d&#8217;olive raffin\u00e9es et des huiles d&#8217;olive vierges et est emball\u00e9 dans une bouteille en plastique de 1 litre. Profitez de vos repas avec [&#8230;]\n","protected":false},"featured_media":578,"comment_status":"open","ping_status":"closed","template":"","meta":{"jetpack_publicize_message":"","jetpack_publicize_feature_enabled":true,"jetpack_social_post_already_shared":true,"jetpack_social_options":{"image_generator_settings":{"template":"highway","default_image_id":0,"font":"","enabled":false},"version":2}},"product_brand":[],"product_cat":[16],"product_tag":[171,169,170],"class_list":{"0":"post-577","1":"product","2":"type-product","3":"status-publish","4":"has-post-thumbnail","6":"product_cat-alimentaire","7":"product_tag-espagne","8":"product_tag-huile","9":"product_tag-olive","11":"first","12":"instock","13":"shipping-taxable","14":"purchasable","15":"product-type-simple"},"ams_default_variation_id":0,"ams_product_points_reward":[],"ams_product_discount_percentage":0,"ams_price_to_display":50000,"aioseo_notices":[],"ams_acf":[],"jetpack_publicize_connections":[],"jetpack-related-posts":[],"jetpack_sharing_enabled":true,"_links":{"self":[{"href":"https:\/\/ikasougou.com\/ventengros\/wp-json\/wp\/v2\/product\/577","targetHints":{"allow":["GET"]}}],"collection":[{"href":"https:\/\/ikasougou.com\/ventengros\/wp-json\/wp\/v2\/product"}],"about":[{"href":"https:\/\/ikasougou.com\/ventengros\/wp-json\/wp\/v2\/types\/product"}],"replies":[{"embeddable":true,"href":"https:\/\/ikasougou.com\/ventengros\/wp-json\/wp\/v2\/comments?post=577"}],"wp:featuredmedia":[{"embeddable":true,"href":"https:\/\/ikasougou.com\/ventengros\/wp-json\/wp\/v2\/media\/578"}],"wp:attachment":[{"href":"https:\/\/ikasougou.com\/ventengros\/wp-json\/wp\/v2\/media?parent=577"}],"wp:term":[{"taxonomy":"product_brand","embeddable":true,"href":"https:\/\/ikasougou.com\/ventengros\/wp-json\/wp\/v2\/product_brand?post=577"},{"taxonomy":"product_cat","embeddable":true,"href":"https:\/\/ikasougou.com\/ventengros\/wp-json\/wp\/v2\/product_cat?post=577"},{"taxonomy":"product_tag","embeddable":true,"href":"https:\/\/ikasougou.com\/ventengros\/wp-json\/wp\/v2\/product_tag?post=577"}],"curies":[{"name":"wp","href":"https:\/\/api.w.org\/{rel}","templated":true}]}}