{"id":4953,"date":"2022-03-17T14:10:51","date_gmt":"2022-03-17T13:10:51","guid":{"rendered":"https:\/\/ikasougou.com\/ziaraelectronique\/?post_type=product&#038;p=4953"},"modified":"2023-02-19T14:26:38","modified_gmt":"2023-02-19T13:26:38","slug":"cable-usb-3-en-1-connecteur-cable-adaptateur-chargeur","status":"publish","type":"product","link":"https:\/\/ikasougou.com\/ziaraelectronique\/produit\/cable-usb-3-en-1-connecteur-cable-adaptateur-chargeur\/","title":{"rendered":"C\u00e2ble USB, 3 en 1 connecteur c\u00e2ble adaptateur chargeur"},"content":{"rendered":"<ul>\n<li><span class=\"a-list-item\"> Charge Android, iPod, iPhone, iPad, Smartphones Micro-USB &#8211; Standard prise USB splits \u00e0 micro USB 2.0, micro USB 3.0, 30 broches.<\/span><\/li>\n<li><span class=\"a-list-item\"> El\u00e9ger, portable et pratique. Il est juste pour la charge, il n&#8217;ont pas la transmission de donn\u00e9es. <\/span><\/li>\n<li><span class=\"a-list-item\"> Connectez votre t\u00e9l\u00e9phone intelligent avec vos ordinateurs portables ou ordinateurs portables par un port USB et de multiples dispositifs de charge en m\u00eame temps \u00e0 partir d&#8217;un port USB. <\/span><\/li>\n<\/ul>\n<div style=\"display:flex; gap:10px;justify-content:center\" class=\"wps-pgfw-pdf-generate-icon__wrapper-frontend\">\n\t\t<a  href=\"https:\/\/ikasougou.com\/ziaraelectronique\/wp-json\/wp\/v2\/product\/4953?action=genpdf&amp;id=4953\" class=\"pgfw-single-pdf-download-button\" ><img src=\"https:\/\/ikasougou.com\/ziaraelectronique\/wp-content\/plugins\/pdf-generator-for-wp\/admin\/src\/images\/PDF_Tray.svg\" title=\"G\u00e9n\u00e9rer un PDF\" style=\"width:auto; height:45px;\"><\/a>\n\t\t<\/div>","protected":false},"excerpt":{"rendered":"<p>Charge Android, iPod, iPhone, iPad, Smartphones Micro-USB &#8211; Standard prise USB splits \u00e0 micro USB 2.0, micro USB 3.0, 30 broches. El\u00e9ger, portable et pratique. Il est juste pour la charge, il n&#8217;ont pas la transmission de donn\u00e9es. Connectez votre t\u00e9l\u00e9phone intelligent avec vos ordinateurs portables ou ordinateurs portables par un port USB et de [&#8230;]\n","protected":false},"featured_media":4956,"comment_status":"open","ping_status":"closed","template":"","meta":{"jetpack_post_was_ever_published":false,"jetpack_publicize_message":"","jetpack_publicize_feature_enabled":true,"jetpack_social_post_already_shared":true,"jetpack_social_options":{"image_generator_settings":{"template":"highway","default_image_id":0,"font":"","enabled":false},"version":2}},"product_brand":[],"product_cat":[94,16],"product_tag":[99,62],"class_list":{"0":"post-4953","1":"product","2":"type-product","3":"status-publish","4":"has-post-thumbnail","6":"product_cat-accesoire","7":"product_cat-high-tech","8":"product_tag-cable","9":"product_tag-usb","11":"first","12":"instock","13":"shipping-taxable","14":"purchasable","15":"product-type-simple"},"ams_default_variation_id":0,"ams_product_points_reward":[],"ams_product_discount_percentage":0,"ams_price_to_display":6000,"aioseo_notices":[],"ams_acf":[],"jetpack_publicize_connections":[],"jetpack_sharing_enabled":true,"jetpack_likes_enabled":true,"_links":{"self":[{"href":"https:\/\/ikasougou.com\/ziaraelectronique\/wp-json\/wp\/v2\/product\/4953","targetHints":{"allow":["GET"]}}],"collection":[{"href":"https:\/\/ikasougou.com\/ziaraelectronique\/wp-json\/wp\/v2\/product"}],"about":[{"href":"https:\/\/ikasougou.com\/ziaraelectronique\/wp-json\/wp\/v2\/types\/product"}],"replies":[{"embeddable":true,"href":"https:\/\/ikasougou.com\/ziaraelectronique\/wp-json\/wp\/v2\/comments?post=4953"}],"wp:featuredmedia":[{"embeddable":true,"href":"https:\/\/ikasougou.com\/ziaraelectronique\/wp-json\/wp\/v2\/media\/4956"}],"wp:attachment":[{"href":"https:\/\/ikasougou.com\/ziaraelectronique\/wp-json\/wp\/v2\/media?parent=4953"}],"wp:term":[{"taxonomy":"product_brand","embeddable":true,"href":"https:\/\/ikasougou.com\/ziaraelectronique\/wp-json\/wp\/v2\/product_brand?post=4953"},{"taxonomy":"product_cat","embeddable":true,"href":"https:\/\/ikasougou.com\/ziaraelectronique\/wp-json\/wp\/v2\/product_cat?post=4953"},{"taxonomy":"product_tag","embeddable":true,"href":"https:\/\/ikasougou.com\/ziaraelectronique\/wp-json\/wp\/v2\/product_tag?post=4953"}],"curies":[{"name":"wp","href":"https:\/\/api.w.org\/{rel}","templated":true}]}}